716
CDUS41 KCTP 220617
CLIMDT


CLIMATE REPORT
NATIONAL WEATHER SERVICE STATE COLLEGE PA
217 AM EDT FRI AUG 22 2014


...................................

...THE HARRISBURG PA CLIMATE SUMMARY FOR AUGUST 21 2014...

CLIMATE NORMAL PERIOD 1981 TO 2010
CLIMATE RECORD PERIOD 1888 TO 2014


WEATHER ITEM   OBSERVED TIME   RECORD YEAR NORMAL DEPARTURE LAST
                VALUE   (LST)  VALUE       VALUE  FROM      YEAR
                                                  NORMAL
..................................................................
TEMPERATURE (F)
 YESTERDAY
  MAXIMUM         86    135 PM  97    1916  83      3       87
  MINIMUM         68    601 AM  50    2000  64      4       61
                                      1949
                                      1940
  AVERAGE         77                        74      3       74

PRECIPITATION (IN)
  YESTERDAY        0.17          4.30 1915   0.09   0.08     0.00
  MONTH TO DATE    3.63                      2.17   1.46     2.11
  SINCE JUN 1     11.75                     10.38   1.37    11.11
  SINCE JAN 1     33.39                     25.91   7.48    23.27

DEGREE DAYS
 HEATING
  YESTERDAY        0                         0      0        0
  MONTH TO DATE    0                         0      0        0
  SINCE JUN 1      1                        18    -17        2
  SINCE JUL 1      0                         0      0        0

 COOLING
  YESTERDAY       12                         9      3        9
  MONTH TO DATE  163                       202    -39      136
  SINCE JUN 1    760                       753      7      768
  SINCE JAN 1    820                       818      2      851
..................................................................


WIND (MPH)
  HIGHEST WIND SPEED    15   HIGHEST WIND DIRECTION    NW (300)
  HIGHEST GUST SPEED    20   HIGHEST GUST DIRECTION    NW (300)
  AVERAGE WIND SPEED     1.8


SKY COVER
  POSSIBLE SUNSHINE  MM
  AVERAGE SKY COVER 0.6


WEATHER CONDITIONS
 THE FOLLOWING WEATHER WAS RECORDED YESTERDAY.
  THUNDERSTORM
  LIGHT RAIN
  FOG
  HAZE


RELATIVE HUMIDITY (PERCENT)
 HIGHEST    93           700 PM
 LOWEST     61           100 PM
 AVERAGE    77

..........................................................


THE HARRISBURG PA CLIMATE NORMALS FOR TODAY
                         NORMAL    RECORD    YEAR
 MAXIMUM TEMPERATURE (F)   83        99      1983
 MINIMUM TEMPERATURE (F)   64        50      1988
                                             1982
                                             1969


SUNRISE AND SUNSET
AUGUST 22 2014........SUNRISE   625 AM EDT   SUNSET   754 PM EDT
AUGUST 23 2014........SUNRISE   626 AM EDT   SUNSET   753 PM EDT


-  INDICATES NEGATIVE NUMBERS.
R  INDICATES RECORD WAS SET OR TIED.
MM INDICATES DATA IS MISSING.
T  INDICATES TRACE AMOUNT.




$$





U.S. Dept. of Commerce
NOAA National Weather Service
1325 East West Highway
Silver Spring, MD 20910
E-mail: w-nws.webmaster@noaa.gov
Page last modified: May 16, 2007
NATIONAL WEATHER SERVICE: for Safety, for Work, for Fun - FOR LIFE