792
CDUS41 KCTP 230640
CLIMDT


CLIMATE REPORT
NATIONAL WEATHER SERVICE STATE COLLEGE PA
240 AM EDT WED APR 23 2014


...................................

...THE HARRISBURG PA CLIMATE SUMMARY FOR APRIL 22 2014...

CLIMATE NORMAL PERIOD 1981 TO 2010
CLIMATE RECORD PERIOD 1888 TO 2014


WEATHER ITEM   OBSERVED TIME   RECORD YEAR NORMAL DEPARTURE LAST
                VALUE   (LST)  VALUE       VALUE  FROM      YEAR
                                                  NORMAL
..................................................................
TEMPERATURE (F)
 YESTERDAY
  MAXIMUM         70    443 PM  93    1985  65      5       57
  MINIMUM         50   1159 PM  31    1981  44      6       36
                                      1975
                                      1922
  AVERAGE         60                        54      6       47

PRECIPITATION (IN)
  YESTERDAY        0.17          1.24 2006   0.11   0.06     0.00
  MONTH TO DATE    2.29                      2.27   0.02     1.54
  SINCE MAR 1      6.17                      5.64   0.53     3.98
  SINCE JAN 1     12.88                     10.91   1.97     8.93

SNOWFALL (IN)
  YESTERDAY        0.0
  MONTH TO DATE    T
  SINCE MAR 1      1.4
  SINCE JUL 1     44.0
  SNOW DEPTH       0

DEGREE DAYS
 HEATING
  YESTERDAY        5                        11     -6       18
  MONTH TO DATE  299                       317    -18      279
  SINCE MAR 1   1173                      1040    133     1088
  SINCE JUL 1   5517                      5028    489     4879

 COOLING
  YESTERDAY        0                         0      0        0
  MONTH TO DATE    6                         0      6        7
  SINCE MAR 1      6                         1      5        7
  SINCE JAN 1      6                         1      5        7
..................................................................


WIND (MPH)
  HIGHEST WIND SPEED    40   HIGHEST WIND DIRECTION    NW (320)
  HIGHEST GUST SPEED    51   HIGHEST GUST DIRECTION    NW (310)
  AVERAGE WIND SPEED     6.5


SKY COVER
  POSSIBLE SUNSHINE  MM
  AVERAGE SKY COVER 0.7


WEATHER CONDITIONS
 THE FOLLOWING WEATHER WAS RECORDED YESTERDAY.
  THUNDERSTORM
  RAIN
  LIGHT RAIN
  FOG
  HAZE


RELATIVE HUMIDITY (PERCENT)
 HIGHEST    93           800 PM
 LOWEST     44          1000 AM
 AVERAGE    69

..........................................................


THE HARRISBURG PA CLIMATE NORMALS FOR TODAY
                         NORMAL    RECORD    YEAR
 MAXIMUM TEMPERATURE (F)   65        91      1960
 MINIMUM TEMPERATURE (F)   44        30      1989


SUNRISE AND SUNSET
APRIL 23 2014.........SUNRISE   617 AM EDT   SUNSET   754 PM EDT
APRIL 24 2014.........SUNRISE   616 AM EDT   SUNSET   755 PM EDT


-  INDICATES NEGATIVE NUMBERS.
R  INDICATES RECORD WAS SET OR TIED.
MM INDICATES DATA IS MISSING.
T  INDICATES TRACE AMOUNT.




$$





U.S. Dept. of Commerce
NOAA National Weather Service
1325 East West Highway
Silver Spring, MD 20910
E-mail: w-nws.webmaster@noaa.gov
Page last modified: May 16, 2007
NATIONAL WEATHER SERVICE: for Safety, for Work, for Fun - FOR LIFE