014
CDUS43 KDMX 020647
CLIMCW

CLIMATE REPORT
NATIONAL WEATHER SERVICE DES MOINES IA
141 AM CDT TUE SEP 2 2014

...................................

...THE MASON CITY IA CLIMATE SUMMARY FOR SEPTEMBER 1 2014...

CLIMATE NORMAL PERIOD 1981 TO 2010
CLIMATE RECORD PERIOD 1893 TO 2014

WEATHER ITEM   OBSERVED TIME   RECORD YEAR NORMAL DEPARTURE LAST
                VALUE   (LST)  VALUE       VALUE  FROM      YEAR
                                                  NORMAL
..................................................................
TEMPERATURE (F)
 YESTERDAY
  MAXIMUM         78    322 PM  97    1913  78      0       79
  MINIMUM         57   1159 PM  35    1949  55      2       61
  AVERAGE         68                        67      1       70

PRECIPITATION (IN)
  YESTERDAY        0.05          1.75 1923   0.12  -0.07     0.00
                                      1959
  MONTH TO DATE    0.05                      0.12  -0.07     0.00
  SINCE SEP 1      0.05                      0.12  -0.07     0.00
  SINCE JAN 1     28.70                     26.48   2.22    33.38

SNOWFALL (IN)
  YESTERDAY        0.0          MM      MM   0.0    0.0      0.0
  MONTH TO DATE    0.0                       0.0    0.0      0.0
  SINCE SEP 1      0.0                       0.0    0.0      0.0
  SINCE JUL 1      0.0                       0.0    0.0      0.0
  SNOW DEPTH       0

DEGREE DAYS
 HEATING
  YESTERDAY        0                         2     -2        0
  MONTH TO DATE    0                         2     -2        0
  SINCE SEP 1      0                         2     -2        0
  SINCE JUL 1     21                        38    -17       38

 COOLING
  YESTERDAY        3                         4     -1        5
  MONTH TO DATE    3                         4     -1        5
  SINCE SEP 1      3                         4     -1        5
  SINCE JAN 1    514                       560    -46      597
..................................................................

WIND (MPH)
  HIGHEST WIND SPEED    20   HIGHEST WIND DIRECTION     W (290)
  HIGHEST GUST SPEED    24   HIGHEST GUST DIRECTION     W (280)
  AVERAGE WIND SPEED     9.1

SKY COVER
  POSSIBLE SUNSHINE  MM
  AVERAGE SKY COVER 0.4

WEATHER CONDITIONS
 THE FOLLOWING WEATHER WAS RECORDED YESTERDAY.
  THUNDERSTORM
  RAIN
  LIGHT RAIN
  FOG

RELATIVE HUMIDITY (PERCENT)
 HIGHEST   100           100 AM
 LOWEST     48           300 PM
 AVERAGE    74
..........................................................

THE MASON CITY IA CLIMATE NORMALS FOR TODAY
                         NORMAL    RECORD    YEAR
 MAXIMUM TEMPERATURE (F)   78        99      1925
 MINIMUM TEMPERATURE (F)   54        34      1928

SUNRISE AND SUNSET
SEPTEMBER  2 2014.....SUNRISE   639 AM CDT   SUNSET   746 PM CDT
SEPTEMBER  3 2014.....SUNRISE   640 AM CDT   SUNSET   745 PM CDT

-  INDICATES NEGATIVE NUMBERS.
R  INDICATES RECORD WAS SET OR TIED.
MM INDICATES DATA IS MISSING.
T  INDICATES TRACE AMOUNT.

$$

FAB




U.S. Dept. of Commerce
NOAA National Weather Service
1325 East West Highway
Silver Spring, MD 20910
E-mail: w-nws.webmaster@noaa.gov
Page last modified: May 16, 2007
NATIONAL WEATHER SERVICE: for Safety, for Work, for Fun - FOR LIFE