909
CDUS42 KMLB 200635
CLIMCO


CLIMATE REPORT
NATIONAL WEATHER SERVICE MELBOURNE FL
135 AM EST SAT DEC 20 2014


...................................

...THE ORLANDO  CLIMATE SUMMARY FOR DECEMBER 19 2014...

CLIMATE NORMAL PERIOD 1981 TO 2010
CLIMATE RECORD PERIOD 1892 TO 2014


WEATHER ITEM   OBSERVED TIME   RECORD YEAR NORMAL DEPARTURE LAST
                VALUE   (LST)  VALUE       VALUE  FROM      YEAR
                                                  NORMAL
..................................................................
TEMPERATURE (F)
 YESTERDAY
  MAXIMUM         74    313 PM  88    1922  72      2       77
  MINIMUM         50    315 AM  30    1981  52     -2       46
  AVERAGE         62                        62      0       62

PRECIPITATION (IN)
  YESTERDAY        0.00          1.11 1965   0.09  -0.09     0.00
  MONTH TO DATE    0.71                      1.59  -0.88     0.19
  SINCE DEC 1      0.71                      1.59  -0.88     0.19
  SINCE JAN 1     54.47                     49.74   4.73    42.63

SNOWFALL (IN)
  YESTERDAY        0.0
  MONTH TO DATE    0.0
  SINCE DEC 1      0.0
  SINCE JUL 1      0.0

DEGREE DAYS
 HEATING
  YESTERDAY        3                         5     -2        3
  MONTH TO DATE   84                        75      9       27
  SINCE DEC 1     84                        75      9       27
  SINCE JUL 1    166                       122     44       50

 COOLING
  YESTERDAY        0                         2     -2        0
  MONTH TO DATE   45                        47     -2       79
  SINCE DEC 1     45                        47     -2       79
  SINCE JAN 1   3536                      3401    135     3640
..................................................................


WIND (MPH)
  HIGHEST WIND SPEED     9   HIGHEST WIND DIRECTION    NE (60)
  HIGHEST GUST SPEED    15   HIGHEST GUST DIRECTION    NE (40)
  AVERAGE WIND SPEED     4.2


SKY COVER
  AVERAGE SKY COVER 0.7


WEATHER CONDITIONS
 THE FOLLOWING WEATHER WAS RECORDED YESTERDAY.
  NO SIGNIFICANT WEATHER WAS OBSERVED.


RELATIVE HUMIDITY (PERCENT)
 HIGHEST    93           200 AM
 LOWEST     27           300 PM
 AVERAGE    60

..........................................................


THE ORLANDO  CLIMATE NORMALS FOR TODAY
                         NORMAL    RECORD    YEAR
 MAXIMUM TEMPERATURE (F)   72        86      1924
 MINIMUM TEMPERATURE (F)   52        28      2000


SUNRISE AND SUNSET
DECEMBER 20 2014......SUNRISE   713 AM EST   SUNSET   533 PM EST
DECEMBER 21 2014......SUNRISE   713 AM EST   SUNSET   533 PM EST


-  INDICATES NEGATIVE NUMBERS.
R  INDICATES RECORD WAS SET OR TIED.
MM INDICATES DATA IS MISSING.
T  INDICATES TRACE AMOUNT.




$$





U.S. Dept. of Commerce
NOAA National Weather Service
1325 East West Highway
Silver Spring, MD 20910
E-mail: w-nws.webmaster@noaa.gov
Page last modified: May 16, 2007
NATIONAL WEATHER SERVICE: for Safety, for Work, for Fun - FOR LIFE