754
CDUS42 KFFC 240919
CLIMCN


CLIMATE REPORT
NATIONAL WEATHER SERVICE PEACHTREE CITY GA
417 AM EST MON NOV 24 2014


...................................

...THE MACON CLIMATE SUMMARY FOR NOVEMBER 23 2014...

CLIMATE NORMAL PERIOD 1981 TO 2010
CLIMATE RECORD PERIOD 1899 TO 2014


WEATHER ITEM   OBSERVED TIME   RECORD YEAR NORMAL DEPARTURE LAST
                VALUE   (LST)  VALUE       VALUE  FROM      YEAR
                                                  NORMAL
..................................................................
TEMPERATURE (F)
 YESTERDAY
  MAXIMUM         67    507 PM  82    1979  66      1       68
  MINIMUM         50   1229 AM  24    1956  41      9       47
  AVERAGE         59                        54      5       58

PRECIPITATION (IN)
  YESTERDAY        2.49R         2.45 1942   0.12   2.37     0.06
  MONTH TO DATE    3.69                      2.43   1.26     1.32
  SINCE SEP 1      8.05                      8.81  -0.76     3.69
  SINCE JAN 1     41.98                     40.75   1.23    61.82

SNOWFALL (IN)
  YESTERDAY        0.0           0.0  2001   0.0    0.0      0.0
  MONTH TO DATE    0.0                       0.0    0.0      0.0
  SINCE SEP 1      0.0                       0.0    0.0      0.0
  SINCE JUL 1      0.0                       0.0    0.0      0.0
  SNOW DEPTH       0

DEGREE DAYS
 HEATING
  YESTERDAY        6                        12     -6        7
  MONTH TO DATE  366                       202    164      214
  SINCE SEP 1    452                       305    147      281
  SINCE JUL 1    452                       305    147      281

 COOLING
  YESTERDAY        0                         0      0        0
  MONTH TO DATE    1                        16    -15        7
  SINCE SEP 1    444                       416     28      374
  SINCE JAN 1   2042                      2160   -118     1849
..................................................................


WIND (MPH)
  RESULTANT WIND SPEED   5   RESULTANT WIND DIRECTION  SE (130)
  HIGHEST WIND SPEED    32   HIGHEST WIND DIRECTION    SW (240)
  HIGHEST GUST SPEED    45   HIGHEST GUST DIRECTION    SW (220)
  AVERAGE WIND SPEED     8.3


SKY COVER
  AVERAGE SKY COVER 0.8


WEATHER CONDITIONS
 THE FOLLOWING WEATHER WAS RECORDED YESTERDAY.
  THUNDERSTORM
  HEAVY RAIN
  RAIN
  LIGHT RAIN
  FOG


RELATIVE HUMIDITY (PERCENT)
 HIGHEST   100           300 AM
 LOWEST     93           800 PM
 AVERAGE    97

..........................................................


THE MACON CLIMATE NORMALS FOR TODAY
                         NORMAL    RECORD    YEAR
 MAXIMUM TEMPERATURE (F)   66        82      1967
 MINIMUM TEMPERATURE (F)   41        19      1950


SUNRISE AND SUNSET
NOVEMBER 24 2014......SUNRISE   713 AM EST   SUNSET   530 PM EST
NOVEMBER 25 2014......SUNRISE   714 AM EST   SUNSET   529 PM EST


-  INDICATES NEGATIVE NUMBERS.
R  INDICATES RECORD WAS SET OR TIED.
MM INDICATES DATA IS MISSING.
T  INDICATES TRACE AMOUNT.




$$





U.S. Dept. of Commerce
NOAA National Weather Service
1325 East West Highway
Silver Spring, MD 20910
E-mail: w-nws.webmaster@noaa.gov
Page last modified: May 16, 2007
NATIONAL WEATHER SERVICE: for Safety, for Work, for Fun - FOR LIFE