234
CDUS42 KFFC 220824
CLIMCN


CLIMATE REPORT
NATIONAL WEATHER SERVICE PEACHTREE CITY GA
424 AM EDT MON SEP 22 2014


...................................

...THE MACON CLIMATE SUMMARY FOR SEPTEMBER 21 2014...

CLIMATE NORMAL PERIOD 1981 TO 2010
CLIMATE RECORD PERIOD 1899 TO 2014


WEATHER ITEM   OBSERVED TIME   RECORD YEAR NORMAL DEPARTURE LAST
                VALUE   (LST)  VALUE       VALUE  FROM      YEAR
                                                  NORMAL
..................................................................
TEMPERATURE (F)
 YESTERDAY
  MAXIMUM         90    330 PM 100    1925  85      5       83
  MINIMUM         57    641 AM  47    2006  62     -5       66
                                      1918
  AVERAGE         74                        74      0       75

PRECIPITATION (IN)
  YESTERDAY        0.00          5.18 2009   0.11  -0.11     1.35
  MONTH TO DATE    2.03                      2.62  -0.59     1.48
  SINCE SEP 1      2.03                      2.62  -0.59     1.48
  SINCE JAN 1     35.96                     34.56   1.40    59.61

DEGREE DAYS
 HEATING
  YESTERDAY        0                         0      0        0
  MONTH TO DATE    0                         0      0        0
  SINCE SEP 1      0                         0      0        0
  SINCE JUL 1      0                         0      0        0

 COOLING
  YESTERDAY        9                         9      0       10
  MONTH TO DATE  295                       241     54      261
  SINCE SEP 1    295                       241     54      261
  SINCE JAN 1   1893                      1985    -92     1736
..................................................................


WIND (MPH)
  RESULTANT WIND SPEED   3   RESULTANT WIND DIRECTION  NW (300)
  HIGHEST WIND SPEED    13   HIGHEST WIND DIRECTION     W (290)
  HIGHEST GUST SPEED    17   HIGHEST GUST DIRECTION    NW (330)
  AVERAGE WIND SPEED     4.3


SKY COVER
  AVERAGE SKY COVER 0.0


WEATHER CONDITIONS
 THE FOLLOWING WEATHER WAS RECORDED YESTERDAY.
  FOG


RELATIVE HUMIDITY (PERCENT)
 HIGHEST   100          1200 AM
 LOWEST     32           300 PM
 AVERAGE    66

..........................................................


THE MACON CLIMATE NORMALS FOR TODAY
                         NORMAL    RECORD    YEAR
 MAXIMUM TEMPERATURE (F)   85       100      1925
 MINIMUM TEMPERATURE (F)   62        45      1913


SUNRISE AND SUNSET
SEPTEMBER 22 2014.....SUNRISE   723 AM EDT   SUNSET   731 PM EDT
SEPTEMBER 23 2014.....SUNRISE   723 AM EDT   SUNSET   730 PM EDT


-  INDICATES NEGATIVE NUMBERS.
R  INDICATES RECORD WAS SET OR TIED.
MM INDICATES DATA IS MISSING.
T  INDICATES TRACE AMOUNT.




$$





U.S. Dept. of Commerce
NOAA National Weather Service
1325 East West Highway
Silver Spring, MD 20910
E-mail: w-nws.webmaster@noaa.gov
Page last modified: May 16, 2007
NATIONAL WEATHER SERVICE: for Safety, for Work, for Fun - FOR LIFE