672
CDUS42 KFFC 312032
CLIMCN


CLIMATE REPORT
NATIONAL WEATHER SERVICE PEACHTREE CITY GA
432 PM EDT THU JUL 31 2014


...................................

...THE MACON CLIMATE SUMMARY FOR JULY 31 2014...
VALID TODAY AS OF 0400 PM LOCAL TIME.

CLIMATE NORMAL PERIOD 1981 TO 2010
CLIMATE RECORD PERIOD 1899 TO 2014


WEATHER ITEM   OBSERVED TIME   RECORD YEAR NORMAL DEPARTURE LAST
                VALUE   (LST)  VALUE       VALUE  FROM      YEAR
                                                  NORMAL
..................................................................
TEMPERATURE (F)
 TODAY
  MAXIMUM         88    107 PM 105    1986  93     -5       76
  MINIMUM         65    226 AM  61    1936  71     -6       70
  AVERAGE         77                        82     -5       73

PRECIPITATION (IN)
  TODAY            0.00          1.56 1984   0.15  -0.15     1.12
  MONTH TO DATE    5.04                      4.95   0.09     6.99
  SINCE JUN 1     10.69                      9.01   1.68    19.24
  SINCE JAN 1     32.88                     27.84   5.04    47.93

DEGREE DAYS
 HEATING
  TODAY            0                         0      0        0
  MONTH TO DATE    0                         0      0        0
  SINCE JUN 1      0                         0      0        0
  SINCE JUL 1      0                         0      0        0

 COOLING
  TODAY           12                        17     -5        8
  MONTH TO DATE  439                       521    -82      449
  SINCE JUN 1    854                       940    -86      845
  SINCE JAN 1   1132                      1253   -121     1055
..................................................................


WIND (MPH)
  RESULTANT WIND SPEED   3   RESULTANT WIND DIRECTION   S (200)
  HIGHEST WIND SPEED    67   HIGHEST WIND DIRECTION    SW (210)
  HIGHEST GUST SPEED    67   HIGHEST GUST DIRECTION    SW (210)
  AVERAGE WIND SPEED     6.8


SKY COVER
  AVERAGE SKY COVER 0.4


WEATHER CONDITIONS
 THE FOLLOWING WEATHER WAS RECORDED TODAY.
  NO SIGNIFICANT WEATHER WAS OBSERVED.


RELATIVE HUMIDITY (PERCENT)
 HIGHEST   100           200 AM
 LOWEST     51           100 PM
 AVERAGE    76

..........................................................


THE MACON CLIMATE NORMALS FOR TOMORROW
                         NORMAL    RECORD    YEAR
 MAXIMUM TEMPERATURE (F)   93       105      1986
 MINIMUM TEMPERATURE (F)   71        60      1997


SUNRISE AND SUNSET
JULY 31 2014..........SUNRISE   648 AM EDT   SUNSET   834 PM EDT
AUGUST  1 2014........SUNRISE   649 AM EDT   SUNSET   833 PM EDT


-  INDICATES NEGATIVE NUMBERS.
R  INDICATES RECORD WAS SET OR TIED.
MM INDICATES DATA IS MISSING.
T  INDICATES TRACE AMOUNT.




$$





U.S. Dept. of Commerce
NOAA National Weather Service
1325 East West Highway
Silver Spring, MD 20910
E-mail: w-nws.webmaster@noaa.gov
Page last modified: May 16, 2007
NATIONAL WEATHER SERVICE: for Safety, for Work, for Fun - FOR LIFE