647
CDUS42 KFFC 222038
CLIMCN


CLIMATE REPORT
NATIONAL WEATHER SERVICE PEACHTREE CITY GA
438 PM EDT WED OCT 22 2014


...................................

...THE MACON CLIMATE SUMMARY FOR OCTOBER 22 2014...
VALID TODAY AS OF 0400 PM LOCAL TIME.

CLIMATE NORMAL PERIOD 1981 TO 2010
CLIMATE RECORD PERIOD 1899 TO 2014


WEATHER ITEM   OBSERVED TIME   RECORD YEAR NORMAL DEPARTURE LAST
                VALUE   (LST)  VALUE       VALUE  FROM      YEAR
                                                  NORMAL
..................................................................
TEMPERATURE (F)
 TODAY
  MAXIMUM         72    325 PM  89    1984  76     -4       73
                                      1941
                                      1939
  MINIMUM         44    705 AM  33    1987  50     -6       57
  AVERAGE         58                        63     -5       65

PRECIPITATION (IN)
  TODAY            0.00          4.01 1990   0.09  -0.09     0.03
  MONTH TO DATE    1.57                      2.04  -0.47     0.54
  SINCE SEP 1      4.36                      5.63  -1.27     2.31
  SINCE JAN 1     38.29                     37.57   0.72    60.44

DEGREE DAYS
 HEATING
  TODAY            7                         4      3        0
  MONTH TO DATE   48                        51     -3        6
  SINCE SEP 1     49                        57     -8        6
  SINCE JUL 1     49                        57     -8        6

 COOLING
  TODAY            0                         2     -2        0
  MONTH TO DATE   96                        80     16       75
  SINCE SEP 1    435                       386     49      365
  SINCE JAN 1   2033                      2130    -97     1840
..................................................................


WIND (MPH)
  RESULTANT WIND SPEED   2   RESULTANT WIND DIRECTION   N (350)
  HIGHEST WIND SPEED    13   HIGHEST WIND DIRECTION    NE (30)
  HIGHEST GUST SPEED    16   HIGHEST GUST DIRECTION    NE (30)
  AVERAGE WIND SPEED     5.0


SKY COVER
  AVERAGE SKY COVER 0.0


WEATHER CONDITIONS
 THE FOLLOWING WEATHER WAS RECORDED TODAY.
  FOG


RELATIVE HUMIDITY (PERCENT)
 HIGHEST   100          1200 AM
 LOWEST     37           100 PM
 AVERAGE    69

..........................................................


THE MACON CLIMATE NORMALS FOR TOMORROW
                         NORMAL    RECORD    YEAR
 MAXIMUM TEMPERATURE (F)   76        90      1941
 MINIMUM TEMPERATURE (F)   50        28      1987


SUNRISE AND SUNSET
OCTOBER 22 2014.......SUNRISE   744 AM EDT   SUNSET   654 PM EDT
OCTOBER 23 2014.......SUNRISE   745 AM EDT   SUNSET   653 PM EDT


-  INDICATES NEGATIVE NUMBERS.
R  INDICATES RECORD WAS SET OR TIED.
MM INDICATES DATA IS MISSING.
T  INDICATES TRACE AMOUNT.




$$





U.S. Dept. of Commerce
NOAA National Weather Service
1325 East West Highway
Silver Spring, MD 20910
E-mail: w-nws.webmaster@noaa.gov
Page last modified: May 16, 2007
NATIONAL WEATHER SERVICE: for Safety, for Work, for Fun - FOR LIFE