046
CDUS42 KFFC 170820
CLIMCN


CLIMATE REPORT
NATIONAL WEATHER SERVICE PEACHTREE CITY GA
420 AM EDT THU APR 17 2014


...................................

...THE MACON CLIMATE SUMMARY FOR APRIL 16 2014...

CLIMATE NORMAL PERIOD 1981 TO 2010
CLIMATE RECORD PERIOD 1899 TO 2014


WEATHER ITEM   OBSERVED TIME   RECORD YEAR NORMAL DEPARTURE LAST
                VALUE   (LST)  VALUE       VALUE  FROM      YEAR
                                                  NORMAL
..................................................................
TEMPERATURE (F)
 YESTERDAY
  MAXIMUM         63    423 PM  91    1967  77    -14       82
  MINIMUM         33R   618 AM  33    2008  50    -17       54
  AVERAGE         48                        63    -15       68

PRECIPITATION (IN)
  YESTERDAY        0.00          1.39 1910   0.09  -0.09     0.00
  MONTH TO DATE    3.81                      1.74   2.07     4.50
  SINCE MAR 1      7.74                      6.29   1.45     8.29
  SINCE JAN 1     15.57                     14.89   0.68    23.21

DEGREE DAYS
 HEATING
  YESTERDAY       17                         4     13        0
  MONTH TO DATE   66                        77    -11       81
  SINCE MAR 1    437                       349     88      519
  SINCE JUL 1   2570                      2274    296     2193

 COOLING
  YESTERDAY        0                         2     -2        3
  MONTH TO DATE   21                        24     -3       17
  SINCE MAR 1     21                        42    -21       21
  SINCE JAN 1     22                        45    -23       39
..................................................................


WIND (MPH)
  RESULTANT WIND SPEED   6   RESULTANT WIND DIRECTION   E (70)
  HIGHEST WIND SPEED    18   HIGHEST WIND DIRECTION    NE (60)
  HIGHEST GUST SPEED    23   HIGHEST GUST DIRECTION     E (80)
  AVERAGE WIND SPEED     8.0


SKY COVER
  AVERAGE SKY COVER 0.0


WEATHER CONDITIONS
 THE FOLLOWING WEATHER WAS RECORDED YESTERDAY.
  NO SIGNIFICANT WEATHER WAS OBSERVED.


RELATIVE HUMIDITY (PERCENT)
 HIGHEST    89           400 AM
 LOWEST     32           200 PM
 AVERAGE    61

..........................................................


THE MACON CLIMATE NORMALS FOR TODAY
                         NORMAL    RECORD    YEAR
 MAXIMUM TEMPERATURE (F)   77        92      1955
 MINIMUM TEMPERATURE (F)   50        34      1949


SUNRISE AND SUNSET
APRIL 17 2014.........SUNRISE   703 AM EDT   SUNSET   806 PM EDT
APRIL 18 2014.........SUNRISE   702 AM EDT   SUNSET   807 PM EDT


-  INDICATES NEGATIVE NUMBERS.
R  INDICATES RECORD WAS SET OR TIED.
MM INDICATES DATA IS MISSING.
T  INDICATES TRACE AMOUNT.




$$





U.S. Dept. of Commerce
NOAA National Weather Service
1325 East West Highway
Silver Spring, MD 20910
E-mail: w-nws.webmaster@noaa.gov
Page last modified: May 16, 2007
NATIONAL WEATHER SERVICE: for Safety, for Work, for Fun - FOR LIFE