718
CDUS42 KFFC 240819
CLIMCN


CLIMATE REPORT
NATIONAL WEATHER SERVICE PEACHTREE CITY GA
419 AM EDT FRI OCT 24 2014


...................................

...THE MACON CLIMATE SUMMARY FOR OCTOBER 23 2014...

CLIMATE NORMAL PERIOD 1981 TO 2010
CLIMATE RECORD PERIOD 1899 TO 2014


WEATHER ITEM   OBSERVED TIME   RECORD YEAR NORMAL DEPARTURE LAST
                VALUE   (LST)  VALUE       VALUE  FROM      YEAR
                                                  NORMAL
..................................................................
TEMPERATURE (F)
 YESTERDAY
  MAXIMUM         73    326 PM  90    1941  76     -3       72
  MINIMUM         37    647 AM  28    1987  50    -13       47
  AVERAGE         55                        63     -8       60

PRECIPITATION (IN)
  YESTERDAY        0.00          2.00 1919   0.08  -0.08     0.00
  MONTH TO DATE    1.57                      2.12  -0.55     0.54
  SINCE SEP 1      4.36                      5.71  -1.35     2.31
  SINCE JAN 1     38.29                     37.65   0.64    60.44

DEGREE DAYS
 HEATING
  YESTERDAY       10                         4      6        5
  MONTH TO DATE   58                        55      3       11
  SINCE SEP 1     59                        61     -2       11
  SINCE JUL 1     59                        61     -2       11

 COOLING
  YESTERDAY        0                         2     -2        0
  MONTH TO DATE   96                        82     14       75
  SINCE SEP 1    435                       388     47      365
  SINCE JAN 1   2033                      2132    -99     1840
..................................................................


WIND (MPH)
  RESULTANT WIND SPEED   0   RESULTANT WIND DIRECTION   N (10)
  HIGHEST WIND SPEED     9   HIGHEST WIND DIRECTION    NW (310)
  HIGHEST GUST SPEED    14   HIGHEST GUST DIRECTION    NW (330)
  AVERAGE WIND SPEED     1.4


SKY COVER
  AVERAGE SKY COVER 0.0


WEATHER CONDITIONS
 THE FOLLOWING WEATHER WAS RECORDED YESTERDAY.
  FOG


RELATIVE HUMIDITY (PERCENT)
 HIGHEST   100          1200 AM
 LOWEST     35           200 PM
 AVERAGE    68

..........................................................


THE MACON CLIMATE NORMALS FOR TODAY
                         NORMAL    RECORD    YEAR
 MAXIMUM TEMPERATURE (F)   75        88      1984
                                             1949
                                             1927
 MINIMUM TEMPERATURE (F)   50        32      2006
                                             1937


SUNRISE AND SUNSET
OCTOBER 24 2014.......SUNRISE   746 AM EDT   SUNSET   652 PM EDT
OCTOBER 25 2014.......SUNRISE   746 AM EDT   SUNSET   650 PM EDT


-  INDICATES NEGATIVE NUMBERS.
R  INDICATES RECORD WAS SET OR TIED.
MM INDICATES DATA IS MISSING.
T  INDICATES TRACE AMOUNT.




$$





U.S. Dept. of Commerce
NOAA National Weather Service
1325 East West Highway
Silver Spring, MD 20910
E-mail: w-nws.webmaster@noaa.gov
Page last modified: May 16, 2007
NATIONAL WEATHER SERVICE: for Safety, for Work, for Fun - FOR LIFE