657
CDUS43 KGLD 210748
CLIMCK

CLIMATE REPORT
NATIONAL WEATHER SERVICE GOODLAND
145 AM MDT THU AUG 21 2014


...................................

...THE MCCOOK NE CLIMATE SUMMARY FOR AUGUST 20 2014...

CLIMATE NORMAL PERIOD 1981 TO 2010
CLIMATE RECORD PERIOD 1896 TO 2014


WEATHER ITEM   OBSERVED TIME   RECORD YEAR NORMAL DEPARTURE LAST
                VALUE   (LST)  VALUE       VALUE  FROM      YEAR
                                                  NORMAL
..................................................................
TEMPERATURE (F)
 YESTERDAY
  MAXIMUM         98    425 PM 103    1974  87     11       98
  MINIMUM         72    236 AM  48    1950  60     12       62
  AVERAGE         85                        73     12       80

PRECIPITATION (IN)
  YESTERDAY        T                         0.09  -0.09     0.00
  MONTH TO DATE    1.69                      2.27  -0.58     1.04
  SINCE JUN 1     11.86                      8.90   2.96     3.83
  SINCE JAN 1     16.82                     16.84  -0.02     8.72

..................................................................


THE MCCOOK NE CLIMATE NORMALS FOR TODAY
                         NORMAL    RECORD    YEAR
 MAXIMUM TEMPERATURE (F)   87       104      1929
 MINIMUM TEMPERATURE (F)   59        48      1950



-  INDICATES NEGATIVE NUMBERS.
R  INDICATES RECORD WAS SET OR TIED.
MM INDICATES DATA IS MISSING.
T  INDICATES TRACE AMOUNT.

$$




U.S. Dept. of Commerce
NOAA National Weather Service
1325 East West Highway
Silver Spring, MD 20910
E-mail: w-nws.webmaster@noaa.gov
Page last modified: May 16, 2007
NATIONAL WEATHER SERVICE: for Safety, for Work, for Fun - FOR LIFE