635
CDUS43 KGLD 230755
CLIMCK

CLIMATE REPORT
NATIONAL WEATHER SERVICE GOODLAND
1249 AM MST SUN NOV 23 2014


...................................

...THE MCCOOK NE CLIMATE SUMMARY FOR NOVEMBER 22 2014...

CLIMATE NORMAL PERIOD 1981 TO 2010
CLIMATE RECORD PERIOD 1896 TO 2014


WEATHER ITEM   OBSERVED TIME   RECORD YEAR NORMAL DEPARTURE LAST
                VALUE   (LST)  VALUE       VALUE  FROM      YEAR
                                                  NORMAL
..................................................................
TEMPERATURE (F)
 YESTERDAY
  MAXIMUM         71    336 PM  76    2002  49     22       32
  MINIMUM         20    754 AM  -1    1975  21     -1       15
                                      1929
  AVERAGE         46                        35     11       24

PRECIPITATION (IN)
  YESTERDAY        0.00                      0.02  -0.02     0.00
  MONTH TO DATE    T                         0.73  -0.73     0.48
  SINCE SEP 1      1.95                      3.96  -2.01     3.44
  SINCE JAN 1     22.90                     21.67   1.23    12.61

..................................................................


THE MCCOOK NE CLIMATE NORMALS FOR TODAY
                         NORMAL    RECORD    YEAR
 MAXIMUM TEMPERATURE (F)   48        72      2005
 MINIMUM TEMPERATURE (F)   21         4      1975


-  INDICATES NEGATIVE NUMBERS.
R  INDICATES RECORD WAS SET OR TIED.
MM INDICATES DATA IS MISSING.
T  INDICATES TRACE AMOUNT.

$$




U.S. Dept. of Commerce
NOAA National Weather Service
1325 East West Highway
Silver Spring, MD 20910
E-mail: w-nws.webmaster@noaa.gov
Page last modified: May 16, 2007
NATIONAL WEATHER SERVICE: for Safety, for Work, for Fun - FOR LIFE