768
CDUS43 KGLD 290040
CLIMCK

CLIMATE REPORT
NATIONAL WEATHER SERVICE GOODLAND
637 PM MDT MON JUL 28 2014


...................................

...THE MCCOOK NE CLIMATE SUMMARY FOR JULY 28 2014...
VALID TODAY AS OF 0600 PM LOCAL TIME.

CLIMATE NORMAL PERIOD 1981 TO 2010
CLIMATE RECORD PERIOD 1896 TO 2014


WEATHER ITEM   OBSERVED TIME   RECORD YEAR NORMAL DEPARTURE LAST
                VALUE   (LST)  VALUE       VALUE  FROM      YEAR
                                                  NORMAL
..................................................................
TEMPERATURE (F)
 TODAY
  MAXIMUM         90    439 PM 105    2012  89      1       61
                                      1931
  MINIMUM         57    606 AM  51    1994  62     -5       56
  AVERAGE         74                        76     -2       59

PRECIPITATION (IN)
  TODAY            0.00                      0.10  -0.10     0.12
  MONTH TO DATE    1.80                      2.92  -1.12     1.59
  SINCE JUN 1      9.85                      6.30   3.55     2.69
  SINCE JAN 1     14.81                     14.24   0.57     7.58

..................................................................


THE MCCOOK NE CLIMATE NORMALS FOR TOMORROW
                         NORMAL    RECORD    YEAR
 MAXIMUM TEMPERATURE (F)   89       106      1978
 MINIMUM TEMPERATURE (F)   62        52      1994



-  INDICATES NEGATIVE NUMBERS.
R  INDICATES RECORD WAS SET OR TIED.
MM INDICATES DATA IS MISSING.
T  INDICATES TRACE AMOUNT.

$$








U.S. Dept. of Commerce
NOAA National Weather Service
1325 East West Highway
Silver Spring, MD 20910
E-mail: w-nws.webmaster@noaa.gov
Page last modified: May 16, 2007
NATIONAL WEATHER SERVICE: for Safety, for Work, for Fun - FOR LIFE