487
CDUS43 KGLD 010740 RRA
CLIMCK

CLIMATE REPORT
NATIONAL WEATHER SERVICE GOODLAND
137 AM MDT WED OCT 1 2014

...................................

...THE MCCOOK NE CLIMATE SUMMARY FOR SEPTEMBER 30 2014...

CLIMATE NORMAL PERIOD 1981 TO 2010
CLIMATE RECORD PERIOD 1896 TO 2014

WEATHER ITEM   OBSERVED TIME   RECORD YEAR NORMAL DEPARTURE LAST
                VALUE   (LST)  VALUE       VALUE  FROM      YEAR
                                                  NORMAL
..................................................................
TEMPERATURE (F)
 YESTERDAY
  MAXIMUM         79    419 PM  95    1928  73      6       87
  MINIMUM         50    710 AM  22    1912  42      8       46
  AVERAGE         65                        58      7       67

PRECIPITATION (IN)
  YESTERDAY        0.00                      0.04  -0.04     0.00
  MONTH TO DATE    1.68                      1.44   0.24     2.35
  SINCE SEP 1      1.68                      1.44   0.24     2.35
  SINCE JAN 1     22.63                     19.15   3.48    11.52

..................................................................

THE MCCOOK NE CLIMATE NORMALS FOR TODAY
                         NORMAL    RECORD    YEAR
 MAXIMUM TEMPERATURE (F)   73        94      1963
 MINIMUM TEMPERATURE (F)   42        23      1984

-  INDICATES NEGATIVE NUMBERS.
R  INDICATES RECORD WAS SET OR TIED.
MM INDICATES DATA IS MISSING.
T  INDICATES TRACE AMOUNT.

$$




U.S. Dept. of Commerce
NOAA National Weather Service
1325 East West Highway
Silver Spring, MD 20910
E-mail: w-nws.webmaster@noaa.gov
Page last modified: May 16, 2007
NATIONAL WEATHER SERVICE: for Safety, for Work, for Fun - FOR LIFE