311
CDUS43 KEAX 301243
CLIMCI

CLIMATE REPORT
NATIONAL WEATHER SERVICE KANSAS CITY/PLEASANT HILL MO
642 AM CST FRI JAN 30 2015


...................................

...THE KANSAS CITY INTERNATIONAL MO CLIMATE SUMMARY FOR JANUARY 30 2015...
VALID AS OF 0600 AM LOCAL TIME.

CLIMATE NORMAL PERIOD 1981 TO 2010
CLIMATE RECORD PERIOD 1888 TO 2015


WEATHER ITEM   OBSERVED TIME   RECORD YEAR NORMAL DEPARTURE LAST
                VALUE   (LST)  VALUE       VALUE  FROM      YEAR
                                                  NORMAL
..................................................................
TEMPERATURE (F)
 TODAY
  MAXIMUM         26    123 AM  68    1890  39    -13       46
  MINIMUM         19    543 AM  -7    1918  20     -1       27
  AVERAGE         23                        30     -7       37

PRECIPITATION (IN)
  TODAY            0.00          1.37 1999   0.05  -0.05      T
  MONTH TO DATE    0.21                      1.03  -0.82     0.36
  SINCE DEC 1      2.05                      2.56  -0.51     1.16
  SINCE JAN 1      0.21                      1.03  -0.82     0.36

SNOWFALL (IN)
  TODAY            0.0           2.0  1985   0.1   -0.1       T
                                      1980
  MONTH TO DATE    1.6                       4.4   -2.8      5.1
  SINCE DEC 1      4.2                       9.2   -5.0     10.8
  SINCE JUL 1      4.7                      10.6   -5.9     10.8
  SNOW DEPTH       0

DEGREE DAYS
 HEATING
  TODAY           42                        35      7       28
  MONTH TO DATE 1015                      1079    -64     1205
  SINCE DEC 1   1958                      2119   -161     2337
  SINCE JUL 1   3079                      3121    -42     3402

 COOLING
  TODAY            0                         0      0        0
  MONTH TO DATE    0                         0      0        0
  SINCE DEC 1      0                         0      0        0
  SINCE JAN 1      0                         0      0        0
..................................................................


WIND (MPH)
  HIGHEST WIND SPEED     9   HIGHEST WIND DIRECTION     N (350)
  HIGHEST GUST SPEED    11   HIGHEST GUST DIRECTION     N (350)
  AVERAGE WIND SPEED     7.2


SKY COVER
  POSSIBLE SUNSHINE  MM
  AVERAGE SKY COVER 0.1


WEATHER CONDITIONS
 THE FOLLOWING WEATHER WAS RECORDED TODAY.
  NO SIGNIFICANT WEATHER WAS OBSERVED.


RELATIVE HUMIDITY (PERCENT)
 HIGHEST    91           500 AM
 LOWEST     81           100 AM
 AVERAGE    86

..........................................................


THE KANSAS CITY INTERNATIONAL MO CLIMATE NORMALS FOR TOMORROW
                         NORMAL    RECORD    YEAR
 MAXIMUM TEMPERATURE (F)   39        70      2009
 MINIMUM TEMPERATURE (F)   20       -10      1985


SUNRISE AND SUNSET
JANUARY 30 2015.......SUNRISE   728 AM CST   SUNSET   537 PM CST
JANUARY 31 2015.......SUNRISE   727 AM CST   SUNSET   538 PM CST


-  INDICATES NEGATIVE NUMBERS.
R  INDICATES RECORD WAS SET OR TIED.
MM INDICATES DATA IS MISSING.
T  INDICATES TRACE AMOUNT.




&&

...MISCELLANEOUS CLIMATE DATA FROM TODAY...

LOCATION                HIGH    LOW      PRECIP
ST. JOSEPH               22      11       0.00
DOWNTOWN KANSAS CITY     31      22       0.00
OLATHE NEW CENTURY       24      18       0.00
OLATHE JO CO EXEC        30      22       0.00
LEES SUMMIT              29      22       0.00
KIRKSVILLE               27      19       0.00
CHILLICOTHE              31      22       0.00
SEDALIA                  30      24       0.00
NWS PLEASANT HILL MO     28      22       0.00


THIS PRODUCT...ALONG WITH OTHER WEATHER...HYDROLOGICAL AND CLIMATE
INFORMATION...IS AVAILABLE ON THE WEB AT HTTP://WWW.CRH.NOAA.GOV/EAX
OR AT HTTP://WEATHER.GOV

$$






U.S. Dept. of Commerce
NOAA National Weather Service
1325 East West Highway
Silver Spring, MD 20910
E-mail: w-nws.webmaster@noaa.gov
Page last modified: May 16, 2007
NATIONAL WEATHER SERVICE: for Safety, for Work, for Fun - FOR LIFE