921
CDUS43 KEAX 220636
CLIMCI

CLIMATE REPORT
NATIONAL WEATHER SERVICE KANSAS CITY/PLEASANT HILL MO
136 AM CDT MON SEP 22 2014


...................................

...THE KANSAS CITY INTERNATIONAL MO CLIMATE SUMMARY FOR SEPTEMBER 21 2014...

CLIMATE NORMAL PERIOD 1981 TO 2010
CLIMATE RECORD PERIOD 1888 TO 2014


WEATHER ITEM   OBSERVED TIME   RECORD YEAR NORMAL DEPARTURE LAST
                VALUE   (LST)  VALUE       VALUE  FROM      YEAR
                                                  NORMAL
..................................................................
TEMPERATURE (F)
 YESTERDAY
  MAXIMUM         76    219 PM  96    1956  77     -1       75
                                      1893
  MINIMUM         53    507 AM  35    1995  55     -2       49
  AVERAGE         65                        66     -1       62

PRECIPITATION (IN)
  YESTERDAY        0.00          2.30 1931   0.16  -0.16     0.00
  MONTH TO DATE    2.15                      3.29  -1.14     4.42
  SINCE SEP 1      2.15                      3.29  -1.14     4.42
  SINCE JAN 1     28.14                     30.69  -2.55    27.09

SNOWFALL (IN)
  YESTERDAY        0.0           0.0    MM   0.0    0.0      0.0
  MONTH TO DATE    0.0                       0.0    0.0      0.0
  SINCE SEP 1      0.0                       0.0    0.0      0.0
  SINCE JUL 1      0.0                       0.0    0.0      0.0
  SNOW DEPTH       0

DEGREE DAYS
 HEATING
  YESTERDAY        0                         3     -3        3
  MONTH TO DATE   58                        27     31        9
  SINCE SEP 1     58                        27     31        9
  SINCE JUL 1     60                        29     31        9

 COOLING
  YESTERDAY        0                         4     -4        0
  MONTH TO DATE   95                       133    -38      202
  SINCE SEP 1     95                       133    -38      202
  SINCE JAN 1   1214                      1306    -92     1296
..................................................................


WIND (MPH)
  HIGHEST WIND SPEED    21   HIGHEST WIND DIRECTION     N (360)
  HIGHEST GUST SPEED    29   HIGHEST GUST DIRECTION     N (360)
  AVERAGE WIND SPEED     9.7


SKY COVER
  POSSIBLE SUNSHINE  MM
  AVERAGE SKY COVER 0.1


WEATHER CONDITIONS
 THE FOLLOWING WEATHER WAS RECORDED YESTERDAY.
  NO SIGNIFICANT WEATHER WAS OBSERVED.


RELATIVE HUMIDITY (PERCENT)
 HIGHEST    93          1200 AM
 LOWEST     38          1200 PM
 AVERAGE    66

..........................................................


THE KANSAS CITY INTERNATIONAL MO CLIMATE NORMALS FOR TODAY
                         NORMAL    RECORD    YEAR
 MAXIMUM TEMPERATURE (F)   76       100      1937
 MINIMUM TEMPERATURE (F)   54        31      1995


SUNRISE AND SUNSET
SEPTEMBER 22 2014.....SUNRISE   706 AM CDT   SUNSET   716 PM CDT
SEPTEMBER 23 2014.....SUNRISE   707 AM CDT   SUNSET   714 PM CDT


-  INDICATES NEGATIVE NUMBERS.
R  INDICATES RECORD WAS SET OR TIED.
MM INDICATES DATA IS MISSING.
T  INDICATES TRACE AMOUNT.



&&

...MISCELLANEOUS CLIMATE DATA FROM YESTERDAY...

LOCATION                HIGH    LOW      PRECIP
ST. JOSEPH               76      48       0.00
DOWNTOWN KANSAS CITY     78      57       0.00
OLATHE NEW CENTURY       76      54       0.00
OLATHE JO CO EXEC        77      56       0.00
LEES SUMMIT              76      54       0.00
KIRKSVILLE               72      50       0.00
CHILLICOTHE              75      52       0.00
SEDALIA                  79      56       0.00
NWS PLEASANT HILL MO     76      54       0.00


THIS PRODUCT...ALONG WITH OTHER WEATHER...HYDROLOGICAL AND CLIMATE
INFORMATION...IS AVAILABLE ON THE WEB AT HTTP://WWW.CRH.NOAA.GOV/EAX
OR AT HTTP://WEATHER.GOV

$$






U.S. Dept. of Commerce
NOAA National Weather Service
1325 East West Highway
Silver Spring, MD 20910
E-mail: w-nws.webmaster@noaa.gov
Page last modified: May 16, 2007
NATIONAL WEATHER SERVICE: for Safety, for Work, for Fun - FOR LIFE