005
CDUS43 KEAX 251240
CLIMCI

CLIMATE REPORT
NATIONAL WEATHER SERVICE KANSAS CITY/PLEASANT HILL MO
739 AM CDT SAT OCT 25 2014


...................................

...THE KANSAS CITY INTERNATIONAL MO CLIMATE SUMMARY FOR OCTOBER 25 2014...
VALID AS OF 0700 AM LOCAL TIME.

CLIMATE NORMAL PERIOD 1981 TO 2010
CLIMATE RECORD PERIOD 1888 TO 2014


WEATHER ITEM   OBSERVED TIME   RECORD YEAR NORMAL DEPARTURE LAST
                VALUE   (LST)  VALUE       VALUE  FROM      YEAR
                                                  NORMAL
..................................................................
TEMPERATURE (F)
 TODAY
  MAXIMUM         61    143 AM  88    1939  64     -3       56
  MINIMUM         54    534 AM  28    1994  43     11       29
  AVERAGE         58                        53      5       43

PRECIPITATION (IN)
  TODAY            0.00          1.12 1898   0.09  -0.09     0.00
  MONTH TO DATE    9.29                      2.65   6.64     2.79
  SINCE SEP 1     11.54                      7.27   4.27     7.63
  SINCE JAN 1     37.53                     34.67   2.86    30.30

SNOWFALL (IN)
  TODAY            0.0           1.5  1898   0.0    0.0      0.0
  MONTH TO DATE    0.0                       0.1   -0.1      0.0
  SINCE SEP 1      0.0                       0.1   -0.1      0.0
  SINCE JUL 1      0.0                       0.1   -0.1      0.0
  SNOW DEPTH       0

DEGREE DAYS
 HEATING
  TODAY            7                        12     -5       22
  MONTH TO DATE  182                       213    -31      256
  SINCE SEP 1    247                       278    -31      275
  SINCE JUL 1    249                       280    -31      275

 COOLING
  TODAY            0                         0      0        0
  MONTH TO DATE    7                        24    -17       28
  SINCE SEP 1    137                       183    -46      251
  SINCE JAN 1   1256                      1356   -100     1345
..................................................................


WIND (MPH)
  HIGHEST WIND SPEED     8   HIGHEST WIND DIRECTION     W (270)
  HIGHEST GUST SPEED     9   HIGHEST GUST DIRECTION     W (260)
  AVERAGE WIND SPEED     4.1


SKY COVER
  POSSIBLE SUNSHINE  MM
  AVERAGE SKY COVER 0.4


WEATHER CONDITIONS
 THE FOLLOWING WEATHER WAS RECORDED TODAY.
  FOG
  FOG W/VISIBILITY <= 1/4 MILE


RELATIVE HUMIDITY (PERCENT)
 HIGHEST   100          1200 AM
 LOWEST     93           500 AM
 AVERAGE    97

..........................................................


THE KANSAS CITY INTERNATIONAL MO CLIMATE NORMALS FOR TOMORROW
                         NORMAL    RECORD    YEAR
 MAXIMUM TEMPERATURE (F)   63        87      1963
 MINIMUM TEMPERATURE (F)   43        25      1980


SUNRISE AND SUNSET
OCTOBER 25 2014.......SUNRISE   739 AM CDT   SUNSET   626 PM CDT
OCTOBER 26 2014.......SUNRISE   740 AM CDT   SUNSET   625 PM CDT


-  INDICATES NEGATIVE NUMBERS.
R  INDICATES RECORD WAS SET OR TIED.
MM INDICATES DATA IS MISSING.
T  INDICATES TRACE AMOUNT.




&&

...MISCELLANEOUS CLIMATE DATA FROM TODAY...

LOCATION                HIGH    LOW      PRECIP
ST. JOSEPH               55      48       0.00
DOWNTOWN KANSAS CITY     65      54       0.00
OLATHE NEW CENTURY       62      51       0.00
OLATHE JO CO EXEC        62      52       0.00
LEES SUMMIT              63      56       0.00
KIRKSVILLE               58      50       0.00
CHILLICOTHE              57      52       0.00
SEDALIA                  65      60       0.00
NWS PLEASANT HILL MO     61      56       0.00


THIS PRODUCT...ALONG WITH OTHER WEATHER...HYDROLOGICAL AND CLIMATE
INFORMATION...IS AVAILABLE ON THE WEB AT HTTP://WWW.CRH.NOAA.GOV/EAX
OR AT HTTP://WEATHER.GOV

$$

JW




U.S. Dept. of Commerce
NOAA National Weather Service
1325 East West Highway
Silver Spring, MD 20910
E-mail: w-nws.webmaster@noaa.gov
Page last modified: May 16, 2007
NATIONAL WEATHER SERVICE: for Safety, for Work, for Fun - FOR LIFE