229
CDAK49 PAMC 230003
CLIMCG

CLIMATE REPORT
NATIONAL WEATHER SERVICE MCGRATH, AK
403 PM AKDT WED OCT 22 2014

...................................
...THE MCGRATH AIRPORT CLIMATE SUMMARY FOR OCTOBER 22 2014...
VALID TODAY AS OF 2:00 PM LOCAL TIME

CLIMATE NORMAL PERIOD  1981 TO  2010
CLIMATE RECORD PERIOD  1940 TO  2014

WEATHER ITEM   OBSERVED TIME    RECORD YEAR NORMAL DEPARTURE LAST
               VALUE    (LST)   VALUE       VALUE  FROM      YEAR
                                                   NORMAL
...................................................................
TEMPERATURE
TODAY
 MAXIMUM            33  0256 PM    54  1980     27       6     38
 MINIMUM            15  0308 AM   -13  2008     14       1     30
 AVERAGE            24                          21       3     34

PRECIPITATION
(INCHES)
 TODAY            0.00           0.63  1975   0.04   -0.04   0.04
 MONTH TO DATE    0.05                        1.11   -1.06   3.99
 SINCE SEP 1      0.97                        3.60   -2.63   8.14
 SINCE JAN 1      9.54                       14.97   -5.43  17.37

SNOWFALL
(INCHES)
 TODAY             0.0            3.5  1953    0.4    -0.4    0.0
 MONTH TO DATE     0.5                         6.1    -5.6      T
 SINCE SEP 1       0.5                         7.6    -7.1    0.7
 SINCE JUL 1       0.5                         7.6    -7.1    0.7
 SNOW DEPTH (IN)     T                                          0

DEGREE DAYS
 HEATING
  TODAY             41                          44      -3     31
  MONTH TO DATE    776                         804     -28    535
  SINCE SEP 1     1344                        1417     -73   1209
  SINCE JUL 1     1767                        1914    -147   1627

 COOLING
  TODAY              0                           0       0      0
  MONTH TO DATE      0                           0       0      0
  SINCE SEP 1        0                           0       0      0
  SINCE JAN 1       11                          16      -5     78
...................................................................

WIND (MPH)
 HIGHEST WIND SPEED    12     HIGHEST WIND DIRECTION     30
 HIGHEST GUST SPEED    15     HIGHEST GUST DIRECTION     40
 AVERAGE WIND SPEED   0.0

WEATHER CONDITIONS
 THE FOLLOWING WEATHER WAS RECORDED TODAY.
 NO SIGNIFICANT WEATHER WAS OBSERVED.

...................................................................

THE MCGRATH CLIMATE NORMALS FOR TOMORROW
                        NORMAL    RECORD   YEAR
 MAXIMUM TEMPERATURE      26        49     1981
 MINIMUM TEMPERATURE      13       -13     1956

SUNRISE AND SUNSET
 OCT 22 2014..........SUNRISE  9:31 AM      SUNSET  6:43 PM
 OCT 23 2014..........SUNRISE  9:34 AM      SUNSET  6:40 PM

-  INDICATES NEGATIVE NUMBERS.
R  INDICATES RECORD HAS BEEN SET OR TIED.
MM INDICATES DATA IS MISSING.
T  INDICATES TRACE OF PRECIPITATION.

&&
-------------------------------------------------------------------

AMOUNT OF DAYLIGHT TODAY  (HOUR:MIN)........9 HOURS 12 MINUTES
LOSS SINCE YESTERDAY (HOUR:MIN:SEC)....-0:06:06

$$
JCD OCT 14





U.S. Dept. of Commerce
NOAA National Weather Service
1325 East West Highway
Silver Spring, MD 20910
E-mail: w-nws.webmaster@noaa.gov
Page last modified: May 16, 2007
NATIONAL WEATHER SERVICE: for Safety, for Work, for Fun - FOR LIFE