529
CDAK49 PAMC 301200
CLIMCG

CLIMATE REPORT
NATIONAL WEATHER SERVICE MCGRATH, AK
505 AM AKDT THU OCT 30 2014

...................................
...THE MCGRATH AIRPORT CLIMATE SUMMARY FOR OCTOBER 29 2014...

CLIMATE NORMAL PERIOD  1981 TO  2010
CLIMATE RECORD PERIOD  1940 TO  2014

WEATHER ITEM   OBSERVED TIME    RECORD YEAR NORMAL DEPARTURE LAST
               VALUE    (LST)   VALUE       VALUE  FROM      YEAR
                                                   NORMAL
...................................................................
TEMPERATURE
YESTERDAY
 MAXIMUM            16  0216 PM    44  2002     22      -6     40
 MINIMUM            -2  0959 AM   -26  1982      9     -11     29
 AVERAGE             7                          15      -8     35

PRECIPITATION
(INCHES)
 YESTERDAY        0.00           0.70  1946   0.04   -0.04      T
 MONTH TO DATE    0.19                        1.36   -1.17   4.62
 SINCE SEP 1      1.11                        3.85   -2.74   8.77
 SINCE JAN 1      9.68                       15.22   -5.54  18.00

SNOWFALL
(INCHES)
 YESTERDAY         0.0            2.8  2011    0.5    -0.5    0.0
 MONTH TO DATE     3.4                         9.2    -5.8      T
 SINCE SEP 1       3.4                        10.7    -7.3    0.7
 SINCE JUL 1       3.4                        10.7    -7.3    0.7
 SNOW DEPTH (IN)     2                                          0

DEGREE DAYS
 HEATING
  YESTERDAY         58                          50       8     30
  MONTH TO DATE   1088                        1137     -49    742
  SINCE SEP 1     1656                        1750     -94   1416
  SINCE JUL 1     2079                        2247    -168   1834

 COOLING
  YESTERDAY          0                           0       0      0
  MONTH TO DATE      0                           0       0      0
  SINCE SEP 1        0                           0       0      0
  SINCE JAN 1       11                          16      -5     78
...................................................................

WIND (MPH)
 HIGHEST WIND SPEED     8     HIGHEST WIND DIRECTION    280
 HIGHEST GUST SPEED     9     HIGHEST GUST DIRECTION    280
 AVERAGE WIND SPEED   0.9

WEATHER CONDITIONS
 THE FOLLOWING WEATHER WAS RECORDED YESTERDAY.
 FOG


...................................................................

THE MCGRATH CLIMATE NORMALS FOR TODAY
                           NORMAL    RECORD   YEAR
 MAXIMUM TEMPERATURE (F)     21        47     2003
 MINIMUM TEMPERATURE (F)      8       -28     1982

SUNRISE AND SUNSET
 OCT 30 2014..........SUNRISE  9:54 AM      SUNSET  6:18 PM
 OCT 31 2014..........SUNRISE  9:57 AM      SUNSET  6:15 PM

-  INDICATES NEGATIVE NUMBERS.
R  INDICATES RECORD HAS BEEN SET OR TIED.
MM INDICATES DATA IS MISSING.
T  INDICATES TRACE OF PRECIPITATION.

&&
-------------------------------------------------------------------

AMOUNT OF DAYLIGHT TODAY  (HOUR:MIN)........8 HOURS 24 MINUTES
LOSS SINCE YESTERDAY (HOUR:MIN:SEC)....-0:06:03

$$
JCD OCT 14





U.S. Dept. of Commerce
NOAA National Weather Service
1325 East West Highway
Silver Spring, MD 20910
E-mail: w-nws.webmaster@noaa.gov
Page last modified: May 16, 2007
NATIONAL WEATHER SERVICE: for Safety, for Work, for Fun - FOR LIFE