321
CDAK49 PAMC 251002
CLIMCG

CLIMATE REPORT
NATIONAL WEATHER SERVICE MCGRATH, AK
102 AM AKST TUE NOV 25 2014

...................................
...THE MCGRATH AIRPORT CLIMATE SUMMARY FOR NOVEMBER 24 2014...

CLIMATE NORMAL PERIOD  1981 TO  2010
CLIMATE RECORD PERIOD  1940 TO  2014

WEATHER ITEM   OBSERVED TIME    RECORD YEAR NORMAL DEPARTURE LAST
               VALUE    (LST)   VALUE       VALUE  FROM      YEAR
                                                   NORMAL
...................................................................
TEMPERATURE
YESTERDAY
 MAXIMUM            15  1159 PM    46  1943     10       5     17
 MINIMUM            11  0458 AM   -47  1994     -6      17      1
 AVERAGE            13                           2      11      9

PRECIPITATION
(INCHES)
 YESTERDAY        0.04           0.66  1970   0.04    0.00      T
 MONTH TO DATE    0.32                        1.15   -0.83   1.41
 SINCE SEP 1      1.44                        5.08   -3.64  10.20
 SINCE JAN 1     10.01                       16.45   -6.44  19.43

SNOWFALL
(INCHES)
 YESTERDAY         0.4            8.0  1970    0.6    -0.2    0.5
 MONTH TO DATE     0.5                        15.5   -15.0   10.9
 SINCE SEP 1       4.2                        27.2   -23.0   12.4
 SINCE JUL 1       4.2                        27.2   -23.0   12.4
 SNOW DEPTH (IN)     T                                          4

DEGREE DAYS
 HEATING
  YESTERDAY         52                          63     -11     56
  MONTH TO DATE   1144                        1398    -254   1153
  SINCE SEP 1     2907                        3249    -342   2635
  SINCE JUL 1     3330                        3746    -416   3054

 COOLING
  YESTERDAY          0                           0       0      0
  MONTH TO DATE      0                           0       0      0
  SINCE SEP 1        0                           0       0      0
  SINCE JAN 1       11                          16      -5     78
...................................................................

WIND (MPH)
 HIGHEST WIND SPEED     6     HIGHEST WIND DIRECTION    120
 HIGHEST GUST SPEED     7     HIGHEST GUST DIRECTION    110
 AVERAGE WIND SPEED   1.4

WEATHER CONDITIONS
 THE FOLLOWING WEATHER WAS RECORDED YESTERDAY.
 FOG
 SNOW
...................................................................

THE MCGRATH CLIMATE NORMALS FOR TODAY
                           NORMAL    RECORD   YEAR
 MAXIMUM TEMPERATURE (F)     10        46     1943
 MINIMUM TEMPERATURE (F)     -7       -49     1948

SUNRISE AND SUNSET
 NOV 25 2014..........SUNRISE 10:12 AM      SUNSET  4:08 PM
 NOV 26 2014..........SUNRISE 10:14 AM      SUNSET  4:06 PM

-  INDICATES NEGATIVE NUMBERS.
R  INDICATES RECORD HAS BEEN SET OR TIED.
MM INDICATES DATA IS MISSING.
T  INDICATES TRACE OF PRECIPITATION.

&&
-------------------------------------------------------------------

AMOUNT OF DAYLIGHT TODAY  (HOUR:MIN)........5 HOURS 56 MINUTES
LOSS SINCE YESTERDAY (HOUR:MIN:SEC)....-0:04:55

$$
ADJ NOV 14





U.S. Dept. of Commerce
NOAA National Weather Service
1325 East West Highway
Silver Spring, MD 20910
E-mail: w-nws.webmaster@noaa.gov
Page last modified: May 16, 2007
NATIONAL WEATHER SERVICE: for Safety, for Work, for Fun - FOR LIFE