886
CDAK49 PAMC 252320
CLIMCG

CLIMATE REPORT
NATIONAL WEATHER SERVICE MCGRATH, AK
320 PM AKDT SAT OCT 25 2014

...................................
...THE MCGRATH AIRPORT CLIMATE SUMMARY FOR OCTOBER 25 2014...
VALID TODAY AS OF 2:00 PM LOCAL TIME

CLIMATE NORMAL PERIOD  1981 TO  2010
CLIMATE RECORD PERIOD  1940 TO  2014

WEATHER ITEM   OBSERVED TIME    RECORD YEAR NORMAL DEPARTURE LAST
               VALUE    (LST)   VALUE       VALUE  FROM      YEAR
                                                   NORMAL
...................................................................
TEMPERATURE
TODAY
 MAXIMUM            28  1258 AM    45  2002     25       3     39
 MINIMUM            21  1035 AM   -17  1996     12       9     31
 AVERAGE            25                          18       7     35

PRECIPITATION
(INCHES)
 TODAY            0.00           0.46  1943   0.03   -0.03      T
 MONTH TO DATE    0.16                        1.21   -1.05   3.99
 SINCE SEP 1      1.08                        3.70   -2.62   8.14
 SINCE JAN 1      9.65                       15.07   -5.42  17.37

SNOWFALL
(INCHES)
 TODAY             0.0            3.2  1994    0.4    -0.4      T
 MONTH TO DATE     3.1                         7.3    -4.2      T
 SINCE SEP 1       3.1                         8.8    -5.7    0.7
 SINCE JUL 1       3.1                         8.8    -5.7    0.7
 SNOW DEPTH (IN)     3                                          0

DEGREE DAYS
 HEATING
  TODAY             40                          47      -7     30
  MONTH TO DATE    894                         942     -48    631
  SINCE SEP 1     1462                        1555     -93   1305
  SINCE JUL 1     1885                        2052    -167   1723

 COOLING
  TODAY              0                           0       0      0
  MONTH TO DATE      0                           0       0      0
  SINCE SEP 1        0                           0       0      0
  SINCE JAN 1       11                          16      -5     78
...................................................................

WIND (MPH)
 HIGHEST WIND SPEED    10     HIGHEST WIND DIRECTION    130
 HIGHEST GUST SPEED    12     HIGHEST GUST DIRECTION    130
 AVERAGE WIND SPEED    MM

WEATHER CONDITIONS
 THE FOLLOWING WEATHER WAS RECORDED TODAY.
 FOG

...................................................................

THE MCGRATH CLIMATE NORMALS FOR TOMORROW
                        NORMAL    RECORD   YEAR
 MAXIMUM TEMPERATURE      24        44     1946
 MINIMUM TEMPERATURE      11       -17     1996

SUNRISE AND SUNSET
 OCT 25 2014..........SUNRISE  9:40 AM      SUNSET  6:33 PM
 OCT 26 2014..........SUNRISE  9:42 AM      SUNSET  6:30 PM

-  INDICATES NEGATIVE NUMBERS.
R  INDICATES RECORD HAS BEEN SET OR TIED.
MM INDICATES DATA IS MISSING.
T  INDICATES TRACE OF PRECIPITATION.

&&
-------------------------------------------------------------------

AMOUNT OF DAYLIGHT TODAY  (HOUR:MIN)........8 HOURS 53 MINUTES
LOSS SINCE YESTERDAY (HOUR:MIN:SEC)....-0:06:06

$$
JMC OCT 14





U.S. Dept. of Commerce
NOAA National Weather Service
1325 East West Highway
Silver Spring, MD 20910
E-mail: w-nws.webmaster@noaa.gov
Page last modified: May 16, 2007
NATIONAL WEATHER SERVICE: for Safety, for Work, for Fun - FOR LIFE