599
CDAK49 PAMC 250000
CLIMCG

CLIMATE REPORT
NATIONAL WEATHER SERVICE MCGRATH, AK
400 PM AKDT THU APR 24 2014

...................................
...THE MCGRATH AIRPORT CLIMATE SUMMARY FOR APRIL 24 2014...
VALID TODAY AS OF 2:00 PM LOCAL TIME

CLIMATE NORMAL PERIOD  1981 TO  2010
CLIMATE RECORD PERIOD  1940 TO  2014

WEATHER ITEM   OBSERVED TIME    RECORD YEAR NORMAL DEPARTURE LAST
               VALUE    (LST)   VALUE       VALUE  FROM      YEAR
                                                   NORMAL
...................................................................
TEMPERATURE
TODAY
 MAXIMUM            50  0254 PM    60  2007     46       4     40
 MINIMUM            36  0408 AM     0  1984     25      11     30
 AVERAGE            43                          36       7     35

PRECIPITATION
(INCHES)
 TODAY               T           1.03  1964   0.03   -0.03   0.06
 MONTH TO DATE    0.07                        0.58   -0.51   0.09
 SINCE MAR 1      0.11                        1.39   -1.28   0.58
 SINCE JAN 1      1.80                        3.42   -1.62   3.75

SNOWFALL
(INCHES)
 TODAY             0.0           12.7  1964    0.1    -0.1    0.3
 MONTH TO DATE     0.7                         4.5    -3.8    0.7
 SINCE MAR 1       1.1                        15.8   -14.7    7.9
 SINCE JUL 1      47.1                        95.8   -48.7   73.8
 SNOW DEPTH (IN)     0                                         18

DEGREE DAYS
 HEATING
  TODAY             22                          29      -7     30
  MONTH TO DATE    852                         898     -46   1153
  SINCE MAR 1     2452                        2554    -102   2869
  SINCE JUL 1    11256                       12792   -1536  13443

 COOLING
  TODAY              0                           0       0      0
  MONTH TO DATE      0                           0       0      0
  SINCE MAR 1        0                           0       0      0
  SINCE JAN 1        0                           0       0      0
...................................................................

WIND (MPH)
 HIGHEST WIND SPEED    12     HIGHEST WIND DIRECTION    190
 HIGHEST GUST SPEED    15     HIGHEST GUST DIRECTION    180
 AVERAGE WIND SPEED    MM

SKY COVER
  POSSIBLE SUNSHINE  MM            AVERAGE SKY COVER MM

WEATHER CONDITIONS
 THE FOLLOWING WEATHER WAS RECORDED TODAY.
 RAIN


RELATIVE HUMIDITY
 HIGHEST RH     MM PERCENT       MM
 LOWEST  RH     MM PERCENT       MM
 AVERAGE RH     MM PERCENT       MM
...................................................................

THE MCGRATH CLIMATE NORMALS FOR TOMORROW
                        NORMAL    RECORD   YEAR
 MAXIMUM TEMPERATURE      47        61     1997
 MINIMUM TEMPERATURE      26        -5     1955

SUNRISE AND SUNSET
 APR 24 2014..........SUNRISE  6:25 AM      SUNSET 10:19 PM
 APR 25 2014..........SUNRISE  6:22 AM      SUNSET 10:22 PM

-  INDICATES NEGATIVE NUMBERS.
R  INDICATES RECORD HAS BEEN SET OR TIED.
MM INDICATES DATA IS MISSING.
T  INDICATES TRACE OF PRECIPITATION.

&&
-------------------------------------------------------------------

AMOUNT OF DAYLIGHT TODAY  (HOUR:MIN)........15 HOURS 54 MINUTES
GAIN SINCE YESTERDAY (HOUR:MIN:SEC).........+0:06:13

$$

DT APR 14





U.S. Dept. of Commerce
NOAA National Weather Service
1325 East West Highway
Silver Spring, MD 20910
E-mail: w-nws.webmaster@noaa.gov
Page last modified: May 16, 2007
NATIONAL WEATHER SERVICE: for Safety, for Work, for Fun - FOR LIFE