009
CDUS46 KHNX 250028
CLIMCE


CLIMATE REPORT
NATIONAL WEATHER SERVICE SAN JOAQUIN VALLEY, CA
528 PM PDT THU APR 24 2014


...................................

...THE MERCED  CA CLIMATE SUMMARY FOR APRIL 24 2014...
VALID AS OF 0500 PM LOCAL TIME.

CLIMATE NORMAL PERIOD 1981 TO 2010
CLIMATE RECORD PERIOD 1998 TO 2014


WEATHER ITEM   OBSERVED TIME   RECORD YEAR NORMAL DEPARTURE LAST
                VALUE   (LST)  VALUE       VALUE  FROM      YEAR
                                                  NORMAL
..................................................................
TEMPERATURE (F)
 TODAY
  MAXIMUM         78    310 PM  87    2013  76      2       87
  MINIMUM         47    524 AM  39    2008  47      0       48
  AVERAGE         63                        61      2       68

PRECIPITATION (IN)
  TODAY            0.00          0.05 2003   0.03  -0.03     0.00
  MONTH TO DATE    0.29                      0.78  -0.49     0.43
  SINCE JUL 1      4.67                     11.62  -6.95     7.42
  SINCE JAN 1      3.66                      7.80  -4.14     2.59

SNOWFALL (IN)
  TODAY            0.0
  MONTH TO DATE    0.0
  SINCE MAR 1      0.0
  SINCE JUL 1      0.0
  SNOW DEPTH       0

DEGREE DAYS
 HEATING
  TODAY            2                                         0
  MONTH TO DATE   70                                        69
  SINCE MAR 1    229                                       247
  SINCE JUL 1   2098                                      2159

 COOLING
  TODAY            0                                         3
  MONTH TO DATE   52                                        21
  SINCE MAR 1     52                                        26
  SINCE JAN 1     52                                        26
..................................................................


WIND (MPH)
  HIGHEST WIND SPEED    16   HIGHEST WIND DIRECTION     N (340)
  HIGHEST GUST SPEED    20   HIGHEST GUST DIRECTION     N (360)
  AVERAGE WIND SPEED     7.9




RELATIVE HUMIDITY (PERCENT)
 HIGHEST    80
 LOWEST     28
 AVERAGE    54

..........................................................


THE MERCED  CA CLIMATE NORMALS FOR TOMORROW
                         NORMAL    RECORD    YEAR
 MAXIMUM TEMPERATURE (F)   76        92      2004
 MINIMUM TEMPERATURE (F)   47        39      2009


SUNRISE AND SUNSET
APRIL 24 2014.........SUNRISE   616 AM PDT   SUNSET   746 PM PDT
APRIL 25 2014.........SUNRISE   615 AM PDT   SUNSET   747 PM PDT


-  INDICATES NEGATIVE NUMBERS.
R  INDICATES RECORD WAS SET OR TIED.
MM INDICATES DATA IS MISSING.
T  INDICATES TRACE AMOUNT.




$$





U.S. Dept. of Commerce
NOAA National Weather Service
1325 East West Highway
Silver Spring, MD 20910
E-mail: w-nws.webmaster@noaa.gov
Page last modified: May 16, 2007
NATIONAL WEATHER SERVICE: for Safety, for Work, for Fun - FOR LIFE