270
CDUS46 KHNX 220821
CLIMCE


CLIMATE REPORT
NATIONAL WEATHER SERVICE SAN JOAQUIN VALLEY, CA
120 AM PDT MON SEP 22 2014


...................................

...THE MERCED  CA CLIMATE SUMMARY FOR SEPTEMBER 21 2014...

CLIMATE NORMAL PERIOD 1981 TO 2010
CLIMATE RECORD PERIOD 1998 TO 2014


WEATHER ITEM   OBSERVED TIME   RECORD YEAR NORMAL DEPARTURE
                VALUE   (LST)  VALUE       VALUE  FROM
                                                  NORMAL
...............................................................
TEMPERATURE (F)
 YESTERDAY
  MAXIMUM         88    403 PM 101    2011  87      1
  MINIMUM         62    608 AM  46    2007  55      7
  AVERAGE         75                        71      4

PRECIPITATION (IN)
  YESTERDAY        0.00          T    2007   0.01  -0.01
                                      2007
                                      2013
  MONTH TO DATE    0.00                      0.18  -0.18
  SINCE JUL 1      T                         0.20  -0.20
  SINCE JAN 1      3.96                      8.88  -4.92

SNOWFALL (IN)
  YESTERDAY        0.0
  MONTH TO DATE    0.0
  SINCE SEP 1      0.0
  SINCE JUL 1      0.0
  SNOW DEPTH       0

DEGREE DAYS
 HEATING
  YESTERDAY        0
  MONTH TO DATE    0
  SINCE SEP 1      0
  SINCE JUL 1      0

 COOLING
  YESTERDAY       10
  MONTH TO DATE  303
  SINCE SEP 1    303
  SINCE JAN 1   1951
...............................................................


WIND (MPH)
  HIGHEST WIND SPEED    16   HIGHEST WIND DIRECTION     N (340)
  HIGHEST GUST SPEED    20   HIGHEST GUST DIRECTION     N (350)
  AVERAGE WIND SPEED     8.9




RELATIVE HUMIDITY (PERCENT)
 HIGHEST    78
 LOWEST     34
 AVERAGE    56

..........................................................


THE MERCED  CA CLIMATE NORMALS FOR TODAY
                         NORMAL    RECORD    YEAR
 MAXIMUM TEMPERATURE (F)   87       102      2003
 MINIMUM TEMPERATURE (F)   54        47      2004


SUNRISE AND SUNSET
SEPTEMBER 22 2014.....SUNRISE   650 AM PDT   SUNSET   659 PM PDT
SEPTEMBER 23 2014.....SUNRISE   651 AM PDT   SUNSET   658 PM PDT


-  INDICATES NEGATIVE NUMBERS.
R  INDICATES RECORD WAS SET OR TIED.
MM INDICATES DATA IS MISSING.
T  INDICATES TRACE AMOUNT.




$$





U.S. Dept. of Commerce
NOAA National Weather Service
1325 East West Highway
Silver Spring, MD 20910
E-mail: w-nws.webmaster@noaa.gov
Page last modified: May 16, 2007
NATIONAL WEATHER SERVICE: for Safety, for Work, for Fun - FOR LIFE