766
CDUS46 KHNX 240821
CLIMCE


CLIMATE REPORT
NATIONAL WEATHER SERVICE SAN JOAQUIN VALLEY, CA
1221 AM PST MON NOV 24 2014


...................................

...THE MERCED  CA CLIMATE SUMMARY FOR NOVEMBER 23 2014...

CLIMATE NORMAL PERIOD 1981 TO 2010
CLIMATE RECORD PERIOD 1998 TO 2014


WEATHER ITEM   OBSERVED TIME   RECORD YEAR NORMAL DEPARTURE
                VALUE   (LST)  VALUE       VALUE  FROM
                                                  NORMAL
...............................................................
TEMPERATURE (F)
 YESTERDAY
  MAXIMUM         62    305 PM  71    2005  61      1
  MINIMUM         44   1124 PM  27    2003  39      5
  AVERAGE         53                        50      3

PRECIPITATION (IN)
  YESTERDAY        0.00          0.19 2010   0.04  -0.04
  MONTH TO DATE    0.51                      0.95  -0.44
  SINCE JUL 1      1.17                      2.07  -0.90
  SINCE JAN 1      5.13                     10.75  -5.62

SNOWFALL (IN)
  YESTERDAY        0.0
  MONTH TO DATE    0.0
  SINCE SEP 1      0.0
  SINCE JUL 1      0.0
  SNOW DEPTH       0

DEGREE DAYS
 HEATING
  YESTERDAY       12
  MONTH TO DATE  178
  SINCE SEP 1    205
  SINCE JUL 1    205

 COOLING
  YESTERDAY        0
  MONTH TO DATE    0
  SINCE SEP 1    499
  SINCE JAN 1   2147
...............................................................


WIND (MPH)
  HIGHEST WIND SPEED    22   HIGHEST WIND DIRECTION    NW (320)
  HIGHEST GUST SPEED    28   HIGHEST GUST DIRECTION    NW (320)
  AVERAGE WIND SPEED     7.5




RELATIVE HUMIDITY (PERCENT)
 HIGHEST    93
 LOWEST     60
 AVERAGE    77

..........................................................


THE MERCED  CA CLIMATE NORMALS FOR TODAY
                         NORMAL    RECORD    YEAR
 MAXIMUM TEMPERATURE (F)   60        68      2005
 MINIMUM TEMPERATURE (F)   38        27      2010


SUNRISE AND SUNSET
NOVEMBER 24 2014......SUNRISE   651 AM PST   SUNSET   447 PM PST
NOVEMBER 25 2014......SUNRISE   652 AM PST   SUNSET   447 PM PST


-  INDICATES NEGATIVE NUMBERS.
R  INDICATES RECORD WAS SET OR TIED.
MM INDICATES DATA IS MISSING.
T  INDICATES TRACE AMOUNT.




$$





U.S. Dept. of Commerce
NOAA National Weather Service
1325 East West Highway
Silver Spring, MD 20910
E-mail: w-nws.webmaster@noaa.gov
Page last modified: May 16, 2007
NATIONAL WEATHER SERVICE: for Safety, for Work, for Fun - FOR LIFE