965
CDUS43 KDTX 010536
CLIMBS


CLIMATE REPORT
NATIONAL WEATHER SERVICE DETROIT/PONTIAC MI
136 AM EDT FRI AUG 1 2014


...................................

...THE  TRI CITIES MI CLIMATE SUMMARY FOR JULY 31 2014...

CLIMATE NORMAL PERIOD 1981 TO 2010
CLIMATE RECORD PERIOD 1898 TO 2014


WEATHER ITEM   OBSERVED TIME   NORMAL DEPARTURE
                VALUE   (LST)  VALUE  FROM
                                      NORMAL
...................................................
TEMPERATURE (F)
 YESTERDAY
  MAXIMUM         79    427 PM  81     -2
  MINIMUM         56    628 AM  60     -4
  AVERAGE         68            70     -2

PRECIPITATION (IN)
  YESTERDAY        T             0.09  -0.09
  MONTH TO DATE    3.46          2.58   0.88
  SINCE JUN 1      5.83          5.56   0.27
  SINCE JAN 1     17.42         17.21   0.21

SNOWFALL (IN)
  YESTERDAY        0.0
  MONTH TO DATE    0.0
  SINCE JUN 1      0.0
  SINCE JUL 1      0.0
  SNOW DEPTH       0

DEGREE DAYS
 HEATING
  YESTERDAY        0                    0
  MONTH TO DATE   15                   13
  SINCE JUN 1     29                  -43
  SINCE JUL 1     15                    2

 COOLING
  YESTERDAY        3                   -3
  MONTH TO DATE  126                  -72
  SINCE JUN 1    287                  -35
  SINCE JAN 1    331                  -27
...................................................


WIND (MPH)
  HIGHEST WIND SPEED    15   HIGHEST WIND DIRECTION    SW (240)
  HIGHEST GUST SPEED    20   HIGHEST GUST DIRECTION     W (250)
  AVERAGE WIND SPEED     6.0




RELATIVE HUMIDITY (PERCENT)
 HIGHEST    86
 LOWEST     45
 AVERAGE    66

..........................................................


THE  TRI CITIES MI CLIMATE NORMALS FOR TODAY
                         NORMAL
 MAXIMUM TEMPERATURE (F)   81
 MINIMUM TEMPERATURE (F)   60


SUNRISE AND SUNSET
AUGUST  1 2014........SUNRISE   626 AM EDT   SUNSET   859 PM EDT
AUGUST  2 2014........SUNRISE   627 AM EDT   SUNSET   858 PM EDT


-  INDICATES NEGATIVE NUMBERS.
R  INDICATES RECORD WAS SET OR TIED.
MM INDICATES DATA IS MISSING.
T  INDICATES TRACE AMOUNT.




$$





U.S. Dept. of Commerce
NOAA National Weather Service
1325 East West Highway
Silver Spring, MD 20910
E-mail: w-nws.webmaster@noaa.gov
Page last modified: May 16, 2007
NATIONAL WEATHER SERVICE: for Safety, for Work, for Fun - FOR LIFE