041
CDUS43 KDTX 280541
CLIMBS


CLIMATE REPORT
NATIONAL WEATHER SERVICE DETROIT/PONTIAC MI
1241 AM EST FRI NOV 28 2014


...................................

...THE  TRI CITIES MI CLIMATE SUMMARY FOR NOVEMBER 27 2014...

CLIMATE NORMAL PERIOD 1981 TO 2010
CLIMATE RECORD PERIOD 1898 TO 2014


WEATHER ITEM   OBSERVED TIME   NORMAL DEPARTURE
                VALUE   (LST)  VALUE  FROM
                                      NORMAL
...................................................
TEMPERATURE (F)
 YESTERDAY
  MAXIMUM         32   1029 AM  40     -8
  MINIMUM         21   1159 PM  27     -6
  AVERAGE         27            34     -7

PRECIPITATION (IN)
  YESTERDAY        T             0.08  -0.08
  MONTH TO DATE    2.15          2.47  -0.32
  SINCE SEP 1      8.23          8.93  -0.70
  SINCE JAN 1     30.34         29.45   0.89

SNOWFALL (IN)
  YESTERDAY        T
  MONTH TO DATE    2.5
  SINCE SEP 1      2.5
  SINCE JUL 1      2.5
  SNOW DEPTH       0

DEGREE DAYS
 HEATING
  YESTERDAY       38                    7
  MONTH TO DATE  815                  117
  SINCE SEP 1   1380                   43
  SINCE JUL 1   1406                   29

 COOLING
  YESTERDAY        0                    0
  MONTH TO DATE    0                    0
  SINCE SEP 1     54                    1
  SINCE JAN 1    539                  -18
...................................................


WIND (MPH)
  HIGHEST WIND SPEED    18   HIGHEST WIND DIRECTION    NW (320)
  HIGHEST GUST SPEED    23   HIGHEST GUST DIRECTION    NW (320)
  AVERAGE WIND SPEED    10.3




RELATIVE HUMIDITY (PERCENT)
 HIGHEST    78
 LOWEST     50
 AVERAGE    64

..........................................................


THE  TRI CITIES MI CLIMATE NORMALS FOR TODAY
                         NORMAL
 MAXIMUM TEMPERATURE (F)   40
 MINIMUM TEMPERATURE (F)   27


SUNRISE AND SUNSET
NOVEMBER 28 2014......SUNRISE   746 AM EST   SUNSET   502 PM EST
NOVEMBER 29 2014......SUNRISE   747 AM EST   SUNSET   502 PM EST


-  INDICATES NEGATIVE NUMBERS.
R  INDICATES RECORD WAS SET OR TIED.
MM INDICATES DATA IS MISSING.
T  INDICATES TRACE AMOUNT.




$$





U.S. Dept. of Commerce
NOAA National Weather Service
1325 East West Highway
Silver Spring, MD 20910
E-mail: w-nws.webmaster@noaa.gov
Page last modified: May 16, 2007
NATIONAL WEATHER SERVICE: for Safety, for Work, for Fun - FOR LIFE