407
CDUS43 KDTX 010535
CLIMBS


CLIMATE REPORT
NATIONAL WEATHER SERVICE DETROIT/PONTIAC MI
1235 AM EST SUN FEB 1 2015


...................................

...THE TRI CITIES MI CLIMATE SUMMARY FOR JANUARY 31 2015...

CLIMATE NORMAL PERIOD 1981 TO 2010
CLIMATE RECORD PERIOD 1898 TO 2015


WEATHER ITEM   OBSERVED TIME   NORMAL DEPARTURE LAST
                VALUE   (LST)  VALUE  FROM      YEAR
                                      NORMAL
......................................................
TEMPERATURE (F)
 YESTERDAY
  MAXIMUM         33    608 PM  29      4       32
  MINIMUM         14   1225 AM  15     -1       19
  AVERAGE         24            22      2

PRECIPITATION (IN)
  YESTERDAY        0.00          0.05  -0.05
  MONTH TO DATE    1.02          1.71  -0.69
  SINCE DEC 1      2.49          3.57  -1.08
  SINCE JAN 1      1.02          1.71  -0.69

SNOWFALL (IN)
  YESTERDAY        0.0
  MONTH TO DATE   11.9
  SINCE DEC 1     12.8
  SINCE JUL 1     15.7
  SNOW DEPTH       3

DEGREE DAYS
 HEATING
  YESTERDAY       41                   -2
  MONTH TO DATE 1362                   38
  SINCE DEC 1   2375                 -117
  SINCE JUL 1   3871                  -94

 COOLING
  YESTERDAY        0                    0
  MONTH TO DATE    0                    0
  SINCE DEC 1      0                    0
  SINCE JAN 1      0                    0
......................................................


WIND (MPH)
  HIGHEST WIND SPEED    14   HIGHEST WIND DIRECTION     N (360)
  HIGHEST GUST SPEED    17   HIGHEST GUST DIRECTION    SW (220)
  AVERAGE WIND SPEED     7.5



WEATHER CONDITIONS
 THE FOLLOWING WEATHER WAS RECORDED YESTERDAY.
  NO SIGNIFICANT WEATHER WAS OBSERVED.


RELATIVE HUMIDITY (PERCENT)
 HIGHEST    75
 LOWEST     63
 AVERAGE    69

..........................................................


THE TRI CITIES MI CLIMATE NORMALS FOR TODAY
                         NORMAL
 MAXIMUM TEMPERATURE (F)   29
 MINIMUM TEMPERATURE (F)   15


SUNRISE AND SUNSET
FEBRUARY  1 2015......SUNRISE   753 AM EST   SUNSET   547 PM EST
FEBRUARY  2 2015......SUNRISE   752 AM EST   SUNSET   549 PM EST


-  INDICATES NEGATIVE NUMBERS.
R  INDICATES RECORD WAS SET OR TIED.
MM INDICATES DATA IS MISSING.
T  INDICATES TRACE AMOUNT.




$$





U.S. Dept. of Commerce
NOAA National Weather Service
1325 East West Highway
Silver Spring, MD 20910
E-mail: w-nws.webmaster@noaa.gov
Page last modified: May 16, 2007
NATIONAL WEATHER SERVICE: for Safety, for Work, for Fun - FOR LIFE