155
CDUS43 KDTX 190540
CLIMBS


CLIMATE REPORT
NATIONAL WEATHER SERVICE DETROIT/PONTIAC MI
1240 AM EST FRI DEC 19 2014


...................................

...THE  TRI CITIES MI CLIMATE SUMMARY FOR DECEMBER 18 2014...

CLIMATE NORMAL PERIOD 1981 TO 2010
CLIMATE RECORD PERIOD 1898 TO 2014


WEATHER ITEM   OBSERVED TIME   NORMAL DEPARTURE
                VALUE   (LST)  VALUE  FROM
                                      NORMAL
...................................................
TEMPERATURE (F)
 YESTERDAY
  MAXIMUM         32    740 AM  33     -1
  MINIMUM         26   1156 PM  20      6
  AVERAGE         29            26      3

PRECIPITATION (IN)
  YESTERDAY        T             0.05  -0.05
  MONTH TO DATE    0.28          1.13  -0.85
  SINCE DEC 1      0.28          1.13  -0.85
  SINCE JAN 1     30.65         30.81  -0.16

SNOWFALL (IN)
  YESTERDAY        T
  MONTH TO DATE    0.4
  SINCE DEC 1      0.4
  SINCE JUL 1      3.3
  SNOW DEPTH       0

DEGREE DAYS
 HEATING
  YESTERDAY       36                   -3
  MONTH TO DATE  579                  -66
  SINCE DEC 1    579                  -66
  SINCE JUL 1   2075                  -43

 COOLING
  YESTERDAY        0                    0
  MONTH TO DATE    0                    0
  SINCE DEC 1      0                    0
  SINCE JAN 1    539                  -18
...................................................


WIND (MPH)
  HIGHEST WIND SPEED    14   HIGHEST WIND DIRECTION     W (260)
  HIGHEST GUST SPEED    18   HIGHEST GUST DIRECTION     W (260)
  AVERAGE WIND SPEED     7.8




RELATIVE HUMIDITY (PERCENT)
 HIGHEST    85
 LOWEST     69
 AVERAGE    77

..........................................................


THE  TRI CITIES MI CLIMATE NORMALS FOR TODAY
                         NORMAL
 MAXIMUM TEMPERATURE (F)   32
 MINIMUM TEMPERATURE (F)   20


SUNRISE AND SUNSET
DECEMBER 19 2014......SUNRISE   805 AM EST   SUNSET   502 PM EST
DECEMBER 20 2014......SUNRISE   806 AM EST   SUNSET   502 PM EST


-  INDICATES NEGATIVE NUMBERS.
R  INDICATES RECORD WAS SET OR TIED.
MM INDICATES DATA IS MISSING.
T  INDICATES TRACE AMOUNT.




$$





U.S. Dept. of Commerce
NOAA National Weather Service
1325 East West Highway
Silver Spring, MD 20910
E-mail: w-nws.webmaster@noaa.gov
Page last modified: May 16, 2007
NATIONAL WEATHER SERVICE: for Safety, for Work, for Fun - FOR LIFE