320
CDUS43 KABR 241528
CLIMBG


CLIMATE REPORT...CORRECTED
NATIONAL WEATHER SERVICE ABERDEEN SD
926 AM CST MON NOV 24 2014


...................................

...THE MOBRIDGE SD CLIMATE SUMMARY FOR NOVEMBER 23 2014...

CLIMATE NORMAL PERIOD 1981 TO 2010
CLIMATE RECORD PERIOD 1911 TO 2014


WEATHER ITEM   OBSERVED TIME   RECORD YEAR NORMAL DEPARTURE LAST
                VALUE   (LST)  VALUE       VALUE  FROM      YEAR
                                                  NORMAL
..................................................................
TEMPERATURE (F)
 YESTERDAY
  MAXIMUM         41    310 AM  56    2005  38      3       21
                                      1957
  MINIMUM         24   1159 PM -10    1985  17      7       -2
  AVERAGE         33                        28      5       10

PRECIPITATION (IN)
  YESTERDAY        0.14          0.18 1958   0.01   0.13     0.00
  MONTH TO DATE    0.72                      0.45   0.27     0.04
  SINCE SEP 1      1.99                      3.49  -1.50     9.10
  SINCE JAN 1     21.31                     17.40   3.91    22.92

SNOWFALL (IN)
  YESTERDAY        T
  MONTH TO DATE    6.2
  SINCE OCT 1      6.2
  SINCE JUL 1      6.2
  SNOW DEPTH       1

DEGREE DAYS
 HEATING
  YESTERDAY       32                        37     -5       55
  MONTH TO DATE  852                       714    138      786
  SINCE SEP 1   1443                      1455    -12     1535
  SINCE JUL 1   1490                      1488      2     1548

 COOLING
  YESTERDAY        0                         0      0        0
  MONTH TO DATE    0                         0      0        0
  SINCE SEP 1     68                        63      5      116
  SINCE JAN 1    471                       644   -173      700
..................................................................


WIND (MPH)
  HIGHEST WIND SPEED    36   HIGHEST WIND DIRECTION    NW (310)
  HIGHEST GUST SPEED    44   HIGHEST GUST DIRECTION    NW (310)
  AVERAGE WIND SPEED    19.2


SKY COVER
  POSSIBLE SUNSHINE  MM
  AVERAGE SKY COVER 0.9


WEATHER CONDITIONS
 THE FOLLOWING WEATHER WAS RECORDED YESTERDAY.
  LIGHT RAIN
  LIGHT SNOW


RELATIVE HUMIDITY (PERCENT)
 HIGHEST    92           200 AM
 LOWEST     61           200 PM
 AVERAGE    77

..........................................................


THE MOBRIDGE SD CLIMATE NORMALS FOR TODAY
                         NORMAL    RECORD    YEAR
 MAXIMUM TEMPERATURE (F)   38        76      1914
 MINIMUM TEMPERATURE (F)   16       -10      2003


SUNRISE AND SUNSET
NOVEMBER 24 2014......SUNRISE   753 AM CST   SUNSET   503 PM CST
NOVEMBER 25 2014......SUNRISE   754 AM CST   SUNSET   503 PM CST


-  INDICATES NEGATIVE NUMBERS.
R  INDICATES RECORD WAS SET OR TIED.
MM INDICATES DATA IS MISSING.
T  INDICATES TRACE AMOUNT.




$$






U.S. Dept. of Commerce
NOAA National Weather Service
1325 East West Highway
Silver Spring, MD 20910
E-mail: w-nws.webmaster@noaa.gov
Page last modified: May 16, 2007
NATIONAL WEATHER SERVICE: for Safety, for Work, for Fun - FOR LIFE