361
CDUS43 KABR 181027
CLIMBG


CLIMATE REPORT
NATIONAL WEATHER SERVICE ABERDEEN SD
527 AM CDT THU SEP 18 2014


...................................

...THE MOBRIDGE SD CLIMATE SUMMARY FOR SEPTEMBER 17 2014...

CLIMATE NORMAL PERIOD 1981 TO 2010
CLIMATE RECORD PERIOD 1911 TO 2014


WEATHER ITEM   OBSERVED TIME   RECORD YEAR NORMAL DEPARTURE LAST
                VALUE   (LST)  VALUE       VALUE  FROM      YEAR
                                                  NORMAL
..................................................................
TEMPERATURE (F)
 YESTERDAY
  MAXIMUM         78    208 PM  96    1989  73      5       79
                                      1955
  MINIMUM         45    658 AM  32    1930  47     -2       58
  AVERAGE         62                        60      2       69

PRECIPITATION (IN)
  YESTERDAY        0.00          2.25 1977   0.06  -0.06     0.00
  MONTH TO DATE    0.22                      0.86  -0.64     2.75
  SINCE SEP 1      0.22                      0.86  -0.64     2.75
  SINCE JAN 1     19.54                     14.77   4.77    16.57

DEGREE DAYS
 HEATING
  YESTERDAY        3                         6     -3        0
  MONTH TO DATE  127                        71     56       15
  SINCE SEP 1    127                        71     56       15
  SINCE JUL 1    174                       104     70       28

 COOLING
  YESTERDAY        0                         1     -1        4
  MONTH TO DATE   13                        51    -38       98
  SINCE SEP 1     13                        51    -38       98
  SINCE JAN 1    416                       632   -216      682
..................................................................


WIND (MPH)
  HIGHEST WIND SPEED    14   HIGHEST WIND DIRECTION     E (90)
  HIGHEST GUST SPEED    17   HIGHEST GUST DIRECTION     E (90)
  AVERAGE WIND SPEED     6.9


SKY COVER
  POSSIBLE SUNSHINE  MM
  AVERAGE SKY COVER 0.0


WEATHER CONDITIONS
 THE FOLLOWING WEATHER WAS RECORDED YESTERDAY.
  NO SIGNIFICANT WEATHER WAS OBSERVED.


RELATIVE HUMIDITY (PERCENT)
 HIGHEST   100           400 AM
 LOWEST     38           100 PM
 AVERAGE    69

..........................................................


THE MOBRIDGE SD CLIMATE NORMALS FOR TODAY
                         NORMAL    RECORD    YEAR
 MAXIMUM TEMPERATURE (F)   73       100      1933
 MINIMUM TEMPERATURE (F)   47        28      1991


SUNRISE AND SUNSET
SEPTEMBER 18 2014.....SUNRISE   724 AM CDT   SUNSET   747 PM CDT
SEPTEMBER 19 2014.....SUNRISE   725 AM CDT   SUNSET   745 PM CDT


-  INDICATES NEGATIVE NUMBERS.
R  INDICATES RECORD WAS SET OR TIED.
MM INDICATES DATA IS MISSING.
T  INDICATES TRACE AMOUNT.




$$





U.S. Dept. of Commerce
NOAA National Weather Service
1325 East West Highway
Silver Spring, MD 20910
E-mail: w-nws.webmaster@noaa.gov
Page last modified: May 16, 2007
NATIONAL WEATHER SERVICE: for Safety, for Work, for Fun - FOR LIFE