948
CDUS43 KABR 011027
CLIMBG


CLIMATE REPORT
NATIONAL WEATHER SERVICE ABERDEEN SD
526 AM CDT WED OCT 1 2014


...................................

...THE MOBRIDGE SD CLIMATE SUMMARY FOR SEPTEMBER 30 2014...

CLIMATE NORMAL PERIOD 1981 TO 2010
CLIMATE RECORD PERIOD 1911 TO 2014


WEATHER ITEM   OBSERVED TIME   RECORD YEAR NORMAL DEPARTURE LAST
                VALUE   (LST)  VALUE       VALUE  FROM      YEAR
                                                  NORMAL
..................................................................
TEMPERATURE (F)
 YESTERDAY
  MAXIMUM         69    218 PM  92    1989  67      2       79
  MINIMUM         53    714 AM  24    1939  41     12       44
  AVERAGE         61                        54      7       62

PRECIPITATION (IN)
  YESTERDAY        0.15          0.38 1983   0.05   0.10      T
  MONTH TO DATE    0.71                      1.54  -0.83     3.37
  SINCE SEP 1      0.71                      1.54  -0.83     3.37
  SINCE JAN 1     20.03                     15.45   4.58    17.19

DEGREE DAYS
 HEATING
  YESTERDAY        4                        11     -7        3
  MONTH TO DATE  148                       187    -39       70
  SINCE SEP 1    148                       187    -39       70
  SINCE JUL 1    195                       220    -25       83

 COOLING
  YESTERDAY        0                         0      0        0
  MONTH TO DATE   63                        60      3      116
  SINCE SEP 1     63                        60      3      116
  SINCE JAN 1    466                       641   -175      700
..................................................................


WIND (MPH)
  HIGHEST WIND SPEED    31   HIGHEST WIND DIRECTION    SE (150)
  HIGHEST GUST SPEED    43   HIGHEST GUST DIRECTION    SE (150)
  AVERAGE WIND SPEED    18.8


SKY COVER
  POSSIBLE SUNSHINE  MM
  AVERAGE SKY COVER 0.8


WEATHER CONDITIONS
 THE FOLLOWING WEATHER WAS RECORDED YESTERDAY.
  LIGHT RAIN
  FOG


RELATIVE HUMIDITY (PERCENT)
 HIGHEST    86           100 AM
 LOWEST     59           200 PM
 AVERAGE    73

..........................................................


THE MOBRIDGE SD CLIMATE NORMALS FOR TODAY
                         NORMAL    RECORD    YEAR
 MAXIMUM TEMPERATURE (F)   67        95      1953
 MINIMUM TEMPERATURE (F)   40        23      1936


SUNRISE AND SUNSET
OCTOBER  1 2014.......SUNRISE   740 AM CDT   SUNSET   722 PM CDT
OCTOBER  2 2014.......SUNRISE   741 AM CDT   SUNSET   720 PM CDT


-  INDICATES NEGATIVE NUMBERS.
R  INDICATES RECORD WAS SET OR TIED.
MM INDICATES DATA IS MISSING.
T  INDICATES TRACE AMOUNT.




$$





U.S. Dept. of Commerce
NOAA National Weather Service
1325 East West Highway
Silver Spring, MD 20910
E-mail: w-nws.webmaster@noaa.gov
Page last modified: May 16, 2007
NATIONAL WEATHER SERVICE: for Safety, for Work, for Fun - FOR LIFE