787
CDUS43 KABR 292227
CLIMBG


CLIMATE REPORT
NATIONAL WEATHER SERVICE ABERDEEN SD
526 PM CDT TUE JUL 29 2014


...................................

...THE MOBRIDGE SD CLIMATE SUMMARY FOR JULY 29 2014...
VALID TODAY AS OF 0500 PM LOCAL TIME.

CLIMATE NORMAL PERIOD 1981 TO 2010
CLIMATE RECORD PERIOD 1911 TO 2014


WEATHER ITEM   OBSERVED TIME   RECORD YEAR NORMAL DEPARTURE LAST
                VALUE   (LST)  VALUE       VALUE  FROM      YEAR
                                                  NORMAL
..................................................................
TEMPERATURE (F)
 TODAY
  MAXIMUM         82    336 PM 104    1933  87     -5       73
  MINIMUM         50    543 AM  44    2004  60    -10       59
  AVERAGE         66                        74     -8       66

PRECIPITATION (IN)
  TODAY            0.00          2.06 1941   0.08  -0.08     0.00
  MONTH TO DATE    0.53                      2.54  -2.01     2.24
  SINCE JUN 1      8.44                      5.70   2.74     3.56
  SINCE JAN 1     14.56                     11.72   2.84    11.24

DEGREE DAYS
 HEATING
  TODAY            0                         0      0        0
  MONTH TO DATE   23                         5     18        9
  SINCE JUN 1     98                        80     18       77
  SINCE JUL 1     23                         5     18        9

 COOLING
  TODAY            1                         9     -8        1
  MONTH TO DATE  156                       234    -78      211
  SINCE JUN 1    201                       333   -132      322
  SINCE JAN 1    251                       349    -98      337
..................................................................


WIND (MPH)
  HIGHEST WIND SPEED    12   HIGHEST WIND DIRECTION    NE (30)
  HIGHEST GUST SPEED    19   HIGHEST GUST DIRECTION     N (340)
  AVERAGE WIND SPEED     4.8


SKY COVER
  POSSIBLE SUNSHINE  MM
  AVERAGE SKY COVER 0.1


WEATHER CONDITIONS
 THE FOLLOWING WEATHER WAS RECORDED TODAY.
  NO SIGNIFICANT WEATHER WAS OBSERVED.


RELATIVE HUMIDITY (PERCENT)
 HIGHEST    96           600 AM
 LOWEST     39           300 PM
 AVERAGE    68

..........................................................


THE MOBRIDGE SD CLIMATE NORMALS FOR TOMORROW
                         NORMAL    RECORD    YEAR
 MAXIMUM TEMPERATURE (F)   87       112      2006
 MINIMUM TEMPERATURE (F)   60        46      1971


SUNRISE AND SUNSET
JULY 29 2014..........SUNRISE   622 AM CDT   SUNSET   913 PM CDT
JULY 30 2014..........SUNRISE   623 AM CDT   SUNSET   912 PM CDT


-  INDICATES NEGATIVE NUMBERS.
R  INDICATES RECORD WAS SET OR TIED.
MM INDICATES DATA IS MISSING.
T  INDICATES TRACE AMOUNT.




$$





U.S. Dept. of Commerce
NOAA National Weather Service
1325 East West Highway
Silver Spring, MD 20910
E-mail: w-nws.webmaster@noaa.gov
Page last modified: May 16, 2007
NATIONAL WEATHER SERVICE: for Safety, for Work, for Fun - FOR LIFE