849
CDUS43 KABR 241027
CLIMBG


CLIMATE REPORT
NATIONAL WEATHER SERVICE ABERDEEN SD
527 AM CDT THU JUL 24 2014


...................................

...THE MOBRIDGE SD CLIMATE SUMMARY FOR JULY 23 2014...

CLIMATE NORMAL PERIOD 1981 TO 2010
CLIMATE RECORD PERIOD 1911 TO 2014


WEATHER ITEM   OBSERVED TIME   RECORD YEAR NORMAL DEPARTURE LAST
                VALUE   (LST)  VALUE       VALUE  FROM      YEAR
                                                  NORMAL
..................................................................
TEMPERATURE (F)
 YESTERDAY
  MAXIMUM         83    447 PM 108    1940  87     -4       79
  MINIMUM         61    554 AM  46    1952  60      1       53
  AVERAGE         72                        74     -2       66

PRECIPITATION (IN)
  YESTERDAY        0.00          0.64 1949   0.08  -0.08      T
  MONTH TO DATE    0.52                      2.03  -1.51     2.24
  SINCE JUN 1      8.43                      5.19   3.24     3.56
  SINCE JAN 1     14.55                     11.21   3.34    11.24

DEGREE DAYS
 HEATING
  YESTERDAY        0                         0      0        0
  MONTH TO DATE   20                         5     15        0
  SINCE JUN 1     95                        80     15       68
  SINCE JUL 1     20                         5     15        0

 COOLING
  YESTERDAY        7                         9     -2        1
  MONTH TO DATE  127                       180    -53      197
  SINCE JUN 1    172                       279   -107      308
  SINCE JAN 1    222                       295    -73      323
..................................................................


WIND (MPH)
  HIGHEST WIND SPEED    22   HIGHEST WIND DIRECTION    SE (150)
  HIGHEST GUST SPEED    25   HIGHEST GUST DIRECTION    SE (140)
  AVERAGE WIND SPEED    13.2


SKY COVER
  POSSIBLE SUNSHINE  MM
  AVERAGE SKY COVER 0.1


WEATHER CONDITIONS
 THE FOLLOWING WEATHER WAS RECORDED YESTERDAY.
  NO SIGNIFICANT WEATHER WAS OBSERVED.


RELATIVE HUMIDITY (PERCENT)
 HIGHEST    90           400 AM
 LOWEST     43           500 PM
 AVERAGE    67

..........................................................


THE MOBRIDGE SD CLIMATE NORMALS FOR TODAY
                         NORMAL    RECORD    YEAR
 MAXIMUM TEMPERATURE (F)   87       109      1952
 MINIMUM TEMPERATURE (F)   60        47      2004


SUNRISE AND SUNSET
JULY 24 2014..........SUNRISE   616 AM CDT   SUNSET   919 PM CDT
JULY 25 2014..........SUNRISE   618 AM CDT   SUNSET   918 PM CDT


-  INDICATES NEGATIVE NUMBERS.
R  INDICATES RECORD WAS SET OR TIED.
MM INDICATES DATA IS MISSING.
T  INDICATES TRACE AMOUNT.




$$





U.S. Dept. of Commerce
NOAA National Weather Service
1325 East West Highway
Silver Spring, MD 20910
E-mail: w-nws.webmaster@noaa.gov
Page last modified: May 16, 2007
NATIONAL WEATHER SERVICE: for Safety, for Work, for Fun - FOR LIFE