166
CDUS43 KABR 292230
CLIMBG


CLIMATE REPORT
NATIONAL WEATHER SERVICE ABERDEEN SD
527 PM CDT FRI AUG 29 2014


...................................

...THE MOBRIDGE SD CLIMATE SUMMARY FOR AUGUST 29 2014...
VALID TODAY AS OF 0500 PM LOCAL TIME.

CLIMATE NORMAL PERIOD 1981 TO 2010
CLIMATE RECORD PERIOD 1911 TO 2014


WEATHER ITEM   OBSERVED TIME   RECORD YEAR NORMAL DEPARTURE LAST
                VALUE   (LST)  VALUE       VALUE  FROM      YEAR
                                                  NORMAL
..................................................................
TEMPERATURE (F)
 TODAY
  MAXIMUM         77    154 PM 106    2012  82     -5       93
  MINIMUM         62    751 AM  36    1946  55      7       70
  AVERAGE         70                        68      2       82

PRECIPITATION (IN)
  TODAY            0.00          1.90 1912   0.06  -0.06     0.00
  MONTH TO DATE    4.55                      1.91   2.64     2.26
  SINCE JUN 1     12.99                      7.77   5.22     6.14
  SINCE JAN 1     19.11                     13.79   5.32    13.82

DEGREE DAYS
 HEATING
  TODAY            0                         2     -2        0
  MONTH TO DATE   21                        13      8        2
  SINCE JUN 1    119                       100     19       81
  SINCE JUL 1     44                        25     19       13

 COOLING
  TODAY            5                         5      0       17
  MONTH TO DATE  141                       209    -68      223
  SINCE JUN 1    356                       557   -201      549
  SINCE JAN 1    406                       573   -167      564
..................................................................


WIND (MPH)
  HIGHEST WIND SPEED    24   HIGHEST WIND DIRECTION     N (350)
  HIGHEST GUST SPEED    31   HIGHEST GUST DIRECTION     N (340)
  AVERAGE WIND SPEED    10.0


SKY COVER
  POSSIBLE SUNSHINE  MM
  AVERAGE SKY COVER 0.7


WEATHER CONDITIONS
 THE FOLLOWING WEATHER WAS RECORDED TODAY.
  FOG
  FOG W/VISIBILITY <= 1/4 MILE


RELATIVE HUMIDITY (PERCENT)
 HIGHEST   100          1200 AM
 LOWEST     54          1200 PM
 AVERAGE    77

..........................................................


THE MOBRIDGE SD CLIMATE NORMALS FOR TOMORROW
                         NORMAL    RECORD    YEAR
 MAXIMUM TEMPERATURE (F)   81       101      1961
 MINIMUM TEMPERATURE (F)   55        32      1935


SUNRISE AND SUNSET
AUGUST 29 2014........SUNRISE   659 AM CDT   SUNSET   825 PM CDT
AUGUST 30 2014........SUNRISE   701 AM CDT   SUNSET   823 PM CDT


-  INDICATES NEGATIVE NUMBERS.
R  INDICATES RECORD WAS SET OR TIED.
MM INDICATES DATA IS MISSING.
T  INDICATES TRACE AMOUNT.




$$





U.S. Dept. of Commerce
NOAA National Weather Service
1325 East West Highway
Silver Spring, MD 20910
E-mail: w-nws.webmaster@noaa.gov
Page last modified: May 16, 2007
NATIONAL WEATHER SERVICE: for Safety, for Work, for Fun - FOR LIFE