258
CDUS42 KTAE 250632
CLIMAI


CLIMATE REPORT
NATIONAL WEATHER SERVICE TALLAHASSEE FL
231 AM EDT SAT OCT 25 2014


...................................

...THE MARIANNA CLIMATE SUMMARY FOR OCTOBER 24 2014...

CLIMATE NORMAL PERIOD 1981 TO 2010
CLIMATE RECORD PERIOD 1950 TO 2014


WEATHER ITEM   OBSERVED NORMAL DEPARTURE LAST
                VALUE   VALUE  FROM      YEAR
                               NORMAL
...............................................
TEMPERATURE (F)
 YESTERDAY
  MAXIMUM         77     78     -1       75
  MINIMUM         49     54     -5       44
  AVERAGE         63     66     -3       60

PRECIPITATION (IN)
  YESTERDAY        0.00   0.12  -0.12     0.00
  MONTH TO DATE    1.98   2.59  -0.61     1.90
  SINCE SEP 1      6.79   6.39   0.40     4.27
  SINCE JAN 1     49.73  44.72   5.01    54.95

DEGREE DAYS
 HEATING
  YESTERDAY        2            -1
  MONTH TO DATE   15           -11
  SINCE SEP 1     15           -12
  SINCE JUL 1     15           -12

 COOLING
  YESTERDAY        0            -3
  MONTH TO DATE  128            -9
  SINCE SEP 1    544            20
  SINCE JAN 1   2575            86
...............................................


WIND (MPH)
  HIGHEST WIND SPEED    10   HIGHEST WIND DIRECTION     N (340)
  HIGHEST GUST SPEED    13   HIGHEST GUST DIRECTION    NW (320)
  AVERAGE WIND SPEED     2.2




RELATIVE HUMIDITY (PERCENT)
 HIGHEST   100
 LOWEST     31
 AVERAGE    66

..........................................................




SUNRISE AND SUNSET
OCTOBER 25 2014.......SUNRISE   650 AM CDT   SUNSET   559 PM CDT
OCTOBER 26 2014.......SUNRISE   651 AM CDT   SUNSET   558 PM CDT


-  INDICATES NEGATIVE NUMBERS.
R  INDICATES RECORD WAS SET OR TIED.
MM INDICATES DATA IS MISSING.
T  INDICATES TRACE AMOUNT.




$$





U.S. Dept. of Commerce
NOAA National Weather Service
1325 East West Highway
Silver Spring, MD 20910
E-mail: w-nws.webmaster@noaa.gov
Page last modified: May 16, 2007
NATIONAL WEATHER SERVICE: for Safety, for Work, for Fun - FOR LIFE