462
CDUS42 KTAE 280637
CLIMAI


CLIMATE REPORT
NATIONAL WEATHER SERVICE TALLAHASSEE FL
135 AM EST FRI NOV 28 2014


...................................

...THE MARIANNA CLIMATE SUMMARY FOR NOVEMBER 27 2014...

CLIMATE NORMAL PERIOD 1981 TO 2010
CLIMATE RECORD PERIOD 1950 TO 2014


WEATHER ITEM   OBSERVED NORMAL DEPARTURE LAST
                VALUE   VALUE  FROM      YEAR
                               NORMAL
...............................................
TEMPERATURE (F)
 YESTERDAY
  MAXIMUM         60     69     -9       50
  MINIMUM         40     46     -6       33
  AVERAGE         50     57     -7       42

PRECIPITATION (IN)
  YESTERDAY        0.00   0.13  -0.13     0.02
  MONTH TO DATE    5.98   3.68   2.30     3.69
  SINCE SEP 1     12.78  10.90   1.88     7.96
  SINCE JAN 1     55.72  49.23   6.49    58.64

DEGREE DAYS
 HEATING
  YESTERDAY       15             6
  MONTH TO DATE  309           149
  SINCE SEP 1    335           126
  SINCE JUL 1    335           126

 COOLING
  YESTERDAY        0            -1
  MONTH TO DATE   13           -24
  SINCE SEP 1    580            -2
  SINCE JAN 1   2611            64
...............................................


WIND (MPH)
  HIGHEST WIND SPEED    18   HIGHEST WIND DIRECTION    NW (320)
  HIGHEST GUST SPEED    24   HIGHEST GUST DIRECTION    NW (320)
  AVERAGE WIND SPEED     8.9




RELATIVE HUMIDITY (PERCENT)
 HIGHEST    93
 LOWEST     33
 AVERAGE    63

..........................................................




SUNRISE AND SUNSET
NOVEMBER 28 2014......SUNRISE   618 AM CST   SUNSET   439 PM CST
NOVEMBER 29 2014......SUNRISE   619 AM CST   SUNSET   439 PM CST


-  INDICATES NEGATIVE NUMBERS.
R  INDICATES RECORD WAS SET OR TIED.
MM INDICATES DATA IS MISSING.
T  INDICATES TRACE AMOUNT.




$$





U.S. Dept. of Commerce
NOAA National Weather Service
1325 East West Highway
Silver Spring, MD 20910
E-mail: w-nws.webmaster@noaa.gov
Page last modified: May 16, 2007
NATIONAL WEATHER SERVICE: for Safety, for Work, for Fun - FOR LIFE