346
CDUS42 KTAE 310654
CLIMAI


CLIMATE REPORT
NATIONAL WEATHER SERVICE TALLAHASSEE FL
253 AM EDT FRI OCT 31 2014


...................................

...THE MARIANNA CLIMATE SUMMARY FOR OCTOBER 30 2014...

CLIMATE NORMAL PERIOD 1981 TO 2010
CLIMATE RECORD PERIOD 1950 TO 2014


WEATHER ITEM   OBSERVED NORMAL DEPARTURE LAST
                VALUE   VALUE  FROM      YEAR
                               NORMAL
...............................................
TEMPERATURE (F)
 YESTERDAY
  MAXIMUM         75     76     -1       84
  MINIMUM         48     52     -4       53
  AVERAGE         62     64     -2       69

PRECIPITATION (IN)
  YESTERDAY        T      0.12  -0.12     0.00
  MONTH TO DATE    1.98   3.30  -1.32     1.90
  SINCE SEP 1      6.79   7.10  -0.31     4.27
  SINCE JAN 1     49.73  45.43   4.30    54.95

DEGREE DAYS
 HEATING
  YESTERDAY        3            -1
  MONTH TO DATE   20           -25
  SINCE SEP 1     20           -26
  SINCE JUL 1     20           -26

 COOLING
  YESTERDAY        0            -3
  MONTH TO DATE  151            -4
  SINCE SEP 1    567            25
  SINCE JAN 1   2598            91
...............................................


WIND (MPH)
  HIGHEST WIND SPEED    15   HIGHEST WIND DIRECTION    NW (320)
  HIGHEST GUST SPEED    21   HIGHEST GUST DIRECTION     N (20)
  AVERAGE WIND SPEED     7.6




RELATIVE HUMIDITY (PERCENT)
 HIGHEST    93
 LOWEST     27
 AVERAGE    60

..........................................................




SUNRISE AND SUNSET
OCTOBER 31 2014.......SUNRISE   655 AM CDT   SUNSET   553 PM CDT
NOVEMBER  1 2014......SUNRISE   656 AM CDT   SUNSET   553 PM CDT


-  INDICATES NEGATIVE NUMBERS.
R  INDICATES RECORD WAS SET OR TIED.
MM INDICATES DATA IS MISSING.
T  INDICATES TRACE AMOUNT.




$$





U.S. Dept. of Commerce
NOAA National Weather Service
1325 East West Highway
Silver Spring, MD 20910
E-mail: w-nws.webmaster@noaa.gov
Page last modified: May 16, 2007
NATIONAL WEATHER SERVICE: for Safety, for Work, for Fun - FOR LIFE