175
CDUS42 KTAE 190702
CLIMAI


CLIMATE REPORT
NATIONAL WEATHER SERVICE TALLAHASSEE FL
154 AM EST FRI DEC 19 2014


...................................

...THE MARIANNA CLIMATE SUMMARY FOR DECEMBER 18 2014...

CLIMATE NORMAL PERIOD 1981 TO 2010
CLIMATE RECORD PERIOD 1950 TO 2014


WEATHER ITEM   OBSERVED NORMAL DEPARTURE LAST
                VALUE   VALUE  FROM      YEAR
                               NORMAL
...............................................
TEMPERATURE (F)
 YESTERDAY
  MAXIMUM         66     63      3       62
  MINIMUM         40     40      0       36
  AVERAGE         53     52      1       49

PRECIPITATION (IN)
  YESTERDAY        0.00   0.12  -0.12     0.00
  MONTH TO DATE    0.06   2.42  -2.36     0.78
  SINCE DEC 1      0.06   2.42  -2.36     0.78
  SINCE JAN 1     55.78  52.09   3.69    59.42

DEGREE DAYS
 HEATING
  YESTERDAY       12            -1
  MONTH TO DATE  178           -32
  SINCE DEC 1    178           -32
  SINCE JUL 1    558           110

 COOLING
  YESTERDAY        0             0
  MONTH TO DATE    5            -7
  SINCE DEC 1      5            -7
  SINCE JAN 1   2616            55
...............................................


WIND (MPH)
  HIGHEST WIND SPEED     7   HIGHEST WIND DIRECTION    NW (320)
  HIGHEST GUST SPEED    11   HIGHEST GUST DIRECTION    SW (210)
  AVERAGE WIND SPEED     1.3




RELATIVE HUMIDITY (PERCENT)
 HIGHEST   100
 LOWEST     34
 AVERAGE    67

..........................................................




SUNRISE AND SUNSET
DECEMBER 19 2014......SUNRISE   633 AM CST   SUNSET   442 PM CST
DECEMBER 20 2014......SUNRISE   634 AM CST   SUNSET   443 PM CST


-  INDICATES NEGATIVE NUMBERS.
R  INDICATES RECORD WAS SET OR TIED.
MM INDICATES DATA IS MISSING.
T  INDICATES TRACE AMOUNT.




$$






U.S. Dept. of Commerce
NOAA National Weather Service
1325 East West Highway
Silver Spring, MD 20910
E-mail: w-nws.webmaster@noaa.gov
Page last modified: May 16, 2007
NATIONAL WEATHER SERVICE: for Safety, for Work, for Fun - FOR LIFE