611
CDUS42 KTAE 180634
CLIMAI


CLIMATE REPORT
NATIONAL WEATHER SERVICE TALLAHASSEE FL
233 AM EDT FRI APR 18 2014

...................................

...THE MARIANNA CLIMATE SUMMARY FOR APRIL 17 2014...

CLIMATE NORMAL PERIOD 1981 TO 2010
CLIMATE RECORD PERIOD 1950 TO 2014


WEATHER ITEM   OBSERVED NORMAL DEPARTURE LAST
                VALUE   VALUE  FROM      YEAR
                               NORMAL
...............................................
TEMPERATURE (F)
 YESTERDAY
  MAXIMUM         72     80     -8
  MINIMUM         50     54     -4
  AVERAGE         61     67     -6

PRECIPITATION (IN)
  YESTERDAY        0.00   0.13  -0.13     0.00
  MONTH TO DATE    2.70   2.62   0.08     2.00
  SINCE MAR 1     10.56   8.16   2.40     4.98
  SINCE JAN 1     17.89  18.14  -0.25    18.85

DEGREE DAYS
 HEATING
  YESTERDAY        4             2
  MONTH TO DATE   42            -7
  SINCE MAR 1    260            31
  SINCE JUL 1   1720            86

 COOLING
  YESTERDAY        0            -4
  MONTH TO DATE   34           -14
  SINCE MAR 1     37           -43
  SINCE JAN 1     46           -49
...............................................


WIND (MPH)
  HIGHEST WIND SPEED    22   HIGHEST WIND DIRECTION    NE (60)
  HIGHEST GUST SPEED    27   HIGHEST GUST DIRECTION    NE (60)
  AVERAGE WIND SPEED    11.7




RELATIVE HUMIDITY (PERCENT)
 HIGHEST    90
 LOWEST     57
 AVERAGE    74

..........................................................



SUNRISE AND SUNSET
APRIL 18 2014.........SUNRISE   610 AM CDT   SUNSET   711 PM CDT
APRIL 19 2014.........SUNRISE   609 AM CDT   SUNSET   711 PM CDT


-  INDICATES NEGATIVE NUMBERS.
R  INDICATES RECORD WAS SET OR TIED.
MM INDICATES DATA IS MISSING.
T  INDICATES TRACE AMOUNT.

$$






U.S. Dept. of Commerce
NOAA National Weather Service
1325 East West Highway
Silver Spring, MD 20910
E-mail: w-nws.webmaster@noaa.gov
Page last modified: May 16, 2007
NATIONAL WEATHER SERVICE: for Safety, for Work, for Fun - FOR LIFE