765
CDUS44 KMAF 242120
CLIMAF

CLIMATE REPORT
NATIONAL WEATHER SERVICE MIDLAND/ODESSA TX
415 PM CDT FRI OCT 24 2014

...................................

...THE MIDLAND CLIMATE SUMMARY FOR OCTOBER 24 2014...
VALID TODAY AS OF 0400 PM LOCAL TIME.

CLIMATE NORMAL PERIOD 1981 TO 2010
CLIMATE RECORD PERIOD 1930 TO 2014

WEATHER ITEM   OBSERVED TIME   RECORD YEAR NORMAL DEPARTURE LAST
                VALUE   (LST)  VALUE       VALUE  FROM      YEAR
                                                  NORMAL
..................................................................
TEMPERATURE (F)
 TODAY
  MAXIMUM         87    257 PM  92    1933  75     12       78
  MINIMUM         56    704 AM  33    1980  49      7       46
  AVERAGE         72                        62     10       62

PRECIPITATION (IN)
  TODAY            0.00          2.35 1941   0.04  -0.04     0.00
  MONTH TO DATE    T                         1.46  -1.46     1.66
  SINCE SEP 1      1.69                      3.32  -1.63     1.93
  SINCE JAN 1      6.43                     13.04  -6.61     6.50

SNOWFALL (IN)
  TODAY            0.0
  MONTH TO DATE    0.0
  SINCE SEP 1      0.0
  SINCE JUL 1      0.0
  SNOW DEPTH       0

DEGREE DAYS
 HEATING
  TODAY            0                         4     -4        3
  MONTH TO DATE   14                        59    -45       64
  SINCE SEP 1     28                        70    -42       64
  SINCE JUL 1     28                        70    -42       64

 COOLING
  TODAY            7                         2      5        0
  MONTH TO DATE  135                        87     48      109
  SINCE SEP 1    455                       382     73      493
  SINCE JAN 1   2652                      2266    386     2668
..................................................................

WIND (MPH)
  HIGHEST WIND SPEED    14   HIGHEST WIND DIRECTION    SW (220)
  HIGHEST GUST SPEED    20   HIGHEST GUST DIRECTION     W (270)
  AVERAGE WIND SPEED     7.0

SKY COVER
  POSSIBLE SUNSHINE  MM
  AVERAGE SKY COVER 0.2

WEATHER CONDITIONS
 THE FOLLOWING WEATHER WAS RECORDED TODAY.
  FOG
  FOG W/VISIBILITY <= 1/4 MILE
  HAZE

RELATIVE HUMIDITY (PERCENT)
 HIGHEST   100           700 AM
 LOWEST     25           300 PM
 AVERAGE    63

..........................................................

THE MIDLAND CLIMATE NORMALS FOR TOMORROW
                         NORMAL    RECORD    YEAR
 MAXIMUM TEMPERATURE (F)   75        90      2011
                                             1950
 MINIMUM TEMPERATURE (F)   49        34      1955

SUNRISE AND SUNSET
OCTOBER 24 2014.......SUNRISE   759 AM CDT   SUNSET   706 PM CDT
OCTOBER 25 2014.......SUNRISE   800 AM CDT   SUNSET   705 PM CDT

-  INDICATES NEGATIVE NUMBERS.
R  INDICATES RECORD WAS SET OR TIED.
MM INDICATES DATA IS MISSING.
T  INDICATES TRACE AMOUNT.

$$

44




U.S. Dept. of Commerce
NOAA National Weather Service
1325 East West Highway
Silver Spring, MD 20910
E-mail: w-nws.webmaster@noaa.gov
Page last modified: May 16, 2007
NATIONAL WEATHER SERVICE: for Safety, for Work, for Fun - FOR LIFE