588
CDUS44 KMAF 300732
CLIMAF

CLIMATE REPORT
NATIONAL WEATHER SERVICE MIDLAND/ODESSA TX
230 AM CDT THU OCT 30 2014

...................................

...THE MIDLAND CLIMATE SUMMARY FOR OCTOBER 29 2014...

CLIMATE NORMAL PERIOD 1981 TO 2010
CLIMATE RECORD PERIOD 1930 TO 2014

WEATHER ITEM   OBSERVED TIME   RECORD YEAR NORMAL DEPARTURE LAST
                VALUE   (LST)  VALUE       VALUE  FROM      YEAR
                                                  NORMAL
..................................................................
TEMPERATURE (F)
 YESTERDAY
  MAXIMUM         77    514 PM  90    1933  74      3       79
  MINIMUM         47    600 AM  27    1980  47      0       67
  AVERAGE         62                        60      2       73

PRECIPITATION (IN)
  YESTERDAY        0.00          0.85 1958   0.04  -0.04      T
  MONTH TO DATE    T                         1.66  -1.66     1.66
  SINCE SEP 1      1.69                      3.52  -1.83     1.93
  SINCE JAN 1      6.43                     13.24  -6.81     6.50

SNOWFALL (IN)
  YESTERDAY        0.0
  MONTH TO DATE    0.0
  SINCE SEP 1      0.0
  SINCE JUL 1      0.0
  SNOW DEPTH       0

DEGREE DAYS
 HEATING
  YESTERDAY        3                         6     -3        0
  MONTH TO DATE   18                        86    -68       77
  SINCE SEP 1     32                        97    -65       77
  SINCE JUL 1     32                        97    -65       77

 COOLING
  YESTERDAY        0                         1     -1        8
  MONTH TO DATE  164                        92     72      119
  SINCE SEP 1    484                       387     97      503
  SINCE JAN 1   2681                      2271    410     2678
..................................................................

WIND (MPH)
  HIGHEST WIND SPEED    15   HIGHEST WIND DIRECTION    SE (130)
  HIGHEST GUST SPEED    17   HIGHEST GUST DIRECTION     E (110)
  AVERAGE WIND SPEED     7.8

SKY COVER
  POSSIBLE SUNSHINE  MM
  AVERAGE SKY COVER 0.1

WEATHER CONDITIONS
 THE FOLLOWING WEATHER WAS RECORDED YESTERDAY.
  NO SIGNIFICANT WEATHER WAS OBSERVED.

RELATIVE HUMIDITY (PERCENT)
 HIGHEST    76           600 AM
 LOWEST     43           300 PM
 AVERAGE    60

..........................................................

THE MIDLAND CLIMATE NORMALS FOR TODAY
                         NORMAL    RECORD    YEAR
 MAXIMUM TEMPERATURE (F)   73        89      2010
 MINIMUM TEMPERATURE (F)   47        24      1993

SUNRISE AND SUNSET
OCTOBER 30 2014.......SUNRISE   804 AM CDT   SUNSET   701 PM CDT
OCTOBER 31 2014.......SUNRISE   804 AM CDT   SUNSET   700 PM CDT

-  INDICATES NEGATIVE NUMBERS.
R  INDICATES RECORD WAS SET OR TIED.
MM INDICATES DATA IS MISSING.
T  INDICATES TRACE AMOUNT.

$$

44




U.S. Dept. of Commerce
NOAA National Weather Service
1325 East West Highway
Silver Spring, MD 20910
E-mail: w-nws.webmaster@noaa.gov
Page last modified: May 16, 2007
NATIONAL WEATHER SERVICE: for Safety, for Work, for Fun - FOR LIFE