392
CDUS44 KMAF 220733
CLIMAF


CLIMATE REPORT
NATIONAL WEATHER SERVICE MIDLAND/ODESSA TX
232 AM CDT WED OCT 22 2014


...................................

...THE MIDLAND CLIMATE SUMMARY FOR OCTOBER 21 2014...

CLIMATE NORMAL PERIOD 1981 TO 2010
CLIMATE RECORD PERIOD 1930 TO 2014


WEATHER ITEM   OBSERVED TIME   RECORD YEAR NORMAL DEPARTURE LAST
                VALUE   (LST)  VALUE       VALUE  FROM      YEAR
                                                  NORMAL
..................................................................
TEMPERATURE (F)
 YESTERDAY
  MAXIMUM         74        MM  92    2007  77     -3       69
  MINIMUM         59        MM  37    1999  50      9       49
  AVERAGE         67                        63      4       59

PRECIPITATION (IN)
  YESTERDAY        0.00          0.66 1998   0.04  -0.04     0.00
  MONTH TO DATE    0.00                      1.32  -1.32     1.66
  SINCE SEP 1      1.69                      3.18  -1.49     1.93
  SINCE JAN 1      6.43                     12.90  -6.47     6.50

SNOWFALL (IN)
  YESTERDAY        0.0
  MONTH TO DATE    0.0
  SINCE SEP 1      0.0
  SINCE JUL 1      0.0
  SNOW DEPTH       0

DEGREE DAYS
 HEATING
  YESTERDAY        0                         4     -4        6
  MONTH TO DATE   14                        47    -33       51
  SINCE SEP 1     28                        58    -30       51
  SINCE JUL 1     28                        58    -30       51

 COOLING
  YESTERDAY        2                         2      0        0
  MONTH TO DATE  121                        81     40      109
  SINCE SEP 1    441                       376     65      493
  SINCE JAN 1   2638                      2260    378     2668
..................................................................


WIND (MPH)
  HIGHEST WIND SPEED    16   HIGHEST WIND DIRECTION     S (170)
  HIGHEST GUST SPEED    MM   HIGHEST GUST DIRECTION    MM
  AVERAGE WIND SPEED     7.7


SKY COVER
  POSSIBLE SUNSHINE  MM
  AVERAGE SKY COVER 0.6


WEATHER CONDITIONS
 THE FOLLOWING WEATHER WAS RECORDED YESTERDAY.
  NO SIGNIFICANT WEATHER WAS OBSERVED.


RELATIVE HUMIDITY (PERCENT)
 HIGHEST    80           700 AM
 LOWEST     49           400 PM
 AVERAGE    65

..........................................................


THE MIDLAND CLIMATE NORMALS FOR TODAY
                         NORMAL    RECORD    YEAR
 MAXIMUM TEMPERATURE (F)   76        91      2001
                                             1995
 MINIMUM TEMPERATURE (F)   50        33      1990
                                             1945


SUNRISE AND SUNSET
OCTOBER 22 2014.......SUNRISE   757 AM CDT   SUNSET   709 PM CDT
OCTOBER 23 2014.......SUNRISE   758 AM CDT   SUNSET   708 PM CDT


-  INDICATES NEGATIVE NUMBERS.
R  INDICATES RECORD WAS SET OR TIED.
MM INDICATES DATA IS MISSING.
T  INDICATES TRACE AMOUNT.




$$





U.S. Dept. of Commerce
NOAA National Weather Service
1325 East West Highway
Silver Spring, MD 20910
E-mail: w-nws.webmaster@noaa.gov
Page last modified: May 16, 2007
NATIONAL WEATHER SERVICE: for Safety, for Work, for Fun - FOR LIFE