384
CDUS44 KMAF 252112
CLIMAF


CLIMATE REPORT
NATIONAL WEATHER SERVICE MIDLAND/ODESSA TX
412 PM CDT SAT OCT 25 2014


...................................

...THE MIDLAND CLIMATE SUMMARY FOR OCTOBER 25 2014...
VALID TODAY AS OF 0400 PM LOCAL TIME.

CLIMATE NORMAL PERIOD 1981 TO 2010
CLIMATE RECORD PERIOD 1930 TO 2014


WEATHER ITEM   OBSERVED TIME   RECORD YEAR NORMAL DEPARTURE LAST
                VALUE   (LST)  VALUE       VALUE  FROM      YEAR
                                                  NORMAL
..................................................................
TEMPERATURE (F)
 TODAY
  MAXIMUM         88    252 PM  90    2011  75     13       70
                                      1950
  MINIMUM         58    626 AM  34    1955  49      9       52
  AVERAGE         73                        62     11       61

PRECIPITATION (IN)
  TODAY            0.00          0.80 1986   0.04  -0.04     0.00
  MONTH TO DATE    T                         1.50  -1.50     1.66
  SINCE SEP 1      1.69                      3.36  -1.67     1.93
  SINCE JAN 1      6.43                     13.08  -6.65     6.50

SNOWFALL (IN)
  TODAY            0.0
  MONTH TO DATE    0.0
  SINCE SEP 1      0.0
  SINCE JUL 1      0.0
  SNOW DEPTH       0

DEGREE DAYS
 HEATING
  TODAY            0                         5     -5        4
  MONTH TO DATE   14                        64    -50       68
  SINCE SEP 1     28                        75    -47       68
  SINCE JUL 1     28                        75    -47       68

 COOLING
  TODAY            8                         1      7        0
  MONTH TO DATE  143                        88     55      109
  SINCE SEP 1    463                       383     80      493
  SINCE JAN 1   2660                      2267    393     2668
..................................................................


WIND (MPH)
  HIGHEST WIND SPEED    13   HIGHEST WIND DIRECTION     S (170)
  HIGHEST GUST SPEED    17   HIGHEST GUST DIRECTION    SW (230)
  AVERAGE WIND SPEED     6.5


SKY COVER
  POSSIBLE SUNSHINE  MM
  AVERAGE SKY COVER 0.0


WEATHER CONDITIONS
 THE FOLLOWING WEATHER WAS RECORDED TODAY.
  NO SIGNIFICANT WEATHER WAS OBSERVED.


RELATIVE HUMIDITY (PERCENT)
 HIGHEST    90           700 AM
 LOWEST     26           200 PM
 AVERAGE    58

..........................................................


THE MIDLAND CLIMATE NORMALS FOR TOMORROW
                         NORMAL    RECORD    YEAR
 MAXIMUM TEMPERATURE (F)   75        90      1950
 MINIMUM TEMPERATURE (F)   48        33      1932


SUNRISE AND SUNSET
OCTOBER 25 2014.......SUNRISE   800 AM CDT   SUNSET   705 PM CDT
OCTOBER 26 2014.......SUNRISE   800 AM CDT   SUNSET   704 PM CDT


-  INDICATES NEGATIVE NUMBERS.
R  INDICATES RECORD WAS SET OR TIED.
MM INDICATES DATA IS MISSING.
T  INDICATES TRACE AMOUNT.




$$





U.S. Dept. of Commerce
NOAA National Weather Service
1325 East West Highway
Silver Spring, MD 20910
E-mail: w-nws.webmaster@noaa.gov
Page last modified: May 16, 2007
NATIONAL WEATHER SERVICE: for Safety, for Work, for Fun - FOR LIFE