043
CDUS44 KMAF 230731
CLIMAF

CLIMATE REPORT
NATIONAL WEATHER SERVICE MIDLAND/ODESSA TX
230 AM CDT THU OCT 23 2014

...................................

...THE MIDLAND CLIMATE SUMMARY FOR OCTOBER 22 2014...

CLIMATE NORMAL PERIOD 1981 TO 2010
CLIMATE RECORD PERIOD 1930 TO 2014

WEATHER ITEM   OBSERVED TIME   RECORD YEAR NORMAL DEPARTURE LAST
                VALUE   (LST)  VALUE       VALUE  FROM      YEAR
                                                  NORMAL
..................................................................
TEMPERATURE (F)
 YESTERDAY
  MAXIMUM         76    256 PM  91    2001  76      0       73
                                      1995
  MINIMUM         59   1159 PM  33    1990  50      9       42
                                      1945
  AVERAGE         68                        63      5       58

PRECIPITATION (IN)
  YESTERDAY        T             1.67 1931   0.05  -0.05     0.00
  MONTH TO DATE    T                         1.37  -1.37     1.66
  SINCE SEP 1      1.69                      3.23  -1.54     1.93
  SINCE JAN 1      6.43                     12.95  -6.52     6.50

SNOWFALL (IN)
  YESTERDAY        0.0
  MONTH TO DATE    0.0
  SINCE SEP 1      0.0
  SINCE JUL 1      0.0
  SNOW DEPTH       0

DEGREE DAYS
 HEATING
  YESTERDAY        0                         4     -4        7
  MONTH TO DATE   14                        51    -37       58
  SINCE SEP 1     28                        62    -34       58
  SINCE JUL 1     28                        62    -34       58

 COOLING
  YESTERDAY        3                         2      1        0
  MONTH TO DATE  124                        83     41      109
  SINCE SEP 1    444                       378     66      493
  SINCE JAN 1   2641                      2262    379     2668
..................................................................

WIND (MPH)
  HIGHEST WIND SPEED    20   HIGHEST WIND DIRECTION     S (160)
  HIGHEST GUST SPEED    23   HIGHEST GUST DIRECTION     S (160)
  AVERAGE WIND SPEED    11.8

SKY COVER
  POSSIBLE SUNSHINE  MM
  AVERAGE SKY COVER 0.8

WEATHER CONDITIONS
 THE FOLLOWING WEATHER WAS RECORDED YESTERDAY.
  FOG
  HAZE

RELATIVE HUMIDITY (PERCENT)
 HIGHEST    87           700 AM
 LOWEST     53           500 PM
 AVERAGE    70

..........................................................

THE MIDLAND CLIMATE NORMALS FOR TODAY
                         NORMAL    RECORD    YEAR
 MAXIMUM TEMPERATURE (F)   76        90      1934
 MINIMUM TEMPERATURE (F)   49        30      1996

SUNRISE AND SUNSET
OCTOBER 23 2014.......SUNRISE   758 AM CDT   SUNSET   708 PM CDT
OCTOBER 24 2014.......SUNRISE   759 AM CDT   SUNSET   706 PM CDT

-  INDICATES NEGATIVE NUMBERS.
R  INDICATES RECORD WAS SET OR TIED.
MM INDICATES DATA IS MISSING.
T  INDICATES TRACE AMOUNT.

$$

44




U.S. Dept. of Commerce
NOAA National Weather Service
1325 East West Highway
Silver Spring, MD 20910
E-mail: w-nws.webmaster@noaa.gov
Page last modified: May 16, 2007
NATIONAL WEATHER SERVICE: for Safety, for Work, for Fun - FOR LIFE