085
CDUS44 KMAF 230731
CLIMAF


CLIMATE REPORT
NATIONAL WEATHER SERVICE MIDLAND/ODESSA TX
231 AM CDT SAT AUG 23 2014


...................................

...THE MIDLAND CLIMATE SUMMARY FOR AUGUST 22 2014...

CLIMATE NORMAL PERIOD 1981 TO 2010
CLIMATE RECORD PERIOD 1930 TO 2014


WEATHER ITEM   OBSERVED TIME   RECORD YEAR NORMAL DEPARTURE LAST
                VALUE   (LST)  VALUE       VALUE  FROM      YEAR
                                                  NORMAL
..................................................................
TEMPERATURE (F)
 YESTERDAY
  MAXIMUM         97    349 PM 103    1985  93      4       93
  MINIMUM         76    701 AM  52    1947  68      8       70
  AVERAGE         87                        81      6       82

PRECIPITATION (IN)
  YESTERDAY        0.00          0.84 1958   0.07  -0.07     0.01
  MONTH TO DATE    0.77                      1.25  -0.48     1.18
  SINCE JUN 1      1.58                      4.87  -3.29     3.01
  SINCE JAN 1      4.74                      9.13  -4.39     4.57

DEGREE DAYS
 COOLING
  YESTERDAY       22                        16      6       17
  MONTH TO DATE  414                       368     46      444
  SINCE JUN 1   1540                      1361    179     1526
  SINCE JAN 1   2016                      1750    266     2014
..................................................................


WIND (MPH)
  HIGHEST WIND SPEED    21   HIGHEST WIND DIRECTION    SE (130)
  HIGHEST GUST SPEED    25   HIGHEST GUST DIRECTION    SE (150)
  AVERAGE WIND SPEED    11.3


SKY COVER
  POSSIBLE SUNSHINE  MM
  AVERAGE SKY COVER 0.0


WEATHER CONDITIONS
 THE FOLLOWING WEATHER WAS RECORDED YESTERDAY.
  NO SIGNIFICANT WEATHER WAS OBSERVED.


RELATIVE HUMIDITY (PERCENT)
 HIGHEST    67           100 AM
 LOWEST     24           500 PM
 AVERAGE    46

..........................................................


THE MIDLAND CLIMATE NORMALS FOR TODAY
                         NORMAL    RECORD    YEAR
 MAXIMUM TEMPERATURE (F)   93       106      1977
 MINIMUM TEMPERATURE (F)   68        61      1961
                                             1940


SUNRISE AND SUNSET
AUGUST 23 2014........SUNRISE   719 AM CDT   SUNSET   824 PM CDT
AUGUST 24 2014........SUNRISE   719 AM CDT   SUNSET   822 PM CDT


-  INDICATES NEGATIVE NUMBERS.
R  INDICATES RECORD WAS SET OR TIED.
MM INDICATES DATA IS MISSING.
T  INDICATES TRACE AMOUNT.




$$





U.S. Dept. of Commerce
NOAA National Weather Service
1325 East West Highway
Silver Spring, MD 20910
E-mail: w-nws.webmaster@noaa.gov
Page last modified: May 16, 2007
NATIONAL WEATHER SERVICE: for Safety, for Work, for Fun - FOR LIFE