806
CDUS44 KMAF 300732
CLIMAF


CLIMATE REPORT
NATIONAL WEATHER SERVICE MIDLAND/ODESSA TX
231 AM CDT WED JUL 30 2014


...................................

...THE MIDLAND CLIMATE SUMMARY FOR JULY 29 2014...

CLIMATE NORMAL PERIOD 1981 TO 2010
CLIMATE RECORD PERIOD 1930 TO 2014


WEATHER ITEM   OBSERVED TIME   RECORD YEAR NORMAL DEPARTURE LAST
                VALUE   (LST)  VALUE       VALUE  FROM      YEAR
                                                  NORMAL
..................................................................
TEMPERATURE (F)
 YESTERDAY
  MAXIMUM         98    322 PM 105    1995  95      3       95
                                      1960
  MINIMUM         73    630 AM  63    1988  70      3       76
                                      1987
  AVERAGE         86                        82      4       86

PRECIPITATION (IN)
  YESTERDAY        0.00          0.68 2007   0.06  -0.06      T
  MONTH TO DATE    0.28                      1.71  -1.43     0.98
  SINCE JUN 1      0.76                      3.51  -2.75     1.83
  SINCE JAN 1      3.92                      7.77  -3.85     3.39

DEGREE DAYS
 COOLING
  YESTERDAY       21                        17      4       21
  MONTH TO DATE  543                       493     50      470
  SINCE JUN 1   1091                       954    137     1034
  SINCE JAN 1   1567                      1343    224     1522
..................................................................


WIND (MPH)
  HIGHEST WIND SPEED    25   HIGHEST WIND DIRECTION     E (90)
  HIGHEST GUST SPEED    29   HIGHEST GUST DIRECTION     E (90)
  AVERAGE WIND SPEED    10.7


SKY COVER
  POSSIBLE SUNSHINE  MM
  AVERAGE SKY COVER 0.1


WEATHER CONDITIONS
 THE FOLLOWING WEATHER WAS RECORDED YESTERDAY.
  NO SIGNIFICANT WEATHER WAS OBSERVED.


RELATIVE HUMIDITY (PERCENT)
 HIGHEST    73           500 AM
 LOWEST     23           500 PM
 AVERAGE    48

..........................................................


THE MIDLAND CLIMATE NORMALS FOR TODAY
                         NORMAL    RECORD    YEAR
 MAXIMUM TEMPERATURE (F)   95       106      1937
 MINIMUM TEMPERATURE (F)   70        59      1971


SUNRISE AND SUNSET
JULY 30 2014..........SUNRISE   703 AM CDT   SUNSET   847 PM CDT
JULY 31 2014..........SUNRISE   704 AM CDT   SUNSET   846 PM CDT


-  INDICATES NEGATIVE NUMBERS.
R  INDICATES RECORD WAS SET OR TIED.
MM INDICATES DATA IS MISSING.
T  INDICATES TRACE AMOUNT.




$$





U.S. Dept. of Commerce
NOAA National Weather Service
1325 East West Highway
Silver Spring, MD 20910
E-mail: w-nws.webmaster@noaa.gov
Page last modified: May 16, 2007
NATIONAL WEATHER SERVICE: for Safety, for Work, for Fun - FOR LIFE