495
CDUS44 KMAF 220732
CLIMAF


CLIMATE REPORT
NATIONAL WEATHER SERVICE MIDLAND/ODESSA TX
231 AM CDT TUE JUL 22 2014


...................................

...THE MIDLAND CLIMATE SUMMARY FOR JULY 21 2014...

CLIMATE NORMAL PERIOD 1981 TO 2010
CLIMATE RECORD PERIOD 1930 TO 2014


WEATHER ITEM   OBSERVED TIME   RECORD YEAR NORMAL DEPARTURE LAST
                VALUE   (LST)  VALUE       VALUE  FROM      YEAR
                                                  NORMAL
..................................................................
TEMPERATURE (F)
 YESTERDAY
  MAXIMUM        100    510 PM 103    1981  95      5       91
  MINIMUM         77    625 AM  60    1970  70      7       69
  AVERAGE         89                        82      7       80

PRECIPITATION (IN)
  YESTERDAY        0.00          4.10 1961   0.07  -0.07     0.00
  MONTH TO DATE    0.28                      1.25  -0.97     0.98
  SINCE JUN 1      0.76                      3.05  -2.29     1.83
  SINCE JAN 1      3.92                      7.31  -3.39     3.39

DEGREE DAYS
 COOLING
  YESTERDAY       24                        17      7       15
  MONTH TO DATE  369                       357     12      311
  SINCE JUN 1    917                       818     99      875
  SINCE JAN 1   1393                      1207    186     1363
..................................................................


WIND (MPH)
  HIGHEST WIND SPEED    21   HIGHEST WIND DIRECTION    SE (150)
  HIGHEST GUST SPEED    35   HIGHEST GUST DIRECTION    SE (140)
  AVERAGE WIND SPEED    13.1


SKY COVER
  POSSIBLE SUNSHINE  MM
  AVERAGE SKY COVER 0.0


WEATHER CONDITIONS
 THE FOLLOWING WEATHER WAS RECORDED YESTERDAY.
  HAZE


RELATIVE HUMIDITY (PERCENT)
 HIGHEST    74           500 AM
 LOWEST     26           500 PM
 AVERAGE    50

..........................................................


THE MIDLAND CLIMATE NORMALS FOR TODAY
                         NORMAL    RECORD    YEAR
 MAXIMUM TEMPERATURE (F)   95       103      2001
                                             1981
 MINIMUM TEMPERATURE (F)   70        58      1988


SUNRISE AND SUNSET
JULY 22 2014..........SUNRISE   658 AM CDT   SUNSET   852 PM CDT
JULY 23 2014..........SUNRISE   658 AM CDT   SUNSET   852 PM CDT


-  INDICATES NEGATIVE NUMBERS.
R  INDICATES RECORD WAS SET OR TIED.
MM INDICATES DATA IS MISSING.
T  INDICATES TRACE AMOUNT.




$$






U.S. Dept. of Commerce
NOAA National Weather Service
1325 East West Highway
Silver Spring, MD 20910
E-mail: w-nws.webmaster@noaa.gov
Page last modified: May 16, 2007
NATIONAL WEATHER SERVICE: for Safety, for Work, for Fun - FOR LIFE