920
CDUS44 KMAF 220734
CLIMAF


CLIMATE REPORT
NATIONAL WEATHER SERVICE MIDLAND/ODESSA TX
234 AM CDT MON SEP 22 2014


...................................

...THE MIDLAND CLIMATE SUMMARY FOR SEPTEMBER 21 2014...

CLIMATE NORMAL PERIOD 1981 TO 2010
CLIMATE RECORD PERIOD 1930 TO 2014


WEATHER ITEM   OBSERVED TIME   RECORD YEAR NORMAL DEPARTURE LAST
                VALUE   (LST)  VALUE       VALUE  FROM      YEAR
                                                  NORMAL
..................................................................
TEMPERATURE (F)
 YESTERDAY
  MAXIMUM         79    125 PM 100    1998  85     -6       80
                                      1977
  MINIMUM         70    335 PM  40    1983  60     10       59
  AVERAGE         75                        73      2       70

PRECIPITATION (IN)
  YESTERDAY        0.04          1.74 1978   0.06  -0.02     0.00
  MONTH TO DATE    1.63                      1.34   0.29     0.27
  SINCE SEP 1      1.63                      1.34   0.29     0.27
  SINCE JAN 1      6.37                     11.06  -4.69     4.84

DEGREE DAYS
 HEATING
  YESTERDAY        0                         1     -1        0
  MONTH TO DATE   14                         1     13        0
  SINCE SEP 1     14                         1     13        0
  SINCE JUL 1     14                         1     13        0

 COOLING
  YESTERDAY       10                         8      2        5
  MONTH TO DATE  245                       232     13      300
  SINCE SEP 1    245                       232     13      300
  SINCE JAN 1   2442                      2116    326     2475
..................................................................


WIND (MPH)
  HIGHEST WIND SPEED    24   HIGHEST WIND DIRECTION    NE (60)
  HIGHEST GUST SPEED    29   HIGHEST GUST DIRECTION     E (80)
  AVERAGE WIND SPEED     8.1


SKY COVER
  POSSIBLE SUNSHINE  MM
  AVERAGE SKY COVER 0.9


WEATHER CONDITIONS
 THE FOLLOWING WEATHER WAS RECORDED YESTERDAY.
  LIGHT RAIN
  FOG


RELATIVE HUMIDITY (PERCENT)
 HIGHEST    93          1200 AM
 LOWEST     74           100 PM
 AVERAGE    84

..........................................................


THE MIDLAND CLIMATE NORMALS FOR TODAY
                         NORMAL    RECORD    YEAR
 MAXIMUM TEMPERATURE (F)   85       100      1977
 MINIMUM TEMPERATURE (F)   60        42      1995


SUNRISE AND SUNSET
SEPTEMBER 22 2014.....SUNRISE   737 AM CDT   SUNSET   745 PM CDT
SEPTEMBER 23 2014.....SUNRISE   738 AM CDT   SUNSET   744 PM CDT


-  INDICATES NEGATIVE NUMBERS.
R  INDICATES RECORD WAS SET OR TIED.
MM INDICATES DATA IS MISSING.
T  INDICATES TRACE AMOUNT.




$$





U.S. Dept. of Commerce
NOAA National Weather Service
1325 East West Highway
Silver Spring, MD 20910
E-mail: w-nws.webmaster@noaa.gov
Page last modified: May 16, 2007
NATIONAL WEATHER SERVICE: for Safety, for Work, for Fun - FOR LIFE