519
CDUS44 KMAF 250833
CLIMAF


CLIMATE REPORT
NATIONAL WEATHER SERVICE MIDLAND/ODESSA TX
233 AM CST TUE NOV 25 2014


...................................

...THE MIDLAND CLIMATE SUMMARY FOR NOVEMBER 24 2014...

CLIMATE NORMAL PERIOD 1981 TO 2010
CLIMATE RECORD PERIOD 1930 TO 2014


WEATHER ITEM   OBSERVED TIME   RECORD YEAR NORMAL DEPARTURE LAST
                VALUE   (LST)  VALUE       VALUE  FROM      YEAR
                                                  NORMAL
..................................................................
TEMPERATURE (F)
 YESTERDAY
  MAXIMUM         57    452 PM  83    1965  63     -6       31
                                      1946
  MINIMUM         34   1153 PM  10    1938  36     -2       29
  AVERAGE         46                        49     -3       30

PRECIPITATION (IN)
  YESTERDAY        0.00          1.00 1984   0.02  -0.02     0.09
  MONTH TO DATE    1.02                      0.56   0.46     0.57
  SINCE SEP 1      2.71                      4.15  -1.44     2.50
  SINCE JAN 1      7.45                     13.87  -6.42     7.07

SNOWFALL (IN)
  YESTERDAY        0.0
  MONTH TO DATE    T
  SINCE SEP 1      T
  SINCE JUL 1      T
  SNOW DEPTH       0

DEGREE DAYS
 HEATING
  YESTERDAY       19                        16      3       35
  MONTH TO DATE  333                       269     64      284
  SINCE SEP 1    371                       378     -7      363
  SINCE JUL 1    371                       378     -7      363
..................................................................


WIND (MPH)
  HIGHEST WIND SPEED    16   HIGHEST WIND DIRECTION    NW (320)
  HIGHEST GUST SPEED    19   HIGHEST GUST DIRECTION    NW (320)
  AVERAGE WIND SPEED     5.9


SKY COVER
  POSSIBLE SUNSHINE  MM
  AVERAGE SKY COVER 0.0


WEATHER CONDITIONS
 THE FOLLOWING WEATHER WAS RECORDED YESTERDAY.
  NO SIGNIFICANT WEATHER WAS OBSERVED.


RELATIVE HUMIDITY (PERCENT)
 HIGHEST    76           600 AM
 LOWEST     26           500 PM
 AVERAGE    51

..........................................................


THE MIDLAND CLIMATE NORMALS FOR TODAY
                         NORMAL    RECORD    YEAR
 MAXIMUM TEMPERATURE (F)   63        85      1965
 MINIMUM TEMPERATURE (F)   35        18      1938


SUNRISE AND SUNSET
NOVEMBER 25 2014......SUNRISE   726 AM CST   SUNSET   545 PM CST
NOVEMBER 26 2014......SUNRISE   727 AM CST   SUNSET   545 PM CST


-  INDICATES NEGATIVE NUMBERS.
R  INDICATES RECORD WAS SET OR TIED.
MM INDICATES DATA IS MISSING.
T  INDICATES TRACE AMOUNT.




$$





U.S. Dept. of Commerce
NOAA National Weather Service
1325 East West Highway
Silver Spring, MD 20910
E-mail: w-nws.webmaster@noaa.gov
Page last modified: May 16, 2007
NATIONAL WEATHER SERVICE: for Safety, for Work, for Fun - FOR LIFE