822
CDUS44 KMAF 300938
CLIMAF


CLIMATE REPORT
NATIONAL WEATHER SERVICE MIDLAND/ODESSA TX
438 AM CDT TUE SEP 30 2014


...................................

...THE MIDLAND CLIMATE SUMMARY FOR SEPTEMBER 29 2014...

CLIMATE NORMAL PERIOD 1981 TO 2010
CLIMATE RECORD PERIOD 1930 TO 2014


WEATHER ITEM   OBSERVED TIME   RECORD YEAR NORMAL DEPARTURE LAST
                VALUE   (LST)  VALUE       VALUE  FROM      YEAR
                                                  NORMAL
..................................................................
TEMPERATURE (F)
 YESTERDAY
  MAXIMUM         84    432 PM 102    1977  83      1       82
  MINIMUM         60    651 AM  41    1945  58      2       50
  AVERAGE         72                        70      2       66

PRECIPITATION (IN)
  YESTERDAY        0.00          0.84 1932   0.05  -0.05     0.00
  MONTH TO DATE    1.69                      1.80  -0.11     0.27
  SINCE SEP 1      1.69                      1.80  -0.11     0.27
  SINCE JAN 1      6.43                     11.52  -5.09     4.84

DEGREE DAYS
 HEATING
  YESTERDAY        0                         1     -1        0
  MONTH TO DATE   14                         9      5        0
  SINCE SEP 1     14                         9      5        0
  SINCE JUL 1     14                         9      5        0

 COOLING
  YESTERDAY        7                         6      1        1
  MONTH TO DATE  308                       290     18      372
  SINCE SEP 1    308                       290     18      372
  SINCE JAN 1   2505                      2174    331     2547
..................................................................


WIND (MPH)
  HIGHEST WIND SPEED    18   HIGHEST WIND DIRECTION    SE (150)
  HIGHEST GUST SPEED    26   HIGHEST GUST DIRECTION     S (160)
  AVERAGE WIND SPEED     9.5


SKY COVER
  POSSIBLE SUNSHINE  MM
  AVERAGE SKY COVER 0.0


WEATHER CONDITIONS
 THE FOLLOWING WEATHER WAS RECORDED YESTERDAY.
  HAZE


RELATIVE HUMIDITY (PERCENT)
 HIGHEST    90           600 AM
 LOWEST     37           400 PM
 AVERAGE    64

..........................................................


THE MIDLAND CLIMATE NORMALS FOR TODAY
                         NORMAL    RECORD    YEAR
 MAXIMUM TEMPERATURE (F)   83       104      1977
 MINIMUM TEMPERATURE (F)   57        41      1984


SUNRISE AND SUNSET
SEPTEMBER 30 2014.....SUNRISE   742 AM CDT   SUNSET   735 PM CDT
OCTOBER  1 2014.......SUNRISE   743 AM CDT   SUNSET   734 PM CDT


-  INDICATES NEGATIVE NUMBERS.
R  INDICATES RECORD WAS SET OR TIED.
MM INDICATES DATA IS MISSING.
T  INDICATES TRACE AMOUNT.




$$






U.S. Dept. of Commerce
NOAA National Weather Service
1325 East West Highway
Silver Spring, MD 20910
E-mail: w-nws.webmaster@noaa.gov
Page last modified: May 16, 2007
NATIONAL WEATHER SERVICE: for Safety, for Work, for Fun - FOR LIFE