951
CDUS46 KHNX 310024
CLIMAE


CLIMATE REPORT
NATIONAL WEATHER SERVICE SAN JOAQUIN VALLEY, CA
522 PM PDT THU OCT 30 2014


...................................

...THE MADERA CA CLIMATE SUMMARY FOR OCTOBER 30 2014...
VALID AS OF 0500 PM LOCAL TIME.

CLIMATE NORMAL PERIOD 1981 TO 2010
CLIMATE RECORD PERIOD 1998 TO 2014


WEATHER ITEM   OBSERVED TIME   RECORD YEAR NORMAL DEPARTURE LAST
                VALUE   (LST)  VALUE       VALUE  FROM      YEAR
                                                  NORMAL
..................................................................
TEMPERATURE (F)
 TODAY
  MAXIMUM         82R   323 PM  82    2012  73      9       68
                                      1999
  MINIMUM         50    200 AM  36    2006  45      5       39
  AVERAGE         66                        59      7       54

PRECIPITATION (IN)
  TODAY            0.00          0.32 2001   0.06  -0.06     0.00
  MONTH TO DATE    T                         0.81  -0.81     0.03
  SINCE JUL 1      0.03                      1.10  -1.07     0.31
  SINCE JAN 1      3.64                      9.10  -5.46     3.83

SNOWFALL (IN)
  TODAY            0.0
  MONTH TO DATE    0.0
  SINCE SEP 1      0.0
  SINCE JUL 1      0.0
  SNOW DEPTH       0

DEGREE DAYS
 HEATING
  TODAY            0                                        11
  MONTH TO DATE   32                                        89
  SINCE SEP 1     32                                        98
  SINCE JUL 1     32                                        98

 COOLING
  TODAY            1                                         0
  MONTH TO DATE  122                                         9
  SINCE SEP 1    466                                       246
  SINCE JAN 1   2952                                      1688
..................................................................


WIND (MPH)
  HIGHEST WIND SPEED    10   HIGHEST WIND DIRECTION    SE (120)
  HIGHEST GUST SPEED    12   HIGHEST GUST DIRECTION    SE (120)
  AVERAGE WIND SPEED     4.5




RELATIVE HUMIDITY (PERCENT)
 HIGHEST    71
 LOWEST     26
 AVERAGE    49

..........................................................


THE MADERA CA CLIMATE NORMALS FOR TOMORROW
                         NORMAL    RECORD    YEAR
 MAXIMUM TEMPERATURE (F)   72        79      1999
 MINIMUM TEMPERATURE (F)   45        36      2002


SUNRISE AND SUNSET
OCTOBER 30 2014.......SUNRISE   723 AM PDT   SUNSET   605 PM PDT
OCTOBER 31 2014.......SUNRISE   724 AM PDT   SUNSET   604 PM PDT


-  INDICATES NEGATIVE NUMBERS.
R  INDICATES RECORD WAS SET OR TIED.
MM INDICATES DATA IS MISSING.
T  INDICATES TRACE AMOUNT.




$$






U.S. Dept. of Commerce
NOAA National Weather Service
1325 East West Highway
Silver Spring, MD 20910
E-mail: w-nws.webmaster@noaa.gov
Page last modified: May 16, 2007
NATIONAL WEATHER SERVICE: for Safety, for Work, for Fun - FOR LIFE