635
CDUS46 KHNX 260825
CLIMAE


CLIMATE REPORT
NATIONAL WEATHER SERVICE SAN JOAQUIN VALLEY, CA
1225 AM PST MON JAN 26 2015


...................................

...THE MADERA CA AIRPORT CLIMATE SUMMARY FOR JANUARY 25 2015...

CLIMATE NORMAL PERIOD 1981 TO 2010
CLIMATE RECORD PERIOD 1998 TO 2015


WEATHER ITEM   OBSERVED TIME   RECORD YEAR NORMAL DEPARTURE
                VALUE   (LST)  VALUE       VALUE  FROM
                                                  NORMAL
...............................................................
TEMPERATURE (F)
 YESTERDAY
  MAXIMUM         50    406 PM  74    2014  56     -6
  MINIMUM         38   1159 PM  30    2007  38      0
  AVERAGE         44                        47     -3

PRECIPITATION (IN)
  YESTERDAY        0.00          0.46 1999   0.04  -0.04
  MONTH TO DATE    T                         2.17  -2.17
  SINCE OCT 1      3.68                      5.90  -2.22
  SINCE JAN 1      T                         2.17  -2.17

SNOWFALL (IN)
  YESTERDAY        0.0
  MONTH TO DATE    0.0
  SINCE DEC 1      0.0
  SINCE JUL 1      0.0
  SNOW DEPTH       0

DEGREE DAYS
 HEATING
  YESTERDAY       21
  MONTH TO DATE  406
  SINCE DEC 1    794
  SINCE JUL 1   1110

 COOLING
  YESTERDAY        0
  MONTH TO DATE    0
  SINCE DEC 1      1
  SINCE JAN 1      0
...............................................................


WIND (MPH)
  HIGHEST WIND SPEED     9   HIGHEST WIND DIRECTION    SE (120)
  HIGHEST GUST SPEED    14   HIGHEST GUST DIRECTION    NE (60)
  AVERAGE WIND SPEED     3.4




RELATIVE HUMIDITY (PERCENT)
 HIGHEST   100
 LOWEST     74
 AVERAGE    87

..........................................................


THE MADERA CA AIRPORT CLIMATE NORMALS FOR TODAY
                         NORMAL    RECORD    YEAR
 MAXIMUM TEMPERATURE (F)   56        69      2014
 MINIMUM TEMPERATURE (F)   38        31      2007


SUNRISE AND SUNSET
JANUARY 26 2015.......SUNRISE   707 AM PST   SUNSET   519 PM PST
JANUARY 27 2015.......SUNRISE   707 AM PST   SUNSET   520 PM PST


-  INDICATES NEGATIVE NUMBERS.
R  INDICATES RECORD WAS SET OR TIED.
MM INDICATES DATA IS MISSING.
T  INDICATES TRACE AMOUNT.




$$





U.S. Dept. of Commerce
NOAA National Weather Service
1325 East West Highway
Silver Spring, MD 20910
E-mail: w-nws.webmaster@noaa.gov
Page last modified: May 16, 2007
NATIONAL WEATHER SERVICE: for Safety, for Work, for Fun - FOR LIFE