248
CDUS46 KHNX 250028
CLIMAE


CLIMATE REPORT
NATIONAL WEATHER SERVICE SAN JOAQUIN VALLEY, CA
528 PM PDT THU APR 24 2014


...................................

...THE MADERA CA CLIMATE SUMMARY FOR APRIL 24 2014...
VALID AS OF 0500 PM LOCAL TIME.

CLIMATE NORMAL PERIOD 1981 TO 2010
CLIMATE RECORD PERIOD 1998 TO 2014


WEATHER ITEM   OBSERVED TIME   RECORD YEAR NORMAL DEPARTURE LAST
                VALUE   (LST)  VALUE       VALUE  FROM      YEAR
                                                  NORMAL
..................................................................
TEMPERATURE (F)
 TODAY
  MAXIMUM         79    257 PM  88    2013  77      2       88
  MINIMUM         46    525 AM  38    2008  47     -1       47
  AVERAGE         63                        62      1       68

PRECIPITATION (IN)
  TODAY            0.00          0.01 2003   0.03  -0.03     0.00
  MONTH TO DATE    0.02                      0.78  -0.76     0.57
  SINCE JUL 1      4.04                     11.18  -7.14     8.16
  SINCE JAN 1      3.07                      7.16  -4.09     3.46

SNOWFALL (IN)
  TODAY            0.0
  MONTH TO DATE    0.0
  SINCE MAR 1      0.0
  SINCE JUL 1      0.0
  SNOW DEPTH       0

DEGREE DAYS
 HEATING
  TODAY            2                                         0
  MONTH TO DATE   77                                        89
  SINCE MAR 1    267                                       287
  SINCE JUL 1   2094                                      2290

 COOLING
  TODAY            0                                         3
  MONTH TO DATE   47                                        13
  SINCE MAR 1     47                                        15
  SINCE JAN 1     47                                        15
..................................................................


WIND (MPH)
  HIGHEST WIND SPEED    MM   HIGHEST WIND DIRECTION    MM
  HIGHEST GUST SPEED    MM   HIGHEST GUST DIRECTION    MM
  AVERAGE WIND SPEED    MM




RELATIVE HUMIDITY (PERCENT)
 HIGHEST    86
 LOWEST     30
 AVERAGE    58

..........................................................


THE MADERA CA CLIMATE NORMALS FOR TOMORROW
                         NORMAL    RECORD    YEAR
 MAXIMUM TEMPERATURE (F)   78        93      2004
 MINIMUM TEMPERATURE (F)   47        40      2008


SUNRISE AND SUNSET
APRIL 24 2014.........SUNRISE   614 AM PDT   SUNSET   743 PM PDT
APRIL 25 2014.........SUNRISE   613 AM PDT   SUNSET   744 PM PDT


-  INDICATES NEGATIVE NUMBERS.
R  INDICATES RECORD WAS SET OR TIED.
MM INDICATES DATA IS MISSING.
T  INDICATES TRACE AMOUNT.




$$





U.S. Dept. of Commerce
NOAA National Weather Service
1325 East West Highway
Silver Spring, MD 20910
E-mail: w-nws.webmaster@noaa.gov
Page last modified: May 16, 2007
NATIONAL WEATHER SERVICE: for Safety, for Work, for Fun - FOR LIFE