151
CDUS46 KHNX 190826
CLIMAE


CLIMATE REPORT
NATIONAL WEATHER SERVICE SAN JOAQUIN VALLEY, CA
126 AM PDT SAT APR 19 2014


...................................

...THE MADERA CA AIRPORT CLIMATE SUMMARY FOR APRIL 18 2014...

CLIMATE NORMAL PERIOD 1981 TO 2010
CLIMATE RECORD PERIOD 1998 TO 2014


WEATHER ITEM   OBSERVED TIME   RECORD YEAR NORMAL DEPARTURE
                VALUE   (LST)  VALUE       VALUE  FROM
                                                  NORMAL
...............................................................
TEMPERATURE (F)
 YESTERDAY
  MAXIMUM         82    408 PM  88    1999  75      7
  MINIMUM         56    617 AM  37    2007  45     11
  AVERAGE         69                        60      9

PRECIPITATION (IN)
  YESTERDAY        0.00          0.05 2001   0.03  -0.03
  MONTH TO DATE    0.02                      0.58  -0.56
  SINCE JUL 1      4.04                     10.98  -6.94
  SINCE JAN 1      3.07                      6.96  -3.89

SNOWFALL (IN)
  YESTERDAY        0.0
  MONTH TO DATE    0.0
  SINCE MAR 1      0.0
  SINCE JUL 1      0.0
  SNOW DEPTH       0

DEGREE DAYS
 HEATING
  YESTERDAY        0
  MONTH TO DATE   66
  SINCE MAR 1    256
  SINCE JUL 1   2083

 COOLING
  YESTERDAY        4
  MONTH TO DATE   41
  SINCE MAR 1     41
  SINCE JAN 1     41
...............................................................


WIND (MPH)
  HIGHEST WIND SPEED    17   HIGHEST WIND DIRECTION     N (340)
  HIGHEST GUST SPEED    22   HIGHEST GUST DIRECTION    SW (230)
  AVERAGE WIND SPEED     7.9




RELATIVE HUMIDITY (PERCENT)
 HIGHEST    77
 LOWEST     28
 AVERAGE    53

..........................................................


THE MADERA CA AIRPORT CLIMATE NORMALS FOR TODAY
                         NORMAL    RECORD    YEAR
 MAXIMUM TEMPERATURE (F)   75        92      2009
 MINIMUM TEMPERATURE (F)   46        32      2002


SUNRISE AND SUNSET
APRIL 19 2014.........SUNRISE   621 AM PDT   SUNSET   739 PM PDT
APRIL 20 2014.........SUNRISE   619 AM PDT   SUNSET   740 PM PDT


-  INDICATES NEGATIVE NUMBERS.
R  INDICATES RECORD WAS SET OR TIED.
MM INDICATES DATA IS MISSING.
T  INDICATES TRACE AMOUNT.




$$





U.S. Dept. of Commerce
NOAA National Weather Service
1325 East West Highway
Silver Spring, MD 20910
E-mail: w-nws.webmaster@noaa.gov
Page last modified: May 16, 2007
NATIONAL WEATHER SERVICE: for Safety, for Work, for Fun - FOR LIFE