181
CDUS44 KLZK 302201
CLILZK


CLIMATE REPORT
NATIONAL WEATHER SERVICE LITTLE ROCK AR
401 PM CST FRI JAN 30 2015


...................................

...THE NORTH LITTLE ROCK CLIMATE SUMMARY FOR JANUARY 30 2015...
VALID TODAY AS OF 0400 PM LOCAL TIME.

CLIMATE NORMAL PERIOD 1981 TO 2010
CLIMATE RECORD PERIOD 1975 TO 2015


WEATHER ITEM   OBSERVED TIME   RECORD YEAR NORMAL DEPARTURE LAST
                VALUE   (LST)  VALUE       VALUE  FROM      YEAR
                                                  NORMAL
..................................................................
TEMPERATURE (F)
 TODAY
  MAXIMUM         51        MM  81    2002  51      0       48
  MINIMUM         32        MM  21    1996  33     -1       23
                                      1993
  AVERAGE         42                        42      0       36

PRECIPITATION (IN)
  TODAY            0.00          2.22 1982   0.12  -0.12     0.00
  MONTH TO DATE    2.92                      3.31  -0.39     2.31
  SINCE DEC 1      5.91                      8.32  -2.41     9.63
  SINCE JAN 1      2.92                      3.31  -0.39     2.31

SNOWFALL (IN)
  TODAY            0.0           0.4  1980   0.1   -0.1      0.0
  MONTH TO DATE    T                         1.6   -1.6       T
  SINCE DEC 1      T                         2.1   -2.1      1.1
  SINCE JUL 1      0.6                       2.1   -1.5      1.1
  SNOW DEPTH       0

DEGREE DAYS
 HEATING
  TODAY           23                        23      0       29
  MONTH TO DATE  722                       715      7      814
  SINCE DEC 1   1370                      1395    -25     1514
  SINCE JUL 1   1985                      1907     78     2120

 COOLING
  TODAY            0                         0      0        0
  MONTH TO DATE    0                         0      0        0
  SINCE DEC 1      0                         1     -1        1
  SINCE JAN 1      0                         0      0        0
..................................................................


WIND (MPH)
  HIGHEST WIND SPEED    MM   HIGHEST WIND DIRECTION    MM
  HIGHEST GUST SPEED    MM   HIGHEST GUST DIRECTION    MM
  AVERAGE WIND SPEED    MM


SKY COVER
  POSSIBLE SUNSHINE  MM
  AVERAGE SKY COVER  MM


WEATHER CONDITIONS
 THE FOLLOWING WEATHER WAS RECORDED TODAY.
  NO SIGNIFICANT WEATHER WAS OBSERVED.


RELATIVE HUMIDITY (PERCENT)
 HIGHEST    MM
 LOWEST     MM
 AVERAGE    MM

..........................................................


THE NORTH LITTLE ROCK CLIMATE NORMALS FOR TOMORROW
                         NORMAL    RECORD    YEAR
 MAXIMUM TEMPERATURE (F)   51        77      2002
 MINIMUM TEMPERATURE (F)   33        11      1985


SUNRISE AND SUNSET
JANUARY 30 2015.......SUNRISE   709 AM CST   SUNSET   536 PM CST
JANUARY 31 2015.......SUNRISE   708 AM CST   SUNSET   537 PM CST


-  INDICATES NEGATIVE NUMBERS.
R  INDICATES RECORD WAS SET OR TIED.
MM INDICATES DATA IS MISSING.
T  INDICATES TRACE AMOUNT.




$$





U.S. Dept. of Commerce
NOAA National Weather Service
1325 East West Highway
Silver Spring, MD 20910
E-mail: w-nws.webmaster@noaa.gov
Page last modified: May 16, 2007
NATIONAL WEATHER SERVICE: for Safety, for Work, for Fun - FOR LIFE