887
CDUS44 KLZK 230909
CLILZK


CLIMATE REPORT
NATIONAL WEATHER SERVICE LITTLE ROCK AR
409 AM CDT WED APR 23 2014


...................................

...THE NORTH LITTLE ROCK CLIMATE SUMMARY FOR APRIL 22 2014...

CLIMATE NORMAL PERIOD 1981 TO 2010
CLIMATE RECORD PERIOD 1975 TO 2014


WEATHER ITEM   OBSERVED TIME   RECORD YEAR NORMAL DEPARTURE LAST
                VALUE   (LST)  VALUE       VALUE  FROM      YEAR
                                                  NORMAL
..................................................................
TEMPERATURE (F)
 YESTERDAY
  MAXIMUM         79        MM  89    1980  75      4       73
  MINIMUM         60        MM  38    1978  55      5       48
  AVERAGE         70                        65      5       61

PRECIPITATION (IN)
  YESTERDAY        0.00          2.06 1985   0.18  -0.18     0.00
  MONTH TO DATE    3.94                      3.44   0.50     3.46
  SINCE MAR 1      9.11                      8.21   0.90     8.45
  SINCE JAN 1     14.43                     15.29  -0.86    17.97

SNOWFALL (IN)
  YESTERDAY        0.0          MM      MM   0.0    0.0      0.0
  MONTH TO DATE    0.0                       0.0    0.0      0.0
  SINCE MAR 1      1.6                       0.4    1.2       T
  SINCE JUL 1      5.2                       4.4    0.8     10.9
  SNOW DEPTH       0

DEGREE DAYS
 HEATING
  YESTERDAY        0                         3     -3        4
  MONTH TO DATE  136                       117     19      153
  SINCE MAR 1    625                       477    148      666
  SINCE JUL 1   3452                      2963    489     2935

 COOLING
  YESTERDAY        5                         3      2        0
  MONTH TO DATE   40                        42     -2       46
  SINCE MAR 1     40                        59    -19       49
  SINCE JAN 1     40                        61    -21       51
..................................................................


WIND (MPH)
  HIGHEST WIND SPEED    MM   HIGHEST WIND DIRECTION    MM
  HIGHEST GUST SPEED    MM   HIGHEST GUST DIRECTION    MM
  AVERAGE WIND SPEED    MM


SKY COVER
  POSSIBLE SUNSHINE  MM
  AVERAGE SKY COVER  MM


WEATHER CONDITIONS
 THE FOLLOWING WEATHER WAS RECORDED YESTERDAY.
  FOG
  FOG W/VISIBILITY <= 1/4 MILE


RELATIVE HUMIDITY (PERCENT)
 HIGHEST    MM
 LOWEST     MM
 AVERAGE    MM

..........................................................


THE NORTH LITTLE ROCK CLIMATE NORMALS FOR TODAY
                         NORMAL    RECORD    YEAR
 MAXIMUM TEMPERATURE (F)   75        87      2009
                                             1999
                                             1980
 MINIMUM TEMPERATURE (F)   55        45      2012
                                             1995
                                             1986


SUNRISE AND SUNSET
APRIL 23 2014.........SUNRISE   627 AM CDT   SUNSET   748 PM CDT
APRIL 24 2014.........SUNRISE   626 AM CDT   SUNSET   749 PM CDT


-  INDICATES NEGATIVE NUMBERS.
R  INDICATES RECORD WAS SET OR TIED.
MM INDICATES DATA IS MISSING.
T  INDICATES TRACE AMOUNT.




$$





U.S. Dept. of Commerce
NOAA National Weather Service
1325 East West Highway
Silver Spring, MD 20910
E-mail: w-nws.webmaster@noaa.gov
Page last modified: May 16, 2007
NATIONAL WEATHER SERVICE: for Safety, for Work, for Fun - FOR LIFE