725
CDUS44 KLZK 232213
CLILZK


CLIMATE REPORT
NATIONAL WEATHER SERVICE LITTLE ROCK AR
413 PM CST SUN NOV 23 2014


...................................

...THE NORTH LITTLE ROCK CLIMATE SUMMARY FOR NOVEMBER 23 2014...
VALID TODAY AS OF 0400 PM LOCAL TIME.

CLIMATE NORMAL PERIOD 1981 TO 2010
CLIMATE RECORD PERIOD 1975 TO 2014


WEATHER ITEM   OBSERVED TIME   RECORD YEAR NORMAL DEPARTURE LAST
                VALUE   (LST)  VALUE       VALUE  FROM      YEAR
                                                  NORMAL
..................................................................
TEMPERATURE (F)
 TODAY
  MAXIMUM         61        MM  77    2005  58      3       46
  MINIMUM         56        MM  28    2007  41     15       31
  AVERAGE         59                        50      9       39

PRECIPITATION (IN)
  TODAY            0.57          2.77 2004   0.18   0.39     0.11
  MONTH TO DATE    2.04                      4.05  -2.01     3.76
  SINCE SEP 1      8.36                     12.16  -3.80     9.48
  SINCE JAN 1     44.16                     43.68   0.48    43.70

SNOWFALL (IN)
  TODAY            0.0          MM      MM   0.0    0.0      0.0
  MONTH TO DATE    0.6                       0.0    0.6      0.0
  SINCE SEP 1      0.6                       T      0.6      0.0
  SINCE JUL 1      0.6                       T      0.6      0.0
  SNOW DEPTH       0

DEGREE DAYS
 HEATING
  TODAY            6                        15     -9       26
  MONTH TO DATE  431                       258    173      286
  SINCE SEP 1    512                       393    119      410
  SINCE JUL 1    512                       393    119      410

 COOLING
  TODAY            0                         0      0        0
  MONTH TO DATE    0                        10    -10        8
  SINCE SEP 1    416                       391     25      482
  SINCE JAN 1   1931                      2168   -237     2118
..................................................................


WIND (MPH)
  HIGHEST WIND SPEED    MM   HIGHEST WIND DIRECTION    MM
  HIGHEST GUST SPEED    MM   HIGHEST GUST DIRECTION    MM
  AVERAGE WIND SPEED    MM


SKY COVER
  POSSIBLE SUNSHINE  MM
  AVERAGE SKY COVER  MM


WEATHER CONDITIONS
 THE FOLLOWING WEATHER WAS RECORDED TODAY.
  NO SIGNIFICANT WEATHER WAS OBSERVED.


RELATIVE HUMIDITY (PERCENT)
 HIGHEST    MM
 LOWEST     MM
 AVERAGE    MM

..........................................................


THE NORTH LITTLE ROCK CLIMATE NORMALS FOR TOMORROW
                         NORMAL    RECORD    YEAR
 MAXIMUM TEMPERATURE (F)   58        76      2010
 MINIMUM TEMPERATURE (F)   41        23      2013


SUNRISE AND SUNSET
NOVEMBER 23 2014......SUNRISE   651 AM CST   SUNSET   500 PM CST
NOVEMBER 24 2014......SUNRISE   652 AM CST   SUNSET   459 PM CST


-  INDICATES NEGATIVE NUMBERS.
R  INDICATES RECORD WAS SET OR TIED.
MM INDICATES DATA IS MISSING.
T  INDICATES TRACE AMOUNT.




$$





U.S. Dept. of Commerce
NOAA National Weather Service
1325 East West Highway
Silver Spring, MD 20910
E-mail: w-nws.webmaster@noaa.gov
Page last modified: May 16, 2007
NATIONAL WEATHER SERVICE: for Safety, for Work, for Fun - FOR LIFE