595
CDUS44 KLZK 261009
CLILZK


CLIMATE REPORT
NATIONAL WEATHER SERVICE LITTLE ROCK AR
409 AM CST WED NOV 26 2014


...................................

...THE NORTH LITTLE ROCK CLIMATE SUMMARY FOR NOVEMBER 25 2014...

CLIMATE NORMAL PERIOD 1981 TO 2010
CLIMATE RECORD PERIOD 1975 TO 2014


WEATHER ITEM   OBSERVED TIME   RECORD YEAR NORMAL DEPARTURE LAST
                VALUE   (LST)  VALUE       VALUE  FROM      YEAR
                                                  NORMAL
..................................................................
TEMPERATURE (F)
 YESTERDAY
  MAXIMUM         53        MM  75    1998  58     -5       33
  MINIMUM         36        MM  29    1980  40     -4       30
  AVERAGE         45                        49     -4       32

PRECIPITATION (IN)
  YESTERDAY        0.00          2.18 2007   0.18  -0.18     0.23
  MONTH TO DATE    2.04                      4.42  -2.38     3.99
  SINCE SEP 1      8.36                     12.53  -4.17     9.71
  SINCE JAN 1     44.16                     44.05   0.11    43.93

SNOWFALL (IN)
  YESTERDAY        0.0          MM      MM   0.0    0.0      0.0
  MONTH TO DATE    0.6                       0.0    0.6      0.0
  SINCE SEP 1      0.6                       T      0.6      0.0
  SINCE JUL 1      0.6                       T      0.6      0.0
  SNOW DEPTH       0

DEGREE DAYS
 HEATING
  YESTERDAY       20                        16      4       33
  MONTH TO DATE  465                       290    175      356
  SINCE SEP 1    546                       425    121      480
  SINCE JUL 1    546                       425    121      480

 COOLING
  YESTERDAY        0                         0      0        0
  MONTH TO DATE    0                        10    -10        8
  SINCE SEP 1    416                       391     25      482
  SINCE JAN 1   1931                      2168   -237     2118
..................................................................


WIND (MPH)
  HIGHEST WIND SPEED    MM   HIGHEST WIND DIRECTION    MM
  HIGHEST GUST SPEED    MM   HIGHEST GUST DIRECTION    MM
  AVERAGE WIND SPEED    MM


SKY COVER
  POSSIBLE SUNSHINE  MM
  AVERAGE SKY COVER  MM


WEATHER CONDITIONS
 THE FOLLOWING WEATHER WAS RECORDED YESTERDAY.
  NO SIGNIFICANT WEATHER WAS OBSERVED.


RELATIVE HUMIDITY (PERCENT)
 HIGHEST    MM
 LOWEST     MM
 AVERAGE    MM

..........................................................


THE NORTH LITTLE ROCK CLIMATE NORMALS FOR TODAY
                         NORMAL    RECORD    YEAR
 MAXIMUM TEMPERATURE (F)   57        76      1990
 MINIMUM TEMPERATURE (F)   40        21      1977


SUNRISE AND SUNSET
NOVEMBER 26 2014......SUNRISE   654 AM CST   SUNSET   459 PM CST
NOVEMBER 27 2014......SUNRISE   655 AM CST   SUNSET   459 PM CST


-  INDICATES NEGATIVE NUMBERS.
R  INDICATES RECORD WAS SET OR TIED.
MM INDICATES DATA IS MISSING.
T  INDICATES TRACE AMOUNT.




$$





U.S. Dept. of Commerce
NOAA National Weather Service
1325 East West Highway
Silver Spring, MD 20910
E-mail: w-nws.webmaster@noaa.gov
Page last modified: May 16, 2007
NATIONAL WEATHER SERVICE: for Safety, for Work, for Fun - FOR LIFE