068
CDUS44 KLZK 211003
CLILZK


CLIMATE REPORT
NATIONAL WEATHER SERVICE LITTLE ROCK AR
402 AM CST SUN DEC 21 2014


...................................

...THE NORTH LITTLE ROCK CLIMATE SUMMARY FOR DECEMBER 20 2014...

CLIMATE NORMAL PERIOD 1981 TO 2010
CLIMATE RECORD PERIOD 1975 TO 2014


WEATHER ITEM   OBSERVED TIME   RECORD YEAR NORMAL DEPARTURE LAST
                VALUE   (LST)  VALUE       VALUE  FROM      YEAR
                                                  NORMAL
..................................................................
TEMPERATURE (F)
 YESTERDAY
  MAXIMUM         48        MM  70    2013  50     -2       70
  MINIMUM         38        MM  11    1983  34      4       62
  AVERAGE         43                        42      1       66

PRECIPITATION (IN)
  YESTERDAY        0.00          2.50 2013   0.16  -0.16     2.50
  MONTH TO DATE    2.00                      3.39  -1.39     4.65
  SINCE DEC 1      2.00                      3.39  -1.39     4.65
  SINCE JAN 1     46.16                     48.41  -2.25    48.63

SNOWFALL (IN)
  YESTERDAY        0.0           T    2005   0.0    0.0      0.0
                                      1995
                                      1983
  MONTH TO DATE    T                         0.2   -0.2      1.1
  SINCE DEC 1      T                         0.2   -0.2      1.1
  SINCE JUL 1      0.6                       0.2    0.4      1.1
  SNOW DEPTH       0

DEGREE DAYS
 HEATING
  YESTERDAY       22                        23     -1        0
  MONTH TO DATE  398                       421    -23      430
  SINCE DEC 1    398                       421    -23      430
  SINCE JUL 1   1013                       933     80     1036

 COOLING
  YESTERDAY        0                         0      0        1
  MONTH TO DATE    0                         0      0        1
  SINCE DEC 1      0                         0      0        1
  SINCE JAN 1   1934                      2169   -235     2119
..................................................................


WIND (MPH)
  HIGHEST WIND SPEED    MM   HIGHEST WIND DIRECTION    MM
  HIGHEST GUST SPEED    MM   HIGHEST GUST DIRECTION    MM
  AVERAGE WIND SPEED    MM


SKY COVER
  POSSIBLE SUNSHINE  MM
  AVERAGE SKY COVER  MM


WEATHER CONDITIONS
 THE FOLLOWING WEATHER WAS RECORDED YESTERDAY.
  NO SIGNIFICANT WEATHER WAS OBSERVED.


RELATIVE HUMIDITY (PERCENT)
 HIGHEST    MM
 LOWEST     MM
 AVERAGE    MM

..........................................................


THE NORTH LITTLE ROCK CLIMATE NORMALS FOR TODAY
                         NORMAL    RECORD    YEAR
 MAXIMUM TEMPERATURE (F)   50        71      2010
 MINIMUM TEMPERATURE (F)   34         5      1989


SUNRISE AND SUNSET
DECEMBER 21 2014......SUNRISE   713 AM CST   SUNSET   502 PM CST
DECEMBER 22 2014......SUNRISE   713 AM CST   SUNSET   502 PM CST


-  INDICATES NEGATIVE NUMBERS.
R  INDICATES RECORD WAS SET OR TIED.
MM INDICATES DATA IS MISSING.
T  INDICATES TRACE AMOUNT.




$$





U.S. Dept. of Commerce
NOAA National Weather Service
1325 East West Highway
Silver Spring, MD 20910
E-mail: w-nws.webmaster@noaa.gov
Page last modified: May 16, 2007
NATIONAL WEATHER SERVICE: for Safety, for Work, for Fun - FOR LIFE