268
CDUS41 KRNK 260914
CLILYH


CLIMATE REPORT
NATIONAL WEATHER SERVICE BLACKSBURG VA
511 AM EDT SUN OCT 26 2014


...................................

...THE LYNCHBURG VA CLIMATE SUMMARY FOR OCTOBER 25 2014...

CLIMATE NORMAL PERIOD 1981 TO 2010
CLIMATE RECORD PERIOD 1893 TO 2014


WEATHER ITEM   OBSERVED TIME   RECORD YEAR NORMAL DEPARTURE LAST
                VALUE   (LST)  VALUE       VALUE  FROM      YEAR
                                                  NORMAL
..................................................................
TEMPERATURE (F)
 YESTERDAY
  MAXIMUM         70    304 PM  86    1921  66      4       53
  MINIMUM         33    634 AM  27    2013  41     -8       27
                                      2006
  AVERAGE         52                        54     -2       40

PRECIPITATION (IN)
  YESTERDAY        0.00          2.16 1976   0.10  -0.10     0.00
  MONTH TO DATE    3.56                      2.48   1.08     2.29
  SINCE SEP 1      5.18                      6.36  -1.18     2.77
  SINCE JAN 1     39.17                     34.29   4.88    36.49

SNOWFALL (IN)
  YESTERDAY        0.0
  MONTH TO DATE    0.0
  SINCE SEP 1      0.0
  SINCE JUL 1      0.0
  SNOW DEPTH       0

DEGREE DAYS
 HEATING
  YESTERDAY       13                        12      1       25
  MONTH TO DATE  194                       210    -16      162
  SINCE SEP 1    225                       268    -43      205
  SINCE JUL 1    225                       271    -46      210

 COOLING
  YESTERDAY        0                         0      0        0
  MONTH TO DATE   15                        11      4       35
  SINCE SEP 1    137                       129      8      155
  SINCE JAN 1    967                      1027    -60     1184
..................................................................


WIND (MPH)
  HIGHEST WIND SPEED    13   HIGHEST WIND DIRECTION     S (200)
  HIGHEST GUST SPEED    18   HIGHEST GUST DIRECTION    SW (210)
  AVERAGE WIND SPEED     4.5


SKY COVER
  POSSIBLE SUNSHINE  MM
  AVERAGE SKY COVER 0.0


WEATHER CONDITIONS
 THE FOLLOWING WEATHER WAS RECORDED YESTERDAY.
  NO SIGNIFICANT WEATHER WAS OBSERVED.


RELATIVE HUMIDITY (PERCENT)
 HIGHEST   100           700 AM
 LOWEST     35           100 PM
 AVERAGE    68

..........................................................


THE LYNCHBURG VA CLIMATE NORMALS FOR TODAY
                         NORMAL    RECORD    YEAR
 MAXIMUM TEMPERATURE (F)   66        85      1919
 MINIMUM TEMPERATURE (F)   41        24      2013


SUNRISE AND SUNSET
OCTOBER 26 2014.......SUNRISE   735 AM EDT   SUNSET   626 PM EDT
OCTOBER 27 2014.......SUNRISE   736 AM EDT   SUNSET   624 PM EDT


-  INDICATES NEGATIVE NUMBERS.
R  INDICATES RECORD WAS SET OR TIED.
MM INDICATES DATA IS MISSING.
T  INDICATES TRACE AMOUNT.


REMARKS:
DUE TO A SYSTEM FAILURE CAUSING MISSING TEMPERATURES ON
AUGUST 21-24...THE SEASONAL TOTAL AND DEPARTURE FROM NORMAL
FOR CDD WILL BE CALCULATED WITHOUT DATA FROM THOSE DATES.


$$






U.S. Dept. of Commerce
NOAA National Weather Service
1325 East West Highway
Silver Spring, MD 20910
E-mail: w-nws.webmaster@noaa.gov
Page last modified: May 16, 2007
NATIONAL WEATHER SERVICE: for Safety, for Work, for Fun - FOR LIFE