205
CDUS41 KRNK 010912
CLILYH


CLIMATE REPORT
NATIONAL WEATHER SERVICE BLACKSBURG VA
508 AM EDT FRI AUG 1 2014


...................................

...THE LYNCHBURG VA CLIMATE SUMMARY FOR JULY 31 2014...

CLIMATE NORMAL PERIOD 1981 TO 2010
CLIMATE RECORD PERIOD 1893 TO 2014


WEATHER ITEM   OBSERVED TIME   RECORD YEAR NORMAL DEPARTURE LAST
                VALUE   (LST)  VALUE       VALUE  FROM      YEAR
                                                  NORMAL
..................................................................
TEMPERATURE (F)
 YESTERDAY
  MAXIMUM         81    256 PM  99    1931  86     -5       77
  MINIMUM         56    539 AM  49    1997  64     -8       63
  AVERAGE         69                        75     -6       70

PRECIPITATION (IN)
  YESTERDAY        0.05          1.95 1925   0.15  -0.10     0.04
  MONTH TO DATE    5.79                      4.36   1.43     3.41
  SINCE JUN 1      8.19                      7.98   0.21     9.73
  SINCE JAN 1     29.21                     24.67   4.54    30.17

SNOWFALL (IN)
  YESTERDAY        0.0
  MONTH TO DATE    0.0
  SINCE JUN 1      0.0
  SINCE JUL 1      0.0
  SNOW DEPTH       0

DEGREE DAYS
 HEATING
  YESTERDAY        0                         0      0        0
  MONTH TO DATE    0                         0      0        0
  SINCE JUN 1      1                        15    -14        1
  SINCE JUL 1      0                         1     -1        0

 COOLING
  YESTERDAY        4                        10     -6        5
  MONTH TO DATE  290                       318    -28      377
  SINCE JUN 1    545                       532     13      632
  SINCE JAN 1    659                       614     45      767
..................................................................


WIND (MPH)
  HIGHEST WIND SPEED    12   HIGHEST WIND DIRECTION     S (180)
  HIGHEST GUST SPEED    15   HIGHEST GUST DIRECTION    SE (130)
  AVERAGE WIND SPEED     3.2


SKY COVER
  POSSIBLE SUNSHINE  MM
  AVERAGE SKY COVER 0.2


WEATHER CONDITIONS
 THE FOLLOWING WEATHER WAS RECORDED YESTERDAY.
  THUNDERSTORM
  LIGHT RAIN
  FOG


RELATIVE HUMIDITY (PERCENT)
 HIGHEST   100           300 AM
 LOWEST     48          1100 AM
 AVERAGE    74

..........................................................


THE LYNCHBURG VA CLIMATE NORMALS FOR TODAY
                         NORMAL    RECORD    YEAR
 MAXIMUM TEMPERATURE (F)   86        98      1935
 MINIMUM TEMPERATURE (F)   64        51      1997


SUNRISE AND SUNSET
AUGUST  1 2014........SUNRISE   621 AM EDT   SUNSET   824 PM EDT
AUGUST  2 2014........SUNRISE   622 AM EDT   SUNSET   823 PM EDT


-  INDICATES NEGATIVE NUMBERS.
R  INDICATES RECORD WAS SET OR TIED.
MM INDICATES DATA IS MISSING.
T  INDICATES TRACE AMOUNT.




$$





U.S. Dept. of Commerce
NOAA National Weather Service
1325 East West Highway
Silver Spring, MD 20910
E-mail: w-nws.webmaster@noaa.gov
Page last modified: May 16, 2007
NATIONAL WEATHER SERVICE: for Safety, for Work, for Fun - FOR LIFE