658
CDUS41 KRNK 182110
CLILYH


CLIMATE REPORT
NATIONAL WEATHER SERVICE BLACKSBURG VA
509 PM EDT FRI APR 18 2014


...................................

...THE LYNCHBURG VA CLIMATE SUMMARY FOR APRIL 18 2014...
VALID TODAY AS OF 0500 PM LOCAL TIME.

CLIMATE NORMAL PERIOD 1981 TO 2010
CLIMATE RECORD PERIOD 1893 TO 2014


WEATHER ITEM   OBSERVED TIME   RECORD YEAR NORMAL DEPARTURE LAST
                VALUE   (LST)  VALUE       VALUE  FROM      YEAR
                                                  NORMAL
..................................................................
TEMPERATURE (F)
 TODAY
  MAXIMUM         59    402 PM  95    1896  69    -10       78
  MINIMUM         40    445 AM  29    1983  43     -3       62
  AVERAGE         50                        56     -6       70

PRECIPITATION (IN)
  TODAY            0.00          1.78 1900   0.11  -0.11     0.05
  MONTH TO DATE    3.41                      2.00   1.41     2.00
  SINCE MAR 1      6.34                      5.58   0.76     5.31
  SINCE JAN 1     13.42                     11.65   1.77    12.94

SNOWFALL (IN)
  TODAY            0.0
  MONTH TO DATE    T
  SINCE MAR 1      9.4
  SINCE JUL 1     21.4
  SNOW DEPTH       0

DEGREE DAYS
 HEATING
  TODAY           15                         9      6        0
  MONTH TO DATE  130                       209    -79      145
  SINCE MAR 1    780                       804    -24      864
  SINCE JUL 1   4294                      4228     66     4039

 COOLING
  TODAY            0                         1     -1        5
  MONTH TO DATE   19                         6     13       40
  SINCE MAR 1     19                         8     11       40
  SINCE JAN 1     19                         8     11       40
..................................................................


WIND (MPH)
  HIGHEST WIND SPEED     9   HIGHEST WIND DIRECTION    NE (40)
  HIGHEST GUST SPEED    12   HIGHEST GUST DIRECTION    NE (50)
  AVERAGE WIND SPEED     3.9


SKY COVER
  POSSIBLE SUNSHINE  MM
  AVERAGE SKY COVER 0.3


WEATHER CONDITIONS
 THE FOLLOWING WEATHER WAS RECORDED TODAY.
  NO SIGNIFICANT WEATHER WAS OBSERVED.


RELATIVE HUMIDITY (PERCENT)
 HIGHEST    79           400 AM
 LOWEST     47           100 PM
 AVERAGE    63

..........................................................


THE LYNCHBURG VA CLIMATE NORMALS FOR TOMORROW
                         NORMAL    RECORD    YEAR
 MAXIMUM TEMPERATURE (F)   69        92      1941
                                             1896
 MINIMUM TEMPERATURE (F)   44        28      2001
                                             1936


SUNRISE AND SUNSET
APRIL 18 2014.........SUNRISE   638 AM EDT   SUNSET   755 PM EDT
APRIL 19 2014.........SUNRISE   637 AM EDT   SUNSET   756 PM EDT


-  INDICATES NEGATIVE NUMBERS.
R  INDICATES RECORD WAS SET OR TIED.
MM INDICATES DATA IS MISSING.
T  INDICATES TRACE AMOUNT.




$$





U.S. Dept. of Commerce
NOAA National Weather Service
1325 East West Highway
Silver Spring, MD 20910
E-mail: w-nws.webmaster@noaa.gov
Page last modified: May 16, 2007
NATIONAL WEATHER SERVICE: for Safety, for Work, for Fun - FOR LIFE