998
CDUS41 KRNK 310923
CLILYH


CLIMATE REPORT
NATIONAL WEATHER SERVICE BLACKSBURG VA
522 AM EDT FRI OCT 31 2014


...................................

...THE LYNCHBURG VA CLIMATE SUMMARY FOR OCTOBER 30 2014...

CLIMATE NORMAL PERIOD 1981 TO 2010
CLIMATE RECORD PERIOD 1893 TO 2014


WEATHER ITEM   OBSERVED TIME   RECORD YEAR NORMAL DEPARTURE LAST
                VALUE   (LST)  VALUE       VALUE  FROM      YEAR
                                                  NORMAL
..................................................................
TEMPERATURE (F)
 YESTERDAY
  MAXIMUM         61    124 PM  85    1937  65     -4       70
  MINIMUM         35    625 AM  21    1965  40     -5       51
  AVERAGE         48                        52     -4       61

PRECIPITATION (IN)
  YESTERDAY        0.00          2.13 1970   0.11  -0.11     0.05
  MONTH TO DATE    3.56                      3.00   0.56     2.34
  SINCE SEP 1      5.18                      6.88  -1.70     2.82
  SINCE JAN 1     39.17                     34.81   4.36    36.54

SNOWFALL (IN)
  YESTERDAY        0.0
  MONTH TO DATE    0.0
  SINCE SEP 1      0.0
  SINCE JUL 1      0.0
  SNOW DEPTH       0

DEGREE DAYS
 HEATING
  YESTERDAY       17                        13      4        4
  MONTH TO DATE  243                       272    -29      227
  SINCE SEP 1    274                       330    -56      270
  SINCE JUL 1    274                       333    -59      275

 COOLING
  YESTERDAY        0                         0      0        0
  MONTH TO DATE   15                        11      4       35
  SINCE SEP 1    137                       129      8      155
  SINCE JAN 1    967                      1027    -60     1184
..................................................................


WIND (MPH)
  HIGHEST WIND SPEED    10   HIGHEST WIND DIRECTION    NE (40)
  HIGHEST GUST SPEED    13   HIGHEST GUST DIRECTION    NE (40)
  AVERAGE WIND SPEED     2.6


SKY COVER
  POSSIBLE SUNSHINE  MM
  AVERAGE SKY COVER 0.1


WEATHER CONDITIONS
 THE FOLLOWING WEATHER WAS RECORDED YESTERDAY.
  NO SIGNIFICANT WEATHER WAS OBSERVED.


RELATIVE HUMIDITY (PERCENT)
 HIGHEST   100           400 AM
 LOWEST     39           400 PM
 AVERAGE    70

..........................................................


THE LYNCHBURG VA CLIMATE NORMALS FOR TODAY
                         NORMAL    RECORD    YEAR
 MAXIMUM TEMPERATURE (F)   64        86      1917
 MINIMUM TEMPERATURE (F)   39        27      1954


SUNRISE AND SUNSET
OCTOBER 31 2014.......SUNRISE   740 AM EDT   SUNSET   620 PM EDT
NOVEMBER  1 2014......SUNRISE   741 AM EDT   SUNSET   619 PM EDT


-  INDICATES NEGATIVE NUMBERS.
R  INDICATES RECORD WAS SET OR TIED.
MM INDICATES DATA IS MISSING.
T  INDICATES TRACE AMOUNT.

REMARKS

DUE TO A SYSTEM FAILURE CAUSING MISSING TEMPERATURES ON
AUGUST 21-24...THE SEASONAL TOTAL AND DEPARTURE FROM NORMAL
FOR CDD WILL BE CALCULATED WITHOUT DATA FROM THOSE DATES.

$$

MBS




U.S. Dept. of Commerce
NOAA National Weather Service
1325 East West Highway
Silver Spring, MD 20910
E-mail: w-nws.webmaster@noaa.gov
Page last modified: May 16, 2007
NATIONAL WEATHER SERVICE: for Safety, for Work, for Fun - FOR LIFE