111
CDUS43 KILX 170634
CLILWV


CLIMATE REPORT
NATIONAL WEATHER SERVICE LINCOLN IL
130 AM CDT THU APR 17 2014


...................................

...THE LAWRENCEVILLE IL AIRPORT CLIMATE SUMMARY FOR APRIL 16 2014...

CLIMATE NORMAL PERIOD 1981 TO 2010
CLIMATE RECORD PERIOD 9999 TO 9999


WEATHER ITEM   OBSERVED TIME   RECORD YEAR NORMAL DEPARTURE LAST
                VALUE   (LST)  VALUE       VALUE  FROM      YEAR
                                                  NORMAL
..................................................................
TEMPERATURE (F)
 YESTERDAY
  MAXIMUM         55    355 PM  MM      MM  67    -12       66
  MINIMUM         32    551 AM  MM      MM  46    -14       53
  AVERAGE         44                        56    -12       60

PRECIPITATION (IN)
  YESTERDAY        0.00         MM      MM   0.13  -0.13     0.30
  MONTH TO DATE    5.83                      1.82   4.01     1.98
  SINCE MAR 1      6.87                      5.25   1.62     5.23
  SINCE JAN 1      9.63                      9.64  -0.01    13.79

DEGREE DAYS
 HEATING
  YESTERDAY       21                        10     11        5
  MONTH TO DATE  190                       195     -5      180
  SINCE MAR 1    973                       817    156      999
  SINCE JUL 1   5375                      4492    883     4695

 COOLING
  YESTERDAY        0                         1     -1        0
  MONTH TO DATE    4                        10     -6       16
  SINCE MAR 1      4                        12     -8       16
  SINCE JAN 1      4                        12     -8       16
..................................................................


WIND (MPH)
  HIGHEST WIND SPEED    21   HIGHEST WIND DIRECTION    SE (150)
  HIGHEST GUST SPEED    26   HIGHEST GUST DIRECTION    SE (130)
  AVERAGE WIND SPEED    11.0


SKY COVER
  POSSIBLE SUNSHINE  MM
  AVERAGE SKY COVER 0.0


WEATHER CONDITIONS
 THE FOLLOWING WEATHER WAS RECORDED YESTERDAY.
  NO SIGNIFICANT WEATHER WAS OBSERVED.


RELATIVE HUMIDITY (PERCENT)
 HIGHEST    78           200 AM
 LOWEST     32           300 PM
 AVERAGE    55

..........................................................


THE LAWRENCEVILLE IL AIRPORT CLIMATE NORMALS FOR TODAY
                         NORMAL    RECORD    YEAR
 MAXIMUM TEMPERATURE (F)   67        MM        MM
 MINIMUM TEMPERATURE (F)   46        MM        MM


SUNRISE AND SUNSET
APRIL 17 2014.........SUNRISE   611 AM CDT   SUNSET   729 PM CDT
APRIL 18 2014.........SUNRISE   610 AM CDT   SUNSET   730 PM CDT


-  INDICATES NEGATIVE NUMBERS.
R  INDICATES RECORD WAS SET OR TIED.
MM INDICATES DATA IS MISSING.
T  INDICATES TRACE AMOUNT.




$$





U.S. Dept. of Commerce
NOAA National Weather Service
1325 East West Highway
Silver Spring, MD 20910
E-mail: w-nws.webmaster@noaa.gov
Page last modified: May 16, 2007
NATIONAL WEATHER SERVICE: for Safety, for Work, for Fun - FOR LIFE