148
CDUS43 KILX 250637
CLILWV


CLIMATE REPORT
NATIONAL WEATHER SERVICE LINCOLN IL
135 AM CDT FRI JUL 25 2014


...................................

...THE LAWRENCEVILLE IL AIRPORT CLIMATE SUMMARY FOR JULY 24 2014...

CLIMATE NORMAL PERIOD 1981 TO 2010
CLIMATE RECORD PERIOD 9999 TO 9999


WEATHER ITEM   OBSERVED TIME   RECORD YEAR NORMAL DEPARTURE LAST
                VALUE   (LST)  VALUE       VALUE  FROM      YEAR
                                                  NORMAL
..................................................................
TEMPERATURE (F)
 YESTERDAY
  MAXIMUM         80    407 PM  MM      MM  88     -8       78
  MINIMUM         56    422 AM  MM      MM  67    -11       61
  AVERAGE         68                        78    -10       70

PRECIPITATION (IN)
  YESTERDAY        0.00         MM      MM   0.14  -0.14     0.00
  MONTH TO DATE    3.92                      3.61   0.31     3.78
  SINCE JUN 1      7.86                      7.59   0.27    14.21
  SINCE JAN 1     23.47                     25.15  -1.68    39.24

DEGREE DAYS
 HEATING
  YESTERDAY        0                         0      0        0
  MONTH TO DATE    0                         0      0        0
  SINCE JUN 1      0                         7     -7        3
  SINCE JUL 1      0                         0      0        0

 COOLING
  YESTERDAY        3                        13    -10        5
  MONTH TO DATE  186                       312   -126      278
  SINCE JUN 1    509                       602    -93      534
  SINCE JAN 1    700                       741    -41      702
..................................................................


WIND (MPH)
  HIGHEST WIND SPEED    15   HIGHEST WIND DIRECTION    NE (30)
  HIGHEST GUST SPEED    19   HIGHEST GUST DIRECTION    NE (40)
  AVERAGE WIND SPEED     6.8


SKY COVER
  POSSIBLE SUNSHINE  MM
  AVERAGE SKY COVER 0.2


WEATHER CONDITIONS
 THE FOLLOWING WEATHER WAS RECORDED YESTERDAY.
  NO SIGNIFICANT WEATHER WAS OBSERVED.


RELATIVE HUMIDITY (PERCENT)
 HIGHEST    87           800 PM
 LOWEST     48           500 PM
 AVERAGE    68

..........................................................


THE LAWRENCEVILLE IL AIRPORT CLIMATE NORMALS FOR TODAY
                         NORMAL    RECORD    YEAR
 MAXIMUM TEMPERATURE (F)   88        MM        MM
 MINIMUM TEMPERATURE (F)   67        MM        MM


SUNRISE AND SUNSET
JULY 25 2014..........SUNRISE   546 AM CDT   SUNSET   808 PM CDT
JULY 26 2014..........SUNRISE   546 AM CDT   SUNSET   807 PM CDT


-  INDICATES NEGATIVE NUMBERS.
R  INDICATES RECORD WAS SET OR TIED.
MM INDICATES DATA IS MISSING.
T  INDICATES TRACE AMOUNT.




$$






U.S. Dept. of Commerce
NOAA National Weather Service
1325 East West Highway
Silver Spring, MD 20910
E-mail: w-nws.webmaster@noaa.gov
Page last modified: May 16, 2007
NATIONAL WEATHER SERVICE: for Safety, for Work, for Fun - FOR LIFE