306
CDUS43 KILX 300701
CLILWV


CLIMATE REPORT
NATIONAL WEATHER SERVICE LINCOLN IL
101 AM CST FRI JAN 30 2015


...................................

...THE LAWRENCEVILLE IL AIRPORT CLIMATE SUMMARY FOR JANUARY 29 2015...

CLIMATE NORMAL PERIOD 1981 TO 2010
CLIMATE RECORD PERIOD 9999 TO 9999


WEATHER ITEM   OBSERVED TIME   RECORD YEAR NORMAL DEPARTURE LAST
                VALUE   (LST)  VALUE       VALUE  FROM      YEAR
                                                  NORMAL
..................................................................
TEMPERATURE (F)
 YESTERDAY
  MAXIMUM         49    809 AM  MM      MM  40      9       29
  MINIMUM         35   1159 PM  MM      MM  24     11        3
  AVERAGE         42                        32     10       16

PRECIPITATION (IN)
  YESTERDAY        0.03         MM      MM   0.06  -0.03     0.00
  MONTH TO DATE    1.96                      2.24  -0.28     1.57
  SINCE DEC 1      5.20                      5.63  -0.43     6.14
  SINCE JAN 1      1.96                      2.24  -0.28     1.57

DEGREE DAYS
 HEATING
  YESTERDAY       23                        33    -10       49
  MONTH TO DATE 1005                       983     22     1169
  SINCE DEC 1   1883                      1924    -41     2216
  SINCE JUL 1   3018                      2782    236     3240

 COOLING
  YESTERDAY        0                         0      0        0
  MONTH TO DATE    0                         0      0        0
  SINCE DEC 1      0                         0      0        0
  SINCE JAN 1      0                         0      0        0
..................................................................


WIND (MPH)
  HIGHEST WIND SPEED    32   HIGHEST WIND DIRECTION     W (290)
  HIGHEST GUST SPEED    42   HIGHEST GUST DIRECTION     W (290)
  AVERAGE WIND SPEED    16.1


SKY COVER
  POSSIBLE SUNSHINE  MM
  AVERAGE SKY COVER 0.7


WEATHER CONDITIONS
 THE FOLLOWING WEATHER WAS RECORDED YESTERDAY.
  LIGHT RAIN
  FOG
  HAZE


RELATIVE HUMIDITY (PERCENT)
 HIGHEST    89           900 PM
 LOWEST     59          1200 AM
 AVERAGE    74

..........................................................


THE LAWRENCEVILLE IL AIRPORT CLIMATE NORMALS FOR TODAY
                         NORMAL    RECORD    YEAR
 MAXIMUM TEMPERATURE (F)   40        MM        MM
 MINIMUM TEMPERATURE (F)   24        MM        MM


SUNRISE AND SUNSET
JANUARY 30 2015.......SUNRISE   658 AM CST   SUNSET   510 PM CST
JANUARY 31 2015.......SUNRISE   657 AM CST   SUNSET   511 PM CST


-  INDICATES NEGATIVE NUMBERS.
R  INDICATES RECORD WAS SET OR TIED.
MM INDICATES DATA IS MISSING.
T  INDICATES TRACE AMOUNT.




$$





U.S. Dept. of Commerce
NOAA National Weather Service
1325 East West Highway
Silver Spring, MD 20910
E-mail: w-nws.webmaster@noaa.gov
Page last modified: May 16, 2007
NATIONAL WEATHER SERVICE: for Safety, for Work, for Fun - FOR LIFE