928
CDUS45 KTFX 241028
CLILWT


CLIMATE REPORT
NATIONAL WEATHER SERVICE GREAT FALLS MT
428 AM MDT FRI OCT 24 2014


...................................

...THE LEWISTOWN MT CLIMATE SUMMARY FOR OCTOBER 23 2014...

CLIMATE NORMAL PERIOD 1981 TO 2010
CLIMATE RECORD PERIOD 1896 TO 2014


WEATHER ITEM   OBSERVED TIME   RECORD YEAR NORMAL DEPARTURE LAST
                VALUE   (LST)  VALUE       VALUE  FROM      YEAR
                                                  NORMAL
..................................................................
TEMPERATURE (F)
 YESTERDAY
  MAXIMUM         66   1225 PM  81    1903  54     12       56
  MINIMUM         51    926 PM   3    1957  29     22       34
  AVERAGE         59                        41     18       45

PRECIPITATION (IN)
  YESTERDAY        0.00          0.68 1983   0.03  -0.03     0.00
  MONTH TO DATE    0.76                      0.90  -0.14     1.03
  SINCE OCT 1      0.76                      0.90  -0.14     1.03
  SINCE JAN 1     17.33                     15.25   2.08    21.44

SNOWFALL (IN)
  YESTERDAY       MM
  SNOW DEPTH       0

DEGREE DAYS
 HEATING
  YESTERDAY        6                        24    -18       20
  MONTH TO DATE  284                       459   -175      525
  SINCE SEP 1    558                       778   -220      749
  SINCE JUL 1    639                       936   -297      788

 COOLING
  YESTERDAY        0                         0      0        0
  MONTH TO DATE    0                         0      0        0
  SINCE SEP 1     14                        14      0       47
  SINCE JAN 1    295                       210     85      277
..................................................................


WIND (MPH)
  HIGHEST WIND SPEED    29   HIGHEST WIND DIRECTION     W (260)
  HIGHEST GUST SPEED    35   HIGHEST GUST DIRECTION     W (250)
  AVERAGE WIND SPEED    16.1


SKY COVER
  AVERAGE SKY COVER 0.2


WEATHER CONDITIONS
 THE FOLLOWING WEATHER WAS RECORDED YESTERDAY.
  NO SIGNIFICANT WEATHER WAS OBSERVED.


RELATIVE HUMIDITY (PERCENT)
 HIGHEST    50           900 PM
 LOWEST     31          1100 AM
 AVERAGE    41

..........................................................


THE LEWISTOWN MT CLIMATE NORMALS FOR TODAY
                         NORMAL    RECORD    YEAR
 MAXIMUM TEMPERATURE (F)   54        82      2007
 MINIMUM TEMPERATURE (F)   28        -1      1919


SUNRISE AND SUNSET
OCTOBER 24 2014.......SUNRISE   749 AM MDT   SUNSET   614 PM MDT
OCTOBER 25 2014.......SUNRISE   750 AM MDT   SUNSET   613 PM MDT


-  INDICATES NEGATIVE NUMBERS.
R  INDICATES RECORD WAS SET OR TIED.
MM INDICATES DATA IS MISSING.
T  INDICATES TRACE AMOUNT.




$$





U.S. Dept. of Commerce
NOAA National Weather Service
1325 East West Highway
Silver Spring, MD 20910
E-mail: w-nws.webmaster@noaa.gov
Page last modified: May 16, 2007
NATIONAL WEATHER SERVICE: for Safety, for Work, for Fun - FOR LIFE