764
CDUS45 KTFX 251018
CLILWT


CLIMATE REPORT
NATIONAL WEATHER SERVICE GREAT FALLS MT
417 AM MDT FRI JUL 25 2014


...................................

...THE LEWISTOWN MT CLIMATE SUMMARY FOR JULY 24 2014...

CLIMATE NORMAL PERIOD 1981 TO 2010
CLIMATE RECORD PERIOD 1896 TO 2014


WEATHER ITEM   OBSERVED TIME   RECORD YEAR NORMAL DEPARTURE LAST
                VALUE   (LST)  VALUE       VALUE  FROM      YEAR
                                                  NORMAL
..................................................................
TEMPERATURE (F)
 YESTERDAY
  MAXIMUM         82   1257 PM 101    1929  83     -1       90
  MINIMUM         51   1100 PM  33    1896  52     -1       55
  AVERAGE         67                        67      0       73

PRECIPITATION (IN)
  YESTERDAY        T             1.56 1934   0.05  -0.05     0.09
  MONTH TO DATE    0.89                      1.56  -0.67     1.37
  SINCE OCT 1     11.07                     13.40  -2.33    18.07
  SINCE JAN 1      8.99                     10.90  -1.91    15.56

SNOWFALL (IN)
  YESTERDAY        0.0
  SNOW DEPTH       0

DEGREE DAYS
 HEATING
  YESTERDAY        0                         1     -1        0
  MONTH TO DATE    6                        64    -58       10
  SINCE JUN 1    292                       291      1      230
  SINCE JUL 1      6                        64    -58       10

 COOLING
  YESTERDAY        2                         4     -2        8
  MONTH TO DATE  110                        64     46       99
  SINCE JUN 1    111                        84     27      115
  SINCE JAN 1    111                        86     25      118
..................................................................


WIND (MPH)
  HIGHEST WIND SPEED    35   HIGHEST WIND DIRECTION    NW (300)
  HIGHEST GUST SPEED    45   HIGHEST GUST DIRECTION    NW (300)
  AVERAGE WIND SPEED     9.8


SKY COVER
  AVERAGE SKY COVER 0.0


WEATHER CONDITIONS
 THE FOLLOWING WEATHER WAS RECORDED YESTERDAY.
  NO SIGNIFICANT WEATHER WAS OBSERVED.


RELATIVE HUMIDITY (PERCENT)
 HIGHEST    80           200 AM
 LOWEST     17           600 PM
 AVERAGE    49

..........................................................


THE LEWISTOWN MT CLIMATE NORMALS FOR TODAY
                         NORMAL    RECORD    YEAR
 MAXIMUM TEMPERATURE (F)   83       101      1933
 MINIMUM TEMPERATURE (F)   52        38      1948


SUNRISE AND SUNSET
JULY 25 2014..........SUNRISE   549 AM MDT   SUNSET   859 PM MDT
JULY 26 2014..........SUNRISE   550 AM MDT   SUNSET   858 PM MDT


-  INDICATES NEGATIVE NUMBERS.
R  INDICATES RECORD WAS SET OR TIED.
MM INDICATES DATA IS MISSING.
T  INDICATES TRACE AMOUNT.




$$





U.S. Dept. of Commerce
NOAA National Weather Service
1325 East West Highway
Silver Spring, MD 20910
E-mail: w-nws.webmaster@noaa.gov
Page last modified: May 16, 2007
NATIONAL WEATHER SERVICE: for Safety, for Work, for Fun - FOR LIFE