796
CDUS45 KTFX 301009
CLILWT


CLIMATE REPORT
NATIONAL WEATHER SERVICE GREAT FALLS MT
407 AM MDT THU OCT 30 2014


...................................

...THE LEWISTOWN MT CLIMATE SUMMARY FOR OCTOBER 29 2014...

CLIMATE NORMAL PERIOD 1981 TO 2010
CLIMATE RECORD PERIOD 1896 TO 2014


WEATHER ITEM   OBSERVED TIME   RECORD YEAR NORMAL DEPARTURE LAST
                VALUE   (LST)  VALUE       VALUE  FROM      YEAR
                                                  NORMAL
..................................................................
TEMPERATURE (F)
 YESTERDAY
  MAXIMUM         59    318 PM  79    1968  51      8       31
  MINIMUM         36   1159 PM  -7    1991  27      9       19
  AVERAGE         48                        39      9       25

PRECIPITATION (IN)
  YESTERDAY        0.03          0.72 1929   0.03   0.00      T
  MONTH TO DATE    0.86                      1.08  -0.22     1.07
  SINCE OCT 1      0.86                      1.08  -0.22     1.07
  SINCE JAN 1     17.43                     15.43   2.00    21.48

SNOWFALL (IN)
  YESTERDAY       MM
  SNOW DEPTH       0

DEGREE DAYS
 HEATING
  YESTERDAY       17                        26     -9       40
  MONTH TO DATE  397                       608   -211      682
  SINCE SEP 1    671                       927   -256      906
  SINCE JUL 1    752                      1085   -333      945

 COOLING
  YESTERDAY        0                         0      0        0
  MONTH TO DATE    0                         0      0        0
  SINCE SEP 1     14                        14      0       47
  SINCE JAN 1    295                       210     85      277
..................................................................


WIND (MPH)
  HIGHEST WIND SPEED    29   HIGHEST WIND DIRECTION    NW (300)
  HIGHEST GUST SPEED    37   HIGHEST GUST DIRECTION    NW (310)
  AVERAGE WIND SPEED    13.8


SKY COVER
  AVERAGE SKY COVER 0.8


WEATHER CONDITIONS
 THE FOLLOWING WEATHER WAS RECORDED YESTERDAY.
  LIGHT RAIN


RELATIVE HUMIDITY (PERCENT)
 HIGHEST    70          1100 PM
 LOWEST     31           200 PM
 AVERAGE    51

..........................................................


THE LEWISTOWN MT CLIMATE NORMALS FOR TODAY
                         NORMAL    RECORD    YEAR
 MAXIMUM TEMPERATURE (F)   51        75      1987
 MINIMUM TEMPERATURE (F)   27       -10      1935


SUNRISE AND SUNSET
OCTOBER 30 2014.......SUNRISE   758 AM MDT   SUNSET   605 PM MDT
OCTOBER 31 2014.......SUNRISE   759 AM MDT   SUNSET   603 PM MDT


-  INDICATES NEGATIVE NUMBERS.
R  INDICATES RECORD WAS SET OR TIED.
MM INDICATES DATA IS MISSING.
T  INDICATES TRACE AMOUNT.




$$





U.S. Dept. of Commerce
NOAA National Weather Service
1325 East West Highway
Silver Spring, MD 20910
E-mail: w-nws.webmaster@noaa.gov
Page last modified: May 16, 2007
NATIONAL WEATHER SERVICE: for Safety, for Work, for Fun - FOR LIFE