572
CDUS46 KOTX 240028
CLILWS


CLIMATE REPORT
NATIONAL WEATHER SERVICE SPOKANE, WA
427 PM PST SUN NOV 23 2014


...................................

...THE LEWISTON ID AIRPORT CLIMATE SUMMARY FOR NOVEMBER 23 2014...
VALID AS OF 0400 PM LOCAL TIME.

CLIMATE NORMAL PERIOD 1981 TO 2010
CLIMATE RECORD PERIOD 1881 TO 2014


WEATHER ITEM   OBSERVED TIME   RECORD YEAR NORMAL DEPARTURE LAST
                VALUE   (LST)  VALUE       VALUE  FROM      YEAR
                                                  NORMAL
..................................................................
TEMPERATURE (F)
 TODAY
  MAXIMUM         50    313 PM  66    1959  45      5       37
  MINIMUM         37    732 AM  -1    1985  32      5       18
  AVERAGE         44                        39      5       28

PRECIPITATION (IN)
  TODAY            T           0.45   1961  0.03  -0.03     0.00
  MONTH TO DATE    0.54                     0.92  -0.38     0.69
  SINCE OCT 1      1.53                     1.88  -0.35     0.78
  SINCE JAN 1      9.45                    11.08  -1.63     8.74

SNOWFALL (IN)
  TODAY            0.0         2.8    1977  0.1   -0.1      0.0
  MONTH TO DATE    T                        1.2   -1.2       T
  SINCE SEP 1      T                        1.2   -1.2       T
  SINCE JUL 1      T                        1.2   -1.2       T
  SNOW DEPTH       0

DEGREE DAYS
 HEATING
  TODAY           21                        26     -5       37
  MONTH TO DATE  574                       521     53      554
  SINCE SEP 1    819                      1031   -212     1122
  SINCE JUL 1    819                      1046   -227     1122

 COOLING
  TODAY            0                         0      0        0
  MONTH TO DATE    0                         0      0        0
  SINCE SEP 1    125                        90     35      184
  SINCE JAN 1   1095                       807    288     1178
..................................................................


WIND (MPH)
  HIGHEST WIND SPEED    26   HIGHEST WIND DIRECTION    NW (300)
  HIGHEST GUST SPEED    33   HIGHEST GUST DIRECTION    NW (300)
  AVERAGE WIND SPEED     7.8


SKY COVER
  POSSIBLE SUNSHINE  MM
  AVERAGE SKY COVER 0.6


WEATHER CONDITIONS
 THE FOLLOWING WEATHER WAS RECORDED TODAY.
  LIGHT RAIN


RELATIVE HUMIDITY (PERCENT)
 HIGHEST    76
 LOWEST     52
 AVERAGE    64

..........................................................


THE LEWISTON ID AIRPORT CLIMATE NORMALS FOR TOMORROW
                         NORMAL    RECORD    YEAR
 MAXIMUM TEMPERATURE (F)   45        66      1960
 MINIMUM TEMPERATURE (F)   32        -1      2010


SUNRISE AND SUNSET
NOVEMBER 23 2014......SUNRISE   701 AM PST   SUNSET   408 PM PST
NOVEMBER 24 2014......SUNRISE   702 AM PST   SUNSET   407 PM PST


-  INDICATES NEGATIVE NUMBERS.
R  INDICATES RECORD WAS SET OR TIED.
MM INDICATES DATA IS MISSING.
T  INDICATES TRACE AMOUNT.

$$




U.S. Dept. of Commerce
NOAA National Weather Service
1325 East West Highway
Silver Spring, MD 20910
E-mail: w-nws.webmaster@noaa.gov
Page last modified: May 16, 2007
NATIONAL WEATHER SERVICE: for Safety, for Work, for Fun - FOR LIFE