940
CDUS46 KOTX 220821
CLILWS


CLIMATE REPORT
NATIONAL WEATHER SERVICE SPOKANE, WA
121 AM PDT MON SEP 22 2014


...................................

...THE LEWISTON ID AIRPORT CLIMATE SUMMARY FOR SEPTEMBER 21 2014...

CLIMATE NORMAL PERIOD 1981 TO 2010
CLIMATE RECORD PERIOD 1881 TO 2014


WEATHER ITEM   OBSERVED TIME   RECORD YEAR NORMAL DEPARTURE LAST
                VALUE   (LST)  VALUE       VALUE  FROM      YEAR
                                                  NORMAL
..................................................................
TEMPERATURE (F)
 YESTERDAY
  MAXIMUM         91    440 PM 101    1967  76     15       71
  MINIMUM         56    611 AM  29    1895  49      7       56
  AVERAGE         74                        63     11       64

PRECIPITATION (IN)
  YESTERDAY        0.00          0.50 1968   0.03  -0.03      T
  MONTH TO DATE    T                         0.46  -0.46     0.77
  SINCE OCT 1      9.20                     12.10  -2.90    11.32
  SINCE JAN 1      7.67                      8.99  -1.32     7.16

SNOWFALL (IN)
  YESTERDAY        0.0           0.0  1998   0.0    0.0      0.0
  MONTH TO DATE    0.0                       0.0    0.0      0.0
  SINCE SEP 1      0.0                       0.0    0.0      0.0
  SINCE JUL 1      0.0                       0.0    0.0      0.0
  SNOW DEPTH       0

DEGREE DAYS
 HEATING
  YESTERDAY        0                         4     -4        1
  MONTH TO DATE   13                        47    -34       12
  SINCE SEP 1     13                        47    -34       12
  SINCE JUL 1     13                        62    -49       12

 COOLING
  YESTERDAY        9                         2      7        0
  MONTH TO DATE   89                        77     12      184
  SINCE SEP 1     89                        77     12      184
  SINCE JAN 1   1059                       794    265     1178
..................................................................


WIND (MPH)
  HIGHEST WIND SPEED     8   HIGHEST WIND DIRECTION     S (200)
  HIGHEST GUST SPEED     9   HIGHEST GUST DIRECTION     W (280)
  AVERAGE WIND SPEED     2.4


SKY COVER
  POSSIBLE SUNSHINE  MM
  AVERAGE SKY COVER 0.0


WEATHER CONDITIONS
 THE FOLLOWING WEATHER WAS RECORDED YESTERDAY.
  NO SIGNIFICANT WEATHER WAS OBSERVED.


RELATIVE HUMIDITY (PERCENT)
 HIGHEST    55           500 AM
 LOWEST     18           400 PM
 AVERAGE    37

..........................................................


THE LEWISTON ID AIRPORT CLIMATE NORMALS FOR TODAY
                         NORMAL    RECORD    YEAR
 MAXIMUM TEMPERATURE (F)   76        99      1966
 MINIMUM TEMPERATURE (F)   49        34      1955


SUNRISE AND SUNSET
SEPTEMBER 22 2014.....SUNRISE   635 AM PDT   SUNSET   646 PM PDT
SEPTEMBER 23 2014.....SUNRISE   636 AM PDT   SUNSET   644 PM PDT


-  INDICATES NEGATIVE NUMBERS.
R  INDICATES RECORD WAS SET OR TIED.
MM INDICATES DATA IS MISSING.
T  INDICATES TRACE AMOUNT.




$$





U.S. Dept. of Commerce
NOAA National Weather Service
1325 East West Highway
Silver Spring, MD 20910
E-mail: w-nws.webmaster@noaa.gov
Page last modified: May 16, 2007
NATIONAL WEATHER SERVICE: for Safety, for Work, for Fun - FOR LIFE