935
CDUS46 KOTX 192325
CLILWS


CLIMATE REPORT
NATIONAL WEATHER SERVICE SPOKANE, WA
425 PM PDT SAT APR 19 2014


...................................

...THE LEWISTON ID AIRPORT CLIMATE SUMMARY FOR APRIL 19 2014...
VALID AS OF 0400 PM LOCAL TIME.

CLIMATE NORMAL PERIOD 1981 TO 2010
CLIMATE RECORD PERIOD 1881 TO 2014


WEATHER ITEM   OBSERVED TIME   RECORD YEAR NORMAL DEPARTURE LAST
                VALUE   (LST)  VALUE       VALUE  FROM      YEAR
                                                  NORMAL
..................................................................
TEMPERATURE (F)
 TODAY
  MAXIMUM         70    218 PM  87    1908  63      7       57
  MINIMUM         35    113 AM  20    1966  41     -6       43
  AVERAGE         53                        52      1       50

PRECIPITATION (IN)
  TODAY            0.00          0.58 1905   0.05  -0.05     0.23
  MONTH TO DATE    0.47                      0.80  -0.33     1.14
  SINCE OCT 1      5.77                      6.92  -1.15     7.15
  SINCE JAN 1      4.24                      3.81   0.43     2.99

SNOWFALL (IN)
  TODAY            0.0           0.2  1961   0.0    0.0      0.0
  MONTH TO DATE    0.0                       0.0    0.0      0.0
  SINCE MAR 1      0.6                       0.7   -0.1      0.0
  SINCE JUL 1     16.5                      10.5    6.0      2.6
  SNOW DEPTH       0

DEGREE DAYS
 HEATING
  TODAY           12                        13     -1       15
  MONTH TO DATE  253                       282    -29      300
  SINCE MAR 1    850                       894    -44      851
  SINCE JUL 1   5011                      4749    262     4290

 COOLING
  TODAY            0                         0      0        0
  MONTH TO DATE    0                         0      0        0
  SINCE MAR 1      0                         0      0        0
  SINCE JAN 1      0                         0      0        0
..................................................................


WIND (MPH)
  HIGHEST WIND SPEED    18   HIGHEST WIND DIRECTION    NW (310)
  HIGHEST GUST SPEED    23   HIGHEST GUST DIRECTION    NW (310)
  AVERAGE WIND SPEED     8.3


SKY COVER
  POSSIBLE SUNSHINE  MM
  AVERAGE SKY COVER 0.0


WEATHER CONDITIONS
 THE FOLLOWING WEATHER WAS RECORDED TODAY.
  NO SIGNIFICANT WEATHER WAS OBSERVED.


RELATIVE HUMIDITY (PERCENT)
 HIGHEST    75
 LOWEST     17
 AVERAGE    46

..........................................................


THE LEWISTON ID AIRPORT CLIMATE NORMALS FOR TOMORROW
                         NORMAL    RECORD    YEAR
 MAXIMUM TEMPERATURE (F)   63        88      1942
                                             1934
                                             1906
 MINIMUM TEMPERATURE (F)   41        23      1951
                                             1927


SUNRISE AND SUNSET
APRIL 19 2014.........SUNRISE   554 AM PDT   SUNSET   741 PM PDT
APRIL 20 2014.........SUNRISE   552 AM PDT   SUNSET   743 PM PDT


-  INDICATES NEGATIVE NUMBERS.
R  INDICATES RECORD WAS SET OR TIED.
MM INDICATES DATA IS MISSING.
T  INDICATES TRACE AMOUNT.




$$





U.S. Dept. of Commerce
NOAA National Weather Service
1325 East West Highway
Silver Spring, MD 20910
E-mail: w-nws.webmaster@noaa.gov
Page last modified: May 16, 2007
NATIONAL WEATHER SERVICE: for Safety, for Work, for Fun - FOR LIFE