320
CDUS43 KTOP 240635
CLILWC


CLIMATE REPORT
NATIONAL WEATHER SERVICE TOPEKA KS
134 AM CDT FRI OCT 24 2014


...................................

...THE LAWRENCE KS CLIMATE SUMMARY FOR OCTOBER 23 2014...

CLIMATE NORMAL PERIOD 1981 TO 2010
CLIMATE RECORD PERIOD 9999 TO 9999


WEATHER ITEM   OBSERVED NORMAL DEPARTURE LAST
                VALUE   VALUE  FROM      YEAR
                               NORMAL
...............................................
TEMPERATURE (F)
 YESTERDAY
  MAXIMUM         68     66      2       55
  MINIMUM         53     41     12       29
  AVERAGE         61     54      7       42

PRECIPITATION (IN)
  YESTERDAY        0.82   0.08   0.74      T
  MONTH TO DATE    5.57   2.32   3.25     1.64
  SINCE SEP 1     10.19   6.48   3.71     4.98
  SINCE JAN 1     34.64  34.34   0.30    25.26

DEGREE DAYS
 HEATING
  YESTERDAY        4     12     -8       23
  MONTH TO DATE  193    194     -1      197
  SINCE SEP 1    264    254     10      220
  SINCE JUL 1    265    257      8      220

 COOLING
  YESTERDAY        0      0      0        0
  MONTH TO DATE    8     24    -16       36
  SINCE SEP 1    112    177    -65      271
  SINCE JAN 1   1419   1368     51     1492
...............................................


WIND (MPH)
  HIGHEST WIND SPEED    16   HIGHEST WIND DIRECTION    SW (220)
  HIGHEST GUST SPEED    21   HIGHEST GUST DIRECTION     S (200)
  AVERAGE WIND SPEED     6.1


SKY COVER
  AVERAGE SKY COVER 0.7


WEATHER CONDITIONS
 THE FOLLOWING WEATHER WAS RECORDED YESTERDAY.
  RAIN
  LIGHT RAIN
  FOG
  HAZE


RELATIVE HUMIDITY (PERCENT)
 HIGHEST   100
 LOWEST     78
 AVERAGE    89

..........................................................


THE LAWRENCE KS CLIMATE NORMALS FOR TODAY
                         NORMAL
 MAXIMUM TEMPERATURE (F)   66
 MINIMUM TEMPERATURE (F)   41


SUNRISE AND SUNSET
OCTOBER 24 2014.......SUNRISE   740 AM CDT   SUNSET   630 PM CDT
OCTOBER 25 2014.......SUNRISE   741 AM CDT   SUNSET   629 PM CDT


-  INDICATES NEGATIVE NUMBERS.
R  INDICATES RECORD WAS SET OR TIED.
MM INDICATES DATA IS MISSING.
T  INDICATES TRACE AMOUNT.




$$





U.S. Dept. of Commerce
NOAA National Weather Service
1325 East West Highway
Silver Spring, MD 20910
E-mail: w-nws.webmaster@noaa.gov
Page last modified: May 16, 2007
NATIONAL WEATHER SERVICE: for Safety, for Work, for Fun - FOR LIFE