476
CDUS43 KTOP 240633
CLILWC


CLIMATE REPORT
NATIONAL WEATHER SERVICE TOPEKA KS
132 AM CDT THU APR 24 2014


...................................

...THE LAWRENCE KS CLIMATE SUMMARY FOR APRIL 23 2014...

CLIMATE NORMAL PERIOD 1981 TO 2010
CLIMATE RECORD PERIOD 9999 TO 9999


WEATHER ITEM   OBSERVED NORMAL DEPARTURE LAST
                VALUE   VALUE  FROM      YEAR
                               NORMAL
...............................................
TEMPERATURE (F)
 YESTERDAY
  MAXIMUM         79     69     10       41
  MINIMUM         50     45      5       34
  AVERAGE         65     57      8       38

PRECIPITATION (IN)
  YESTERDAY        T      0.14  -0.14     0.56
  MONTH TO DATE    1.98   2.68  -0.70     3.02
  SINCE MAR 1      2.95   5.30  -2.35     4.70
  SINCE JAN 1      4.00   7.61  -3.61     7.42

DEGREE DAYS
 HEATING
  YESTERDAY        0      9     -9       27
  MONTH TO DATE  297    272     25      390
  SINCE MAR 1   1038    913    125     1206
  SINCE JUL 1   5464   4928    536     5037

 COOLING
  YESTERDAY        0      1     -1        0
  MONTH TO DATE    6     16    -10        0
  SINCE MAR 1      6     19    -13        0
  SINCE JAN 1      6     19    -13        0
...............................................


WIND (MPH)
  HIGHEST WIND SPEED    28   HIGHEST WIND DIRECTION    SE (150)
  HIGHEST GUST SPEED    35   HIGHEST GUST DIRECTION    SE (130)
  AVERAGE WIND SPEED    15.8


SKY COVER
  AVERAGE SKY COVER 0.4


WEATHER CONDITIONS
 THE FOLLOWING WEATHER WAS RECORDED YESTERDAY.
  LIGHT RAIN


RELATIVE HUMIDITY (PERCENT)
 HIGHEST    68
 LOWEST     29
 AVERAGE    49

..........................................................


THE LAWRENCE KS CLIMATE NORMALS FOR TODAY
                         NORMAL
 MAXIMUM TEMPERATURE (F)   70
 MINIMUM TEMPERATURE (F)   46


SUNRISE AND SUNSET
APRIL 24 2014.........SUNRISE   632 AM CDT   SUNSET   807 PM CDT
APRIL 25 2014.........SUNRISE   630 AM CDT   SUNSET   808 PM CDT


-  INDICATES NEGATIVE NUMBERS.
R  INDICATES RECORD WAS SET OR TIED.
MM INDICATES DATA IS MISSING.
T  INDICATES TRACE AMOUNT.




$$





U.S. Dept. of Commerce
NOAA National Weather Service
1325 East West Highway
Silver Spring, MD 20910
E-mail: w-nws.webmaster@noaa.gov
Page last modified: May 16, 2007
NATIONAL WEATHER SERVICE: for Safety, for Work, for Fun - FOR LIFE