553
CDUS43 KTOP 190637
CLILWC


CLIMATE REPORT
NATIONAL WEATHER SERVICE TOPEKA KS
1234 AM CST FRI DEC 19 2014


...................................

...THE LAWRENCE KS CLIMATE SUMMARY FOR DECEMBER 18 2014...

CLIMATE NORMAL PERIOD 1981 TO 2010
CLIMATE RECORD PERIOD 9999 TO 9999


WEATHER ITEM   OBSERVED NORMAL DEPARTURE LAST
                VALUE   VALUE  FROM      YEAR
                               NORMAL
...............................................
TEMPERATURE (F)
 YESTERDAY
  MAXIMUM         33     41     -8       67
  MINIMUM         28     21      7       21
  AVERAGE         31     31      0       44

PRECIPITATION (IN)
  YESTERDAY        0.08   0.05   0.03     0.00
  MONTH TO DATE    1.69   0.81   0.88     0.10
  SINCE DEC 1      1.69   0.81   0.88     0.10
  SINCE JAN 1     36.70  37.89  -1.19    28.05

DEGREE DAYS
 HEATING
  YESTERDAY       34     34      0       21
  MONTH TO DATE  506    574    -68      638
  SINCE DEC 1    506    574    -68      638
  SINCE JUL 1   1686   1582    104     1668

 COOLING
  YESTERDAY        0      0      0        0
  MONTH TO DATE    0      0      0        0
  SINCE DEC 1      0      0      0        0
  SINCE JAN 1   1426   1371     55     1492
...............................................


WIND (MPH)
  HIGHEST WIND SPEED     9   HIGHEST WIND DIRECTION     E (80)
  HIGHEST GUST SPEED    11   HIGHEST GUST DIRECTION     E (80)
  AVERAGE WIND SPEED     3.5


SKY COVER
  AVERAGE SKY COVER 1.0


WEATHER CONDITIONS
 THE FOLLOWING WEATHER WAS RECORDED YESTERDAY.
  LIGHT SNOW
  FOG
  HAZE


RELATIVE HUMIDITY (PERCENT)
 HIGHEST    92
 LOWEST     82
 AVERAGE    87

..........................................................


THE LAWRENCE KS CLIMATE NORMALS FOR TODAY
                         NORMAL
 MAXIMUM TEMPERATURE (F)   41
 MINIMUM TEMPERATURE (F)   20


SUNRISE AND SUNSET
DECEMBER 19 2014......SUNRISE   735 AM CST   SUNSET   501 PM CST
DECEMBER 20 2014......SUNRISE   736 AM CST   SUNSET   501 PM CST


-  INDICATES NEGATIVE NUMBERS.
R  INDICATES RECORD WAS SET OR TIED.
MM INDICATES DATA IS MISSING.
T  INDICATES TRACE AMOUNT.




$$





U.S. Dept. of Commerce
NOAA National Weather Service
1325 East West Highway
Silver Spring, MD 20910
E-mail: w-nws.webmaster@noaa.gov
Page last modified: May 16, 2007
NATIONAL WEATHER SERVICE: for Safety, for Work, for Fun - FOR LIFE