387
CDUS43 KTOP 170634
CLILWC


CLIMATE REPORT
NATIONAL WEATHER SERVICE TOPEKA KS
133 AM CDT THU APR 17 2014


...................................

...THE LAWRENCE KS CLIMATE SUMMARY FOR APRIL 16 2014...

CLIMATE NORMAL PERIOD 1981 TO 2010
CLIMATE RECORD PERIOD 9999 TO 9999


WEATHER ITEM   OBSERVED NORMAL DEPARTURE LAST
                VALUE   VALUE  FROM      YEAR
                               NORMAL
...............................................
TEMPERATURE (F)
 YESTERDAY
  MAXIMUM         67     67      0       48
  MINIMUM         43     43      0       40
  AVERAGE         55     55      0       44

PRECIPITATION (IN)
  YESTERDAY        0.00   0.14  -0.14      T
  MONTH TO DATE    1.96   1.70   0.26     1.68
  SINCE MAR 1      2.93   4.32  -1.39     3.36
  SINCE JAN 1      3.98   6.63  -2.65     6.08

DEGREE DAYS
 HEATING
  YESTERDAY       10     11     -1       21
  MONTH TO DATE  241    206     35      258
  SINCE MAR 1    982    847    135     1074
  SINCE JUL 1   5408   4862    546     4905

 COOLING
  YESTERDAY        0      1     -1        0
  MONTH TO DATE    5      9     -4        0
  SINCE MAR 1      5     12     -7        0
  SINCE JAN 1      5     12     -7        0
...............................................


WIND (MPH)
  HIGHEST WIND SPEED    35   HIGHEST WIND DIRECTION     S (170)
  HIGHEST GUST SPEED    47   HIGHEST GUST DIRECTION     S (170)
  AVERAGE WIND SPEED    19.9


SKY COVER
  AVERAGE SKY COVER 0.2


WEATHER CONDITIONS
 THE FOLLOWING WEATHER WAS RECORDED YESTERDAY.
  NO SIGNIFICANT WEATHER WAS OBSERVED.


RELATIVE HUMIDITY (PERCENT)
 HIGHEST    60
 LOWEST     28
 AVERAGE    44

..........................................................


THE LAWRENCE KS CLIMATE NORMALS FOR TODAY
                         NORMAL
 MAXIMUM TEMPERATURE (F)   68
 MINIMUM TEMPERATURE (F)   43


SUNRISE AND SUNSET
APRIL 17 2014.........SUNRISE   641 AM CDT   SUNSET   800 PM CDT
APRIL 18 2014.........SUNRISE   640 AM CDT   SUNSET   801 PM CDT


-  INDICATES NEGATIVE NUMBERS.
R  INDICATES RECORD WAS SET OR TIED.
MM INDICATES DATA IS MISSING.
T  INDICATES TRACE AMOUNT.




$$






U.S. Dept. of Commerce
NOAA National Weather Service
1325 East West Highway
Silver Spring, MD 20910
E-mail: w-nws.webmaster@noaa.gov
Page last modified: May 16, 2007
NATIONAL WEATHER SERVICE: for Safety, for Work, for Fun - FOR LIFE