843
CDUS43 KTOP 310635
CLILWC


CLIMATE REPORT
NATIONAL WEATHER SERVICE TOPEKA KS
133 AM CDT FRI OCT 31 2014


...................................

...THE LAWRENCE KS CLIMATE SUMMARY FOR OCTOBER 30 2014...

CLIMATE NORMAL PERIOD 1981 TO 2010
CLIMATE RECORD PERIOD 9999 TO 9999


WEATHER ITEM   OBSERVED NORMAL DEPARTURE LAST
                VALUE   VALUE  FROM      YEAR
                               NORMAL
...............................................
TEMPERATURE (F)
 YESTERDAY
  MAXIMUM         69     63      6       71
  MINIMUM         40     39      1       57
  AVERAGE         55     51      4       64

PRECIPITATION (IN)
  YESTERDAY        0.00   0.07  -0.07     0.56
  MONTH TO DATE    5.57   2.82   2.75     3.48
  SINCE SEP 1     10.19   6.98   3.21     6.82
  SINCE JAN 1     34.64  34.84  -0.20    27.10

DEGREE DAYS
 HEATING
  YESTERDAY       10     14     -4        1
  MONTH TO DATE  238    286    -48      307
  SINCE SEP 1    309    346    -37      330
  SINCE JUL 1    310    349    -39      330

 COOLING
  YESTERDAY        0      0      0        0
  MONTH TO DATE   15     24     -9       36
  SINCE SEP 1    119    177    -58      271
  SINCE JAN 1   1426   1368     58     1492
...............................................


WIND (MPH)
  HIGHEST WIND SPEED    28   HIGHEST WIND DIRECTION     N (340)
  HIGHEST GUST SPEED    34   HIGHEST GUST DIRECTION    NW (320)
  AVERAGE WIND SPEED    13.1


SKY COVER
  AVERAGE SKY COVER 0.1


WEATHER CONDITIONS
 THE FOLLOWING WEATHER WAS RECORDED YESTERDAY.
  HAZE


RELATIVE HUMIDITY (PERCENT)
 HIGHEST    86
 LOWEST     35
 AVERAGE    61

..........................................................


THE LAWRENCE KS CLIMATE NORMALS FOR TODAY
                         NORMAL
 MAXIMUM TEMPERATURE (F)   63
 MINIMUM TEMPERATURE (F)   38


SUNRISE AND SUNSET
OCTOBER 31 2014.......SUNRISE   747 AM CDT   SUNSET   621 PM CDT
NOVEMBER  1 2014......SUNRISE   748 AM CDT   SUNSET   620 PM CDT


-  INDICATES NEGATIVE NUMBERS.
R  INDICATES RECORD WAS SET OR TIED.
MM INDICATES DATA IS MISSING.
T  INDICATES TRACE AMOUNT.




$$






U.S. Dept. of Commerce
NOAA National Weather Service
1325 East West Highway
Silver Spring, MD 20910
E-mail: w-nws.webmaster@noaa.gov
Page last modified: May 16, 2007
NATIONAL WEATHER SERVICE: for Safety, for Work, for Fun - FOR LIFE