755
CDUS43 KTOP 250635
CLILWC


CLIMATE REPORT
NATIONAL WEATHER SERVICE TOPEKA KS
135 AM CDT FRI JUL 25 2014


...................................

...THE LAWRENCE KS CLIMATE SUMMARY FOR JULY 24 2014...

CLIMATE NORMAL PERIOD 1981 TO 2010
CLIMATE RECORD PERIOD 9999 TO 9999


WEATHER ITEM   OBSERVED NORMAL DEPARTURE LAST
                VALUE   VALUE  FROM      YEAR
                               NORMAL
...............................................
TEMPERATURE (F)
 YESTERDAY
  MAXIMUM         88     90     -2       91
  MINIMUM         64     68     -4       62
  AVERAGE         76     79     -3       77

PRECIPITATION (IN)
  YESTERDAY        0.00   0.09  -0.09     0.00
  MONTH TO DATE    1.80   3.41  -1.61     0.39
  SINCE JUN 1     10.96   8.87   2.09     1.74
  SINCE JAN 1     18.62  22.76  -4.14    16.05

DEGREE DAYS
 HEATING
  YESTERDAY        0      0      0        0
  MONTH TO DATE    1      0      1        0
  SINCE JUN 1      1      8     -7       13
  SINCE JUL 1      1      0      1        0

 COOLING
  YESTERDAY       11     14     -3       12
  MONTH TO DATE  236    317    -81      350
  SINCE JUN 1    554    592    -38      662
  SINCE JAN 1    747    711     36      789
...............................................


WIND (MPH)
  HIGHEST WIND SPEED    17   HIGHEST WIND DIRECTION    SE (140)
  HIGHEST GUST SPEED    21   HIGHEST GUST DIRECTION    SE (140)
  AVERAGE WIND SPEED     8.9


SKY COVER
  AVERAGE SKY COVER 0.0


WEATHER CONDITIONS
 THE FOLLOWING WEATHER WAS RECORDED YESTERDAY.
  NO SIGNIFICANT WEATHER WAS OBSERVED.


RELATIVE HUMIDITY (PERCENT)
 HIGHEST    87
 LOWEST     36
 AVERAGE    62

..........................................................


THE LAWRENCE KS CLIMATE NORMALS FOR TODAY
                         NORMAL
 MAXIMUM TEMPERATURE (F)   90
 MINIMUM TEMPERATURE (F)   68


SUNRISE AND SUNSET
JULY 25 2014..........SUNRISE   616 AM CDT   SUNSET   839 PM CDT
JULY 26 2014..........SUNRISE   616 AM CDT   SUNSET   838 PM CDT


-  INDICATES NEGATIVE NUMBERS.
R  INDICATES RECORD WAS SET OR TIED.
MM INDICATES DATA IS MISSING.
T  INDICATES TRACE AMOUNT.




$$





U.S. Dept. of Commerce
NOAA National Weather Service
1325 East West Highway
Silver Spring, MD 20910
E-mail: w-nws.webmaster@noaa.gov
Page last modified: May 16, 2007
NATIONAL WEATHER SERVICE: for Safety, for Work, for Fun - FOR LIFE