411
CDUS45 KBYZ 221033
CLILVM


CLIMATE REPORT
NATIONAL WEATHER SERVICE BILLINGS MT
332 AM MST MON DEC 22 2014


...................................

...THE LIVINGSTON MT CLIMATE SUMMARY FOR DECEMBER 21 2014...

CLIMATE NORMAL PERIOD 1981 TO 2010
CLIMATE RECORD PERIOD 1948 TO 2014


WEATHER ITEM   OBSERVED TIME   RECORD YEAR NORMAL DEPARTURE LAST
                VALUE   (LST)  VALUE       VALUE  FROM      YEAR
                                                  NORMAL
..................................................................
TEMPERATURE (F)
 YESTERDAY
  MAXIMUM         47    137 PM  54    1969  35     12       30
  MINIMUM         35   1108 PM -33    1983  16     19       23
  AVERAGE         41                        26     15       27

PRECIPITATION (IN)
  YESTERDAY        0.02          0.22        0.02   0.00     0.04
  MONTH TO DATE    0.13                      0.38  -0.25     0.51
  SINCE OCT 1      1.51                      2.23  -0.72     2.02
  SINCE JAN 1     15.18                     14.67   0.51    11.81

DEGREE DAYS
 HEATING
  YESTERDAY       24                        40    -16       38
  MONTH TO DATE  571                       815   -244      933
  SINCE DEC 1    571                       815   -244      933
  SINCE JUL 1   2309                      2774   -465     2640

 COOLING
  YESTERDAY        0                         0      0        0
  MONTH TO DATE    0                         0      0        0
  SINCE DEC 1      0                         0      0        0
  SINCE JAN 1    321                       230     91      495
..................................................................


WIND (MPH)
  HIGHEST WIND SPEED    44   HIGHEST WIND DIRECTION    SW (220)
  HIGHEST GUST SPEED    59   HIGHEST GUST DIRECTION    SW (210)
  AVERAGE WIND SPEED    25.3


SKY COVER
  POSSIBLE SUNSHINE  MM
  AVERAGE SKY COVER 0.8


WEATHER CONDITIONS
 THE FOLLOWING WEATHER WAS RECORDED YESTERDAY.
  LIGHT RAIN


RELATIVE HUMIDITY (PERCENT)
 HIGHEST    75           600 PM
 LOWEST     45          1200 AM
 AVERAGE    60

..........................................................


THE LIVINGSTON MT CLIMATE NORMALS FOR TODAY
                         NORMAL    RECORD    YEAR
 MAXIMUM TEMPERATURE (F)   35        54      2005
 MINIMUM TEMPERATURE (F)   16       -36      1983


SUNRISE AND SUNSET
DECEMBER 22 2014......SUNRISE   800 AM MST   SUNSET   441 PM MST
DECEMBER 23 2014......SUNRISE   800 AM MST   SUNSET   441 PM MST


-  INDICATES NEGATIVE NUMBERS.
R  INDICATES RECORD WAS SET OR TIED.
MM INDICATES DATA IS MISSING.
T  INDICATES TRACE AMOUNT.





&&

THIS IS AN AUTOMATED...UNATTENDED WEATHER STATION AND MAY
UNDERESTIMATE WINTER PRECIPITATION.

$$






U.S. Dept. of Commerce
NOAA National Weather Service
1325 East West Highway
Silver Spring, MD 20910
E-mail: w-nws.webmaster@noaa.gov
Page last modified: May 16, 2007
NATIONAL WEATHER SERVICE: for Safety, for Work, for Fun - FOR LIFE