201
CDUS45 KBYZ 160933
CLILVM


CLIMATE REPORT
NATIONAL WEATHER SERVICE BILLINGS MT
332 AM MDT WED APR 16 2014


...................................

...THE LIVINGSTON MT CLIMATE SUMMARY FOR APRIL 15 2014...

CLIMATE NORMAL PERIOD 1981 TO 2010
CLIMATE RECORD PERIOD 1948 TO 2014


WEATHER ITEM   OBSERVED TIME   RECORD YEAR NORMAL DEPARTURE LAST
                VALUE   (LST)  VALUE       VALUE  FROM      YEAR
                                                  NORMAL
..................................................................
TEMPERATURE (F)
 YESTERDAY
  MAXIMUM         55    856 AM  79    1962  55      0       35
  MINIMUM         35   1137 PM  11    1973  29      6       19
  AVERAGE         45                        42      3       27

PRECIPITATION (IN)
  YESTERDAY        0.21          0.51 2008   0.06   0.15      T
  MONTH TO DATE    0.30                      0.77  -0.47     0.24
  SINCE OCT 1      5.67                      4.97   0.70     3.30
  SINCE JAN 1      3.38                      2.60   0.78     1.00

DEGREE DAYS
 HEATING
  YESTERDAY       20                        23     -3       38
  MONTH TO DATE  326                       372    -46      380
  SINCE MAR 1   1255                      1283    -28     1264
  SINCE JUL 1   6498                      6631   -133     5931

 COOLING
  YESTERDAY        0                         0      0        0
  MONTH TO DATE    0                         0      0        0
  SINCE MAR 1      0                         0      0        0
  SINCE JAN 1      0                         0      0        0
..................................................................


WIND (MPH)
  HIGHEST WIND SPEED    45   HIGHEST WIND DIRECTION    SW (220)
  HIGHEST GUST SPEED    58   HIGHEST GUST DIRECTION    SW (220)
  AVERAGE WIND SPEED    21.8


SKY COVER
  POSSIBLE SUNSHINE  MM
  AVERAGE SKY COVER 0.7


WEATHER CONDITIONS
 THE FOLLOWING WEATHER WAS RECORDED YESTERDAY.
  RAIN
  LIGHT RAIN
  LIGHT SNOW
  FOG


RELATIVE HUMIDITY (PERCENT)
 HIGHEST   100           300 PM
 LOWEST     16          1200 AM
 AVERAGE    58

..........................................................


THE LIVINGSTON MT CLIMATE NORMALS FOR TODAY
                         NORMAL    RECORD    YEAR
 MAXIMUM TEMPERATURE (F)   55        79      1988
 MINIMUM TEMPERATURE (F)   29        16      1964


SUNRISE AND SUNSET
APRIL 16 2014.........SUNRISE   634 AM MDT   SUNSET   810 PM MDT
APRIL 17 2014.........SUNRISE   632 AM MDT   SUNSET   811 PM MDT


-  INDICATES NEGATIVE NUMBERS.
R  INDICATES RECORD WAS SET OR TIED.
MM INDICATES DATA IS MISSING.
T  INDICATES TRACE AMOUNT.





&&

THIS IS AN AUTOMATED...UNATTENDED WEATHER STATION AND MAY
UNDERESTIMATE WINTER PRECIPITATION.

$$






U.S. Dept. of Commerce
NOAA National Weather Service
1325 East West Highway
Silver Spring, MD 20910
E-mail: w-nws.webmaster@noaa.gov
Page last modified: May 16, 2007
NATIONAL WEATHER SERVICE: for Safety, for Work, for Fun - FOR LIFE