426
CDUS45 KBYZ 250934
CLILVM


CLIMATE REPORT
NATIONAL WEATHER SERVICE BILLINGS MT
332 AM MDT FRI APR 25 2014


...................................

...THE LIVINGSTON MT CLIMATE SUMMARY FOR APRIL 24 2014...

CLIMATE NORMAL PERIOD 1981 TO 2010
CLIMATE RECORD PERIOD 1948 TO 2014


WEATHER ITEM   OBSERVED TIME   RECORD YEAR NORMAL DEPARTURE LAST
                VALUE   (LST)  VALUE       VALUE  FROM      YEAR
                                                  NORMAL
..................................................................
TEMPERATURE (F)
 YESTERDAY
  MAXIMUM         57    310 PM  81    2012  58     -1       59
                                      1962
  MINIMUM         36   1056 PM  20    2009  31      5       23
                                      1960
  AVERAGE         47                        44      3       41

PRECIPITATION (IN)
  YESTERDAY        0.04          1.04 1971   0.07  -0.03     0.00
  MONTH TO DATE    0.92                      1.34  -0.42     0.32
  SINCE OCT 1      6.29                      5.54   0.75     3.38
  SINCE JAN 1      4.00                      3.17   0.83     1.08

DEGREE DAYS
 HEATING
  YESTERDAY       18                        21     -3       24
  MONTH TO DATE  478                       570    -92      661
  SINCE MAR 1   1407                      1481    -74     1545
  SINCE JUL 1   6650                      6829   -179     6212

 COOLING
  YESTERDAY        0                         0      0        0
  MONTH TO DATE    0                         0      0        0
  SINCE MAR 1      0                         0      0        0
  SINCE JAN 1      0                         0      0        0
..................................................................


WIND (MPH)
  HIGHEST WIND SPEED    45   HIGHEST WIND DIRECTION    SW (220)
  HIGHEST GUST SPEED    58   HIGHEST GUST DIRECTION    SW (210)
  AVERAGE WIND SPEED    25.5


SKY COVER
  POSSIBLE SUNSHINE  MM
  AVERAGE SKY COVER 0.6


WEATHER CONDITIONS
 THE FOLLOWING WEATHER WAS RECORDED YESTERDAY.
  LIGHT RAIN


RELATIVE HUMIDITY (PERCENT)
 HIGHEST    92          1100 PM
 LOWEST     31           100 AM
 AVERAGE    62

..........................................................


THE LIVINGSTON MT CLIMATE NORMALS FOR TODAY
                         NORMAL    RECORD    YEAR
 MAXIMUM TEMPERATURE (F)   58        80      1952
 MINIMUM TEMPERATURE (F)   31        16      2009


SUNRISE AND SUNSET
APRIL 25 2014.........SUNRISE   619 AM MDT   SUNSET   821 PM MDT
APRIL 26 2014.........SUNRISE   617 AM MDT   SUNSET   823 PM MDT


-  INDICATES NEGATIVE NUMBERS.
R  INDICATES RECORD WAS SET OR TIED.
MM INDICATES DATA IS MISSING.
T  INDICATES TRACE AMOUNT.





&&

THIS IS AN AUTOMATED...UNATTENDED WEATHER STATION AND MAY
UNDERESTIMATE WINTER PRECIPITATION.

$$






U.S. Dept. of Commerce
NOAA National Weather Service
1325 East West Highway
Silver Spring, MD 20910
E-mail: w-nws.webmaster@noaa.gov
Page last modified: May 16, 2007
NATIONAL WEATHER SERVICE: for Safety, for Work, for Fun - FOR LIFE