936
CDUS46 KMTR 160045
CLILVK


CLIMATE REPORT
NATIONAL WEATHER SERVICE SAN FRANCISCO BAY AREA
545 PM PDT TUE APR 15 2014


...................................

...THE LIVERMORE AIRPORT CLIMATE SUMMARY FOR APRIL 15 2014...
VALID TODAY AS OF 0500 PM LOCAL TIME.

CLIMATE NORMAL PERIOD 1981 TO 2010
CLIMATE RECORD PERIOD 1930 TO 2014


WEATHER ITEM   OBSERVED TIME   RECORD YEAR NORMAL DEPARTURE LAST
                VALUE   (LST)  VALUE       VALUE  FROM      YEAR
                                                  NORMAL
..................................................................
TEMPERATURE (F)
 TODAY
  MAXIMUM         79    317 PM  90    1947  68     11       61
  MINIMUM         50    444 AM  32    1970  45      5       45
  AVERAGE         65                        56      9       53

PRECIPITATION (IN)
  TODAY            0.00          0.47 1978   0.04  -0.04      T
  MONTH TO DATE    0.51                      0.59  -0.08     0.40
  SINCE JUL 1      6.87                     14.64  -7.77    10.25
  SINCE JAN 1      4.49                      8.83  -4.34     1.96

DEGREE DAYS
 HEATING
  TODAY            0                         9     -9       12
  MONTH TO DATE   70                       150    -80       80
  SINCE MAR 1    280                       507   -227      353
  SINCE JUL 1   1794                      2514   -720     2293

 COOLING
  TODAY            0                         0      0        0
  MONTH TO DATE    7                         0      7        2
  SINCE MAR 1      7                         1      6        2
  SINCE JAN 1      7                         1      6        2
..................................................................


WIND (MPH)
  RESULTANT WIND SPEED   7   RESULTANT WIND DIRECTION  NW (300)
  HIGHEST WIND SPEED    14   HIGHEST WIND DIRECTION     W (290)
  HIGHEST GUST SPEED    17   HIGHEST GUST DIRECTION     W (290)
  AVERAGE WIND SPEED     7.6


SKY COVER
  POSSIBLE SUNSHINE  MM
  AVERAGE SKY COVER 0.1


WEATHER CONDITIONS
 THE FOLLOWING WEATHER WAS RECORDED TODAY.
  FOG


RELATIVE HUMIDITY (PERCENT)
 HIGHEST    89           300 AM
 LOWEST     28           300 PM
 AVERAGE    59

..........................................................


THE LIVERMORE AIRPORT CLIMATE NORMALS FOR TOMORROW
                         NORMAL    RECORD    YEAR
 MAXIMUM TEMPERATURE (F)   69        90      1987
 MINIMUM TEMPERATURE (F)   45        33      1974


SUNRISE AND SUNSET
APRIL 15 2014.........SUNRISE   632 AM PDT   SUNSET   743 PM PDT
APRIL 16 2014.........SUNRISE   631 AM PDT   SUNSET   744 PM PDT


-  INDICATES NEGATIVE NUMBERS.
R  INDICATES RECORD WAS SET OR TIED.
MM INDICATES DATA IS MISSING.
T  INDICATES TRACE AMOUNT.




$$





U.S. Dept. of Commerce
NOAA National Weather Service
1325 East West Highway
Silver Spring, MD 20910
E-mail: w-nws.webmaster@noaa.gov
Page last modified: May 16, 2007
NATIONAL WEATHER SERVICE: for Safety, for Work, for Fun - FOR LIFE