230
CDUS46 KMTR 010829
CLILVK


CLIMATE REPORT
NATIONAL WEATHER SERVICE SAN FRANCISCO BAY AREA
126 AM PDT SAT NOV 1 2014


...................................

...THE LIVERMORE AIRPORT CLIMATE SUMMARY FOR OCTOBER 31 2014...

CLIMATE NORMAL PERIOD 1981 TO 2010
CLIMATE RECORD PERIOD 1930 TO 2014


WEATHER ITEM   OBSERVED TIME   RECORD YEAR NORMAL DEPARTURE LAST
                VALUE   (LST)  VALUE       VALUE  FROM      YEAR
                                                  NORMAL
..................................................................
TEMPERATURE (F)
 YESTERDAY
  MAXIMUM         66   1139 AM  87    1931  71     -5       75
  MINIMUM         55   1140 PM  29    1935  46      9       43
  AVERAGE         61                        59      2       59

PRECIPITATION (IN)
  YESTERDAY        0.10          0.68 1944   0.04   0.06     0.00
  MONTH TO DATE    0.19                      0.92  -0.73     0.00
  SINCE JUL 1      0.40                      1.15  -0.75     0.47
  SINCE JAN 1      5.28                     11.05  -5.77     2.59

DEGREE DAYS
 HEATING
  YESTERDAY        4                         7     -3        6
  MONTH TO DATE   30                       104    -74       75
  SINCE SEP 1     30                       121    -91       79
  SINCE JUL 1     30                       128    -98       79

 COOLING
  YESTERDAY        0                         0      0        0
  MONTH TO DATE  122                        40     82       30
  SINCE SEP 1    354                       204    150      215
  SINCE JAN 1   1268                       829    439     1039
..................................................................


WIND (MPH)
  RESULTANT WIND SPEED   4   RESULTANT WIND DIRECTION  SW (230)
  HIGHEST WIND SPEED    17   HIGHEST WIND DIRECTION     W (290)
  HIGHEST GUST SPEED    21   HIGHEST GUST DIRECTION     W (280)
  AVERAGE WIND SPEED     5.6


SKY COVER
  POSSIBLE SUNSHINE  MM
  AVERAGE SKY COVER 0.7


WEATHER CONDITIONS
 THE FOLLOWING WEATHER WAS RECORDED YESTERDAY.
  RAIN
  LIGHT RAIN
  FOG


RELATIVE HUMIDITY (PERCENT)
 HIGHEST    93           600 PM
 LOWEST     67           900 AM
 AVERAGE    80

..........................................................


THE LIVERMORE AIRPORT CLIMATE NORMALS FOR TODAY
                         NORMAL    RECORD    YEAR
 MAXIMUM TEMPERATURE (F)   71        86      1949
 MINIMUM TEMPERATURE (F)   46        31      1946


SUNRISE AND SUNSET
NOVEMBER  1 2014......SUNRISE   733 AM PDT   SUNSET   609 PM PDT
NOVEMBER  2 2014......SUNRISE   634 AM PST   SUNSET   508 PM PST


-  INDICATES NEGATIVE NUMBERS.
R  INDICATES RECORD WAS SET OR TIED.
MM INDICATES DATA IS MISSING.
T  INDICATES TRACE AMOUNT.




$$





U.S. Dept. of Commerce
NOAA National Weather Service
1325 East West Highway
Silver Spring, MD 20910
E-mail: w-nws.webmaster@noaa.gov
Page last modified: May 16, 2007
NATIONAL WEATHER SERVICE: for Safety, for Work, for Fun - FOR LIFE