483
CDUS44 KCRP 240652
CLILRD

CLIMATE REPORT
NATIONAL WEATHER SERVICE CORPUS CHRISTI TX
1245 AM CST MON NOV 24 2014


...................................

...THE LAREDO CLIMATE SUMMARY FOR NOVEMBER 23 2014...

CLIMATE NORMAL PERIOD 1981 TO 2010
CLIMATE RECORD PERIOD 1900 TO 2014


WEATHER ITEM   OBSERVED TIME   RECORD YEAR NORMAL DEPARTURE LAST
                VALUE   (LST)  VALUE       VALUE  FROM      YEAR
                                                  NORMAL
..................................................................
TEMPERATURE (F)
 YESTERDAY
  MAXIMUM         86    221 PM  93    1973  73     13       45
  MINIMUM         51    723 AM  29    1975  52     -1       38
  AVERAGE         69                        63      6       42

PRECIPITATION (IN)
  YESTERDAY        0.00          1.54 1974   0.04  -0.04     0.06
  MONTH TO DATE    1.81                      0.96   0.85     0.16
  SINCE SEP 1      8.09                      6.10   1.99     7.29
  SINCE JAN 1     15.67                     19.09  -3.42    20.16

SNOWFALL (IN)
  YESTERDAY        0.0
  MONTH TO DATE    0.0
  SINCE SEP 1      0.0
  SINCE JUL 1      0.0

DEGREE DAYS
 HEATING
  YESTERDAY        0                         5     -5       23
  MONTH TO DATE  133                        63     70       62
  SINCE SEP 1    133                        75     58       62
  SINCE JUL 1    133                        75     58       62

 COOLING
  YESTERDAY        4                         3      1        0
  MONTH TO DATE   52                       110    -58      124
  SINCE SEP 1   1033                       996     37     1076
  SINCE JAN 1   4466                      4239    227     4481
..................................................................


WIND (MPH)
  HIGHEST WIND SPEED    17   HIGHEST WIND DIRECTION     S (190)
  HIGHEST GUST SPEED    20   HIGHEST GUST DIRECTION     S (180)
  AVERAGE WIND SPEED     6.0


SKY COVER
  POSSIBLE SUNSHINE  MM
  AVERAGE SKY COVER 0.0


WEATHER CONDITIONS
 THE FOLLOWING WEATHER WAS RECORDED YESTERDAY.
  NO SIGNIFICANT WEATHER WAS OBSERVED.


RELATIVE HUMIDITY (PERCENT)
 HIGHEST   100           200 AM
 LOWEST     27           300 PM

..........................................................


THE LAREDO CLIMATE NORMALS FOR TODAY
                         NORMAL    RECORD    YEAR
 MAXIMUM TEMPERATURE (F)   73        92      2010
 MINIMUM TEMPERATURE (F)   52        28      1937


SUNRISE AND SUNSET
NOVEMBER 24 2014......SUNRISE   706 AM CST   SUNSET   543 PM CST
NOVEMBER 25 2014......SUNRISE   706 AM CST   SUNSET   543 PM CST


-  INDICATES NEGATIVE NUMBERS.
R  INDICATES RECORD WAS SET OR TIED.
MM INDICATES DATA IS MISSING.
T  INDICATES TRACE AMOUNT.




$$








U.S. Dept. of Commerce
NOAA National Weather Service
1325 East West Highway
Silver Spring, MD 20910
E-mail: w-nws.webmaster@noaa.gov
Page last modified: May 16, 2007
NATIONAL WEATHER SERVICE: for Safety, for Work, for Fun - FOR LIFE