963
CDUS44 KCRP 282138
CLILRD

CLIMATE REPORT
NATIONAL WEATHER SERVICE CORPUS CHRISTI TX
336 PM CST WED JAN 28 2015


...................................

...THE LAREDO CLIMATE SUMMARY FOR JANUARY 28 2015...
VALID TODAY AS OF 0300 PM LOCAL TIME.

CLIMATE NORMAL PERIOD 1981 TO 2010
CLIMATE RECORD PERIOD 1900 TO 2015


WEATHER ITEM   OBSERVED TIME   RECORD YEAR NORMAL DEPARTURE LAST
                VALUE   (LST)  VALUE       VALUE  FROM      YEAR
                                                  NORMAL
..................................................................
TEMPERATURE (F)
 TODAY
  MAXIMUM         83    232 PM  92    1909  68     15       48
  MINIMUM         50    734 AM  25    1932  47      3       36
  AVERAGE         67                        58      9       42

PRECIPITATION (IN)
  TODAY            0.00          0.83 1941   0.03  -0.03     0.00
  MONTH TO DATE    0.58                      0.82  -0.24     0.08
  SINCE DEC 1      1.53                      1.70  -0.17     1.31
  SINCE JAN 1      0.58                      0.82  -0.24     0.08

SNOWFALL (IN)
  TODAY            0.0
  MONTH TO DATE    0.0
  SINCE DEC 1      0.0
  SINCE JUL 1      0.0

DEGREE DAYS
 HEATING
  TODAY            0                         8     -8       23
  MONTH TO DATE  376                       266    110      276
  SINCE DEC 1    556                       541     15      588
  SINCE JUL 1    714                       656     58      753

 COOLING
  TODAY            2                         1      1        0
  MONTH TO DATE    5                        28    -23        8
  SINCE DEC 1     41                        63    -22       45
  SINCE JAN 1      5                        28    -23        8
..................................................................


WIND (MPH)
  HIGHEST WIND SPEED    18   HIGHEST WIND DIRECTION    SE (150)
  HIGHEST GUST SPEED    22   HIGHEST GUST DIRECTION    SE (150)


SKY COVER
  POSSIBLE SUNSHINE  MM
  AVERAGE SKY COVER 0.0


WEATHER CONDITIONS
 THE FOLLOWING WEATHER WAS RECORDED TODAY.
  NO SIGNIFICANT WEATHER WAS OBSERVED.


RELATIVE HUMIDITY (PERCENT)
 HIGHEST    71           800 AM
 LOWEST     20           300 PM
 AVERAGE    46

..........................................................


THE LAREDO CLIMATE NORMALS FOR TOMORROW
                         NORMAL    RECORD    YEAR
 MAXIMUM TEMPERATURE (F)   69        94      2013
 MINIMUM TEMPERATURE (F)   47        22      1904


SUNRISE AND SUNSET
JANUARY 28 2015.......SUNRISE   726 AM CST   SUNSET   616 PM CST
JANUARY 29 2015.......SUNRISE   726 AM CST   SUNSET   616 PM CST


-  INDICATES NEGATIVE NUMBERS.
R  INDICATES RECORD WAS SET OR TIED.
MM INDICATES DATA IS MISSING.
T  INDICATES TRACE AMOUNT.




$$








U.S. Dept. of Commerce
NOAA National Weather Service
1325 East West Highway
Silver Spring, MD 20910
E-mail: w-nws.webmaster@noaa.gov
Page last modified: May 16, 2007
NATIONAL WEATHER SERVICE: for Safety, for Work, for Fun - FOR LIFE