585
CDUS43 KJKL 170525
CLILOZ

CLIMATE REPORT
NATIONAL WEATHER SERVICE JACKSON KY
1225 AM EST WED DEC 17 2014

...................................

...THE LONDON KY CLIMATE SUMMARY FOR DECEMBER 16 2014...

CLIMATE NORMAL PERIOD 1981 TO 2010
CLIMATE RECORD PERIOD 1954 TO 2014

WEATHER ITEM   OBSERVED TIME   RECORD YEAR NORMAL DEPARTURE LAST
                VALUE   (LST)  VALUE       VALUE  FROM      YEAR
                                                  NORMAL
..................................................................
TEMPERATURE (F)
 YESTERDAY
  MAXIMUM         52    918 AM  68    2006  47      5       51
  MINIMUM         43   1159 PM  -3    1989  29     14       31
  AVERAGE         48                        38     10       41

PRECIPITATION (IN)
  YESTERDAY        0.07          2.30 2000   0.14  -0.07     0.00
  MONTH TO DATE    1.92                      2.32  -0.40     4.07
  SINCE DEC 1      1.92                      2.32  -0.40     4.07
  SINCE JAN 1        MM                     45.22     MM    54.05

SNOWFALL (IN)
  YESTERDAY       MM
  MONTH TO DATE   MM
  SINCE DEC 1     MM
  SINCE JUL 1     MM
  SNOW DEPTH      MM

DEGREE DAYS
 HEATING
  YESTERDAY       17                        27    -10       24
  MONTH TO DATE  351                       399    -48      386
  SINCE DEC 1    351                       399    -48      386
  SINCE JUL 1   1295                      1229     66     1253

 COOLING
  YESTERDAY        0                         0      0        0
  MONTH TO DATE    0                         0      0        0
  SINCE DEC 1      0                         0      0        0
  SINCE JAN 1     MM                      1190     MM     1083
..................................................................

WIND (MPH)
  HIGHEST WIND SPEED    20   HIGHEST WIND DIRECTION     W (260)
  HIGHEST GUST SPEED    26   HIGHEST GUST DIRECTION     W (260)
  AVERAGE WIND SPEED    10.6

SKY COVER
  POSSIBLE SUNSHINE  MM
  AVERAGE SKY COVER 0.7

WEATHER CONDITIONS
 THE FOLLOWING WEATHER WAS RECORDED YESTERDAY.
  RAIN
  LIGHT RAIN
  FOG

RELATIVE HUMIDITY (PERCENT)
 HIGHEST    83           500 AM
 LOWEST     65           300 PM
 AVERAGE    74
..........................................................

THE LONDON KY CLIMATE NORMALS FOR TODAY
                         NORMAL    RECORD    YEAR
 MAXIMUM TEMPERATURE (F)   47        70      2006
 MINIMUM TEMPERATURE (F)   29         2      1989

SUNRISE AND SUNSET
DECEMBER 17 2014......SUNRISE   744 AM EST   SUNSET   521 PM EST
DECEMBER 18 2014......SUNRISE   744 AM EST   SUNSET   522 PM EST

-  INDICATES NEGATIVE NUMBERS.
R  INDICATES RECORD WAS SET OR TIED.
MM INDICATES DATA IS MISSING.
T  INDICATES TRACE AMOUNT.

$$

GEOGERIAN






U.S. Dept. of Commerce
NOAA National Weather Service
1325 East West Highway
Silver Spring, MD 20910
E-mail: w-nws.webmaster@noaa.gov
Page last modified: May 16, 2007
NATIONAL WEATHER SERVICE: for Safety, for Work, for Fun - FOR LIFE