427
CDUS43 KJKL 010534
CLILOZ

CLIMATE REPORT
NATIONAL WEATHER SERVICE JACKSON KY
134 AM EDT WED OCT 1 2014

...................................

...THE LONDON KY CLIMATE SUMMARY FOR SEPTEMBER 30 2014...

CLIMATE NORMAL PERIOD 1981 TO 2010
CLIMATE RECORD PERIOD 1954 TO 2014

WEATHER ITEM   OBSERVED TIME   RECORD YEAR NORMAL DEPARTURE LAST
                VALUE   (LST)  VALUE       VALUE  FROM      YEAR
                                                  NORMAL
..................................................................
TEMPERATURE (F)
 YESTERDAY
  MAXIMUM         83    311 PM  87    1971  75      8       77
  MINIMUM         56    741 AM  34    1967  51      5       55
  AVERAGE         70                        63      7       66

PRECIPITATION (IN)
  YESTERDAY        0.00          1.15 1955   0.11  -0.11     0.00
  MONTH TO DATE    1.39                      3.37  -1.98     2.61
  SINCE SEP 1      1.39                      3.37  -1.98     2.61
  SINCE JAN 1       MM                      36.05    MM     43.65

SNOWFALL (IN)
  YESTERDAY       MM
  MONTH TO DATE   MM
  SINCE SEP 1     MM
  SINCE JUL 1     MM
  SNOW DEPTH      MM

DEGREE DAYS
 HEATING
  YESTERDAY        0                         4     -4        0
  MONTH TO DATE   18                        44    -26       15
  SINCE SEP 1     18                        46    -28       15
  SINCE JUL 1     18                        47    -29       15

 COOLING
  YESTERDAY        5                         2      3        1
  MONTH TO DATE  173                       143     30      149
  SINCE SEP 1    173                       143     30      149
  SINCE JAN 1     MM                      1167     MM     1041
..................................................................

WIND (MPH)
  HIGHEST WIND SPEED     9   HIGHEST WIND DIRECTION    NE (30)
  HIGHEST GUST SPEED    15   HIGHEST GUST DIRECTION    NE (30)
  AVERAGE WIND SPEED     1.5

SKY COVER
  POSSIBLE SUNSHINE  MM
  AVERAGE SKY COVER 0.4

WEATHER CONDITIONS
 THE FOLLOWING WEATHER WAS RECORDED YESTERDAY.
  FOG
  FOG W/VISIBILITY <= 1/4 MILE

RELATIVE HUMIDITY (PERCENT)
 HIGHEST   100           700 AM
 LOWEST     34           300 PM
 AVERAGE    67

..........................................................

THE LONDON KY CLIMATE NORMALS FOR TODAY
                         NORMAL    RECORD    YEAR
 MAXIMUM TEMPERATURE (F)   74        87      1956
 MINIMUM TEMPERATURE (F)   50        34      1974

SUNRISE AND SUNSET
OCTOBER  1 2014.......SUNRISE   732 AM EDT   SUNSET   720 PM EDT
OCTOBER  2 2014.......SUNRISE   733 AM EDT   SUNSET   718 PM EDT

-  INDICATES NEGATIVE NUMBERS.
R  INDICATES RECORD WAS SET OR TIED.
MM INDICATES DATA IS MISSING.
T  INDICATES TRACE AMOUNT.

$$

CARICO






U.S. Dept. of Commerce
NOAA National Weather Service
1325 East West Highway
Silver Spring, MD 20910
E-mail: w-nws.webmaster@noaa.gov
Page last modified: May 16, 2007
NATIONAL WEATHER SERVICE: for Safety, for Work, for Fun - FOR LIFE