939
CDUS43 KJKL 010523
CLILOZ

CLIMATE REPORT
NATIONAL WEATHER SERVICE JACKSON KY
123 AM EDT MON SEP 1 2014

...................................

...THE LONDON KY CLIMATE SUMMARY FOR AUGUST 31 2014...

CLIMATE NORMAL PERIOD 1981 TO 2010
CLIMATE RECORD PERIOD 1954 TO 2014


WEATHER ITEM   OBSERVED TIME   RECORD YEAR NORMAL DEPARTURE LAST
                VALUE   (LST)  VALUE       VALUE  FROM      YEAR
                                                  NORMAL
..................................................................
TEMPERATURE (F)
 YESTERDAY
  MAXIMUM         80    246 PM  96    1957  84     -4       92
  MINIMUM         70    726 AM  46    1976  63      7       67
  AVERAGE         75                        73      2       80

PRECIPITATION (IN)
  YESTERDAY        0.51          1.29 1986   0.11   0.40     0.30
  MONTH TO DATE    6.10                      3.71   2.39     3.60
  SINCE JUN 1      MM                       12.15    MM     18.03
  SINCE JAN 1      MM                       32.68    MM     41.04

SNOWFALL (IN)
  YESTERDAY       MM
  MONTH TO DATE   MM
  SINCE JUN 1     MM
  SINCE JUL 1     MM
  SNOW DEPTH      MM

DEGREE DAYS
 HEATING
  YESTERDAY        0                         0      0        0
  MONTH TO DATE    0                         0      0        0
  SINCE JUN 1      0                        10    -10        0
  SINCE JUL 1      0                         1     -1        0

 COOLING
  YESTERDAY       10                         8      2       15
  MONTH TO DATE  331                       317     14      290
  SINCE JUN 1     MM                       910     MM      792
  SINCE JAN 1     MM                      1024     MM      892
..................................................................

WIND (MPH)
  HIGHEST WIND SPEED    17   HIGHEST WIND DIRECTION     S (200)
  HIGHEST GUST SPEED    23   HIGHEST GUST DIRECTION     S (190)
  AVERAGE WIND SPEED     6.0

SKY COVER
  POSSIBLE SUNSHINE  MM
  AVERAGE SKY COVER 0.6

WEATHER CONDITIONS
 THE FOLLOWING WEATHER WAS RECORDED YESTERDAY.
  HEAVY RAIN
  RAIN
  LIGHT RAIN
  FOG

RELATIVE HUMIDITY (PERCENT)
 HIGHEST    90          1200 AM
 LOWEST     69           200 PM
 AVERAGE    80

..........................................................

THE LONDON KY CLIMATE NORMALS FOR TODAY
                         NORMAL    RECORD    YEAR
 MAXIMUM TEMPERATURE (F)   84        95      1957
 MINIMUM TEMPERATURE (F)   62        48      1963

SUNRISE AND SUNSET
SEPTEMBER  1 2014.....SUNRISE   707 AM EDT   SUNSET   805 PM EDT
SEPTEMBER  2 2014.....SUNRISE   708 AM EDT   SUNSET   803 PM EDT

-  INDICATES NEGATIVE NUMBERS.
R  INDICATES RECORD WAS SET OR TIED.
MM INDICATES DATA IS MISSING.
T  INDICATES TRACE AMOUNT.

$$

CARICO






U.S. Dept. of Commerce
NOAA National Weather Service
1325 East West Highway
Silver Spring, MD 20910
E-mail: w-nws.webmaster@noaa.gov
Page last modified: May 16, 2007
NATIONAL WEATHER SERVICE: for Safety, for Work, for Fun - FOR LIFE