838
CDUS43 KLMK 282133
CLILOU


CLIMATE REPORT
NATIONAL WEATHER SERVICE LOUISVILLE KY
431 PM EST FRI NOV 28 2014


...................................

...THE LOUISVILLE BOWMAN KY CLIMATE SUMMARY FOR NOVEMBER 28 2014...
VALID TODAY AS OF 0400 PM LOCAL TIME.

CLIMATE NORMAL PERIOD 1981 TO 2010
CLIMATE RECORD PERIOD 9999 TO 9999


WEATHER ITEM   OBSERVED TIME   RECORD YEAR NORMAL DEPARTURE LAST
                VALUE   (LST)  VALUE       VALUE  FROM      YEAR
                                                  NORMAL
..................................................................
TEMPERATURE (F)
 TODAY
  MAXIMUM         39    359 PM  MM      MM  50    -11       39
  MINIMUM         24    446 AM  MM      MM  34    -10       19
  AVERAGE         32                        42    -10       29

PRECIPITATION (IN)
  TODAY            0.00         MM      MM   0.13  -0.13     0.00
  MONTH TO DATE    1.56                      3.36  -1.80     3.27
  SINCE SEP 1      8.98                      9.74  -0.76    16.61
  SINCE JAN 1     39.44                     41.28  -1.84    53.67

SNOWFALL (IN)
  TODAY            MM           MM      MM  MM     MM       MM
  MONTH TO DATE    MM                       MM     MM       MM
  SINCE SEP 1      MM                       MM     MM       MM
  SINCE JUL 1      MM                       MM     MM       MM
  SNOW DEPTH       MM

DEGREE DAYS
 HEATING
  TODAY           33                        23     10       36
  MONTH TO DATE  699                       481    218      579
  SINCE SEP 1    960                       757    203      852
  SINCE JUL 1    960                       757    203      852

 COOLING
  TODAY            0                         0      0        0
  MONTH TO DATE    0                         0      0        0
  SINCE SEP 1    191                       203    -12      243
  SINCE JAN 1   1536                      1442     94     1446
..................................................................


WIND (MPH)
  HIGHEST WIND SPEED    13   HIGHEST WIND DIRECTION     S (160)
  HIGHEST GUST SPEED    16   HIGHEST GUST DIRECTION    SE (140)
  AVERAGE WIND SPEED     5.8


SKY COVER
  POSSIBLE SUNSHINE  MM
  AVERAGE SKY COVER 0.4


WEATHER CONDITIONS
 THE FOLLOWING WEATHER WAS RECORDED TODAY.
  NO SIGNIFICANT WEATHER WAS OBSERVED.


RELATIVE HUMIDITY (PERCENT)
 HIGHEST    81           500 AM
 LOWEST     48           400 PM
 AVERAGE    65

..........................................................




SUNRISE AND SUNSET
NOVEMBER 28 2014......SUNRISE   737 AM EST   SUNSET   524 PM EST
NOVEMBER 29 2014......SUNRISE   738 AM EST   SUNSET   523 PM EST


-  INDICATES NEGATIVE NUMBERS.
R  INDICATES RECORD WAS SET OR TIED.
MM INDICATES DATA IS MISSING.
T  INDICATES TRACE AMOUNT.




$$






U.S. Dept. of Commerce
NOAA National Weather Service
1325 East West Highway
Silver Spring, MD 20910
E-mail: w-nws.webmaster@noaa.gov
Page last modified: May 16, 2007
NATIONAL WEATHER SERVICE: for Safety, for Work, for Fun - FOR LIFE