612
CDUS43 KLMK 200630
CLILOU


CLIMATE REPORT
NATIONAL WEATHER SERVICE LOUISVILLE KY
230 AM EDT SUN APR 20 2014


...................................

...THE LOUISVILLE BOWMAN KY CLIMATE SUMMARY FOR APRIL 19 2014...

CLIMATE NORMAL PERIOD 1981 TO 2010
CLIMATE RECORD PERIOD 9999 TO 9999


WEATHER ITEM   OBSERVED TIME   RECORD YEAR NORMAL DEPARTURE LAST
                VALUE   (LST)  VALUE       VALUE  FROM      YEAR
                                                  NORMAL
..................................................................
TEMPERATURE (F)
 YESTERDAY
  MAXIMUM         76    505 PM  MM      MM  68      8       74
  MINIMUM         50    547 AM  MM      MM  48      2       41
  AVERAGE         63                        58      5       58

PRECIPITATION (IN)
  YESTERDAY        0.00         MM      MM   0.14  -0.14     0.92
  MONTH TO DATE    4.74                      2.32   2.42     2.76
  SINCE MAR 1      6.92                      6.48   0.44     6.89
  SINCE JAN 1     12.69                     13.04  -0.35    13.60

SNOWFALL (IN)
  YESTERDAY       MM            MM      MM  MM     MM       MM
  MONTH TO DATE   MM                        MM     MM       MM
  SINCE MAR 1     MM                        MM     MM       MM
  SINCE JUL 1     MM                        MM     MM       MM
  SNOW DEPTH      MM

DEGREE DAYS
 HEATING
  YESTERDAY        2                         8     -6        7
  MONTH TO DATE  142                       201    -59      160
  SINCE MAR 1    819                       763     56      923
  SINCE JUL 1   4628                      4124    504     4153

 COOLING
  YESTERDAY        0                         1     -1        0
  MONTH TO DATE   21                        19      2       37
  SINCE MAR 1     21                        23     -2       37
  SINCE JAN 1     21                        23     -2       37
..................................................................


WIND (MPH)
  HIGHEST WIND SPEED    17   HIGHEST WIND DIRECTION     E (80)
  HIGHEST GUST SPEED    22   HIGHEST GUST DIRECTION    NE (50)
  AVERAGE WIND SPEED     7.2


SKY COVER
  POSSIBLE SUNSHINE  MM
  AVERAGE SKY COVER 0.0


WEATHER CONDITIONS
 THE FOLLOWING WEATHER WAS RECORDED YESTERDAY.
  NO SIGNIFICANT WEATHER WAS OBSERVED.


RELATIVE HUMIDITY (PERCENT)
 HIGHEST    63           600 AM
 LOWEST     23           100 PM
 AVERAGE    43

..........................................................


THE LOUISVILLE BOWMAN KY CLIMATE NORMALS FOR TODAY
                         NORMAL
 MAXIMUM TEMPERATURE (F)   69
 MINIMUM TEMPERATURE (F)   49


SUNRISE AND SUNSET
APRIL 20 2014.........SUNRISE   700 AM EDT   SUNSET   824 PM EDT
APRIL 21 2014.........SUNRISE   659 AM EDT   SUNSET   825 PM EDT


-  INDICATES NEGATIVE NUMBERS.
R  INDICATES RECORD WAS SET OR TIED.
MM INDICATES DATA IS MISSING.
T  INDICATES TRACE AMOUNT.




$$






U.S. Dept. of Commerce
NOAA National Weather Service
1325 East West Highway
Silver Spring, MD 20910
E-mail: w-nws.webmaster@noaa.gov
Page last modified: May 16, 2007
NATIONAL WEATHER SERVICE: for Safety, for Work, for Fun - FOR LIFE