361
CDUS43 KLOT 310635
CLILOT


CLIMATE REPORT
NATIONAL WEATHER SERVICE CHICAGO IL
132 AM CDT THU JUL 31 2014


...................................

...THE ROMEOVILLE  WFO CLIMATE SUMMARY FOR JULY 30 2014...

CLIMATE NORMAL PERIOD 1981 TO 2010
CLIMATE RECORD PERIOD 1992 TO 2014


WEATHER ITEM   OBSERVED RECORD YEAR NORMAL DEPARTURE LAST
                VALUE   VALUE       VALUE  FROM      YEAR
                                           NORMAL
...........................................................
TEMPERATURE (F)
 YESTERDAY
  MAXIMUM         81    100    1999  83     -2       70
  MINIMUM         58     54    1994  64     -6       60
  AVERAGE         70                 74     -4       65

PRECIPITATION (IN)
  YESTERDAY        0.00   1.33 2000   0.16  -0.16     0.01
  MONTH TO DATE    4.34               4.54  -0.20     0.61
  SINCE JUN 1     13.56               8.88   4.68     5.05
  SINCE JAN 1     28.93              23.58   5.35    26.04

DEGREE DAYS
 HEATING
  YESTERDAY        0                  0      0
  MONTH TO DATE    9                  0      9
  SINCE JUN 1     21                 33    -12
  SINCE JUL 1      9                  0      9

 COOLING
  YESTERDAY        5                  9     -4
  MONTH TO DATE  138                270   -132
  SINCE JUN 1    336                450   -114
  SINCE JAN 1    424                508    -84
...........................................................







THE ROMEOVILLE  WFO CLIMATE NORMALS FOR TODAY
                         NORMAL    RECORD    YEAR
 MAXIMUM TEMPERATURE (F)   83        96      2006
 MINIMUM TEMPERATURE (F)   64        55      2009
                                             1997


SUNRISE AND SUNSET
JULY 31 2014..........SUNRISE   546 AM CDT   SUNSET   811 PM CDT
AUGUST  1 2014........SUNRISE   547 AM CDT   SUNSET   810 PM CDT


-  INDICATES NEGATIVE NUMBERS.
R  INDICATES RECORD WAS SET OR TIED.
MM INDICATES DATA IS MISSING.
T  INDICATES TRACE AMOUNT.




$$





U.S. Dept. of Commerce
NOAA National Weather Service
1325 East West Highway
Silver Spring, MD 20910
E-mail: w-nws.webmaster@noaa.gov
Page last modified: May 16, 2007
NATIONAL WEATHER SERVICE: for Safety, for Work, for Fun - FOR LIFE