770
CDUS43 KLOT 230633
CLILOT


CLIMATE REPORT
NATIONAL WEATHER SERVICE CHICAGO IL
1232 AM CST SUN NOV 23 2014


...................................

...THE ROMEOVILLE  WFO CLIMATE SUMMARY FOR NOVEMBER 22 2014...

CLIMATE NORMAL PERIOD 1981 TO 2010
CLIMATE RECORD PERIOD 1992 TO 2014


WEATHER ITEM   OBSERVED RECORD YEAR NORMAL DEPARTURE LAST
                VALUE   VALUE       VALUE  FROM      YEAR
                                           NORMAL
...........................................................
TEMPERATURE (F)
 YESTERDAY
  MAXIMUM         52     69    2010  45      7       44
  MINIMUM         32     11    2000  30      2       24
  AVERAGE         42                 37      5       34

PRECIPITATION (IN)
  YESTERDAY        0.04   0.86 2010   0.12  -0.08     0.02
  MONTH TO DATE    0.23               2.48  -2.25     2.83
  SINCE SEP 1      7.74               9.02  -1.28     9.99
  SINCE JAN 1     46.40              36.84   9.56    39.31

SNOWFALL (IN)
  YESTERDAY        0.0    T    2013   0.1   -0.1       T
  MONTH TO DATE    0.2                0.4   -0.2      0.4
  SINCE SEP 1      0.2                0.4   -0.2      0.4
  SINCE JUL 1      0.2                0.4   -0.2      0.4
  SNOW DEPTH       0

DEGREE DAYS
 HEATING
  YESTERDAY       23                 28     -5
  MONTH TO DATE  676                493    183
  SINCE SEP 1   1202                972    230
  SINCE JUL 1   1214                980    234

 COOLING
  YESTERDAY        0                  0      0
  MONTH TO DATE    0                  0      0
  SINCE SEP 1     77                109    -32
  SINCE JAN 1    748                862   -114
...........................................................







THE ROMEOVILLE  WFO CLIMATE NORMALS FOR TODAY
                         NORMAL    RECORD    YEAR
 MAXIMUM TEMPERATURE (F)   44        65      2003
 MINIMUM TEMPERATURE (F)   29        14      2013


SUNRISE AND SUNSET
NOVEMBER 23 2014......SUNRISE   651 AM CST   SUNSET   426 PM CST
NOVEMBER 24 2014......SUNRISE   652 AM CST   SUNSET   426 PM CST


-  INDICATES NEGATIVE NUMBERS.
R  INDICATES RECORD WAS SET OR TIED.
MM INDICATES DATA IS MISSING.
T  INDICATES TRACE AMOUNT.




$$





U.S. Dept. of Commerce
NOAA National Weather Service
1325 East West Highway
Silver Spring, MD 20910
E-mail: w-nws.webmaster@noaa.gov
Page last modified: May 16, 2007
NATIONAL WEATHER SERVICE: for Safety, for Work, for Fun - FOR LIFE