823
CDUS43 KLOT 160640
CLILOT


CLIMATE REPORT
NATIONAL WEATHER SERVICE CHICAGO IL
140 AM CDT WED APR 16 2014


...................................

...THE ROMEOVILLE  WFO CLIMATE SUMMARY FOR APRIL 15 2014...

CLIMATE NORMAL PERIOD 1981 TO 2010
CLIMATE RECORD PERIOD 1992 TO 2014


WEATHER ITEM   OBSERVED RECORD YEAR NORMAL DEPARTURE LAST
                VALUE   VALUE       VALUE  FROM      YEAR
                                           NORMAL
...........................................................
TEMPERATURE (F)
 YESTERDAY
  MAXIMUM         38     88    2002  61    -23       66
  MINIMUM         24R    29    2008  39    -15       45
  AVERAGE         31                 50    -19       56

PRECIPITATION (IN)
  YESTERDAY        T      1.35 1999   0.13  -0.13     0.38
  MONTH TO DATE    2.06               1.78   0.28     2.94
  SINCE MAR 1      4.17               4.55  -0.38     5.20
  SINCE JAN 1      9.03               8.26   0.77    11.02

SNOWFALL (IN)
  YESTERDAY        T     MM      MM   0.0    0.0      0.0
  MONTH TO DATE    1.0                0.4    0.6       T
  SINCE MAR 1     11.2                4.8    6.4     10.2
  SINCE JUL 1     76.7               32.2   44.5     23.2
  SNOW DEPTH       1

DEGREE DAYS
 HEATING
  YESTERDAY       34                 15     19
  MONTH TO DATE  273                265      8
  SINCE MAR 1   1323               1082    241
  SINCE JUL 1   6927               5810   1117

 COOLING
  YESTERDAY        0                  0      0
  MONTH TO DATE    0                  0      0
  SINCE MAR 1      0                  0      0
  SINCE JAN 1      0                  0      0
...........................................................







THE ROMEOVILLE  WFO CLIMATE NORMALS FOR TODAY
                         NORMAL    RECORD    YEAR
 MAXIMUM TEMPERATURE (F)   61        88      2002
 MINIMUM TEMPERATURE (F)   40        29      2001


SUNRISE AND SUNSET
APRIL 16 2014.........SUNRISE   611 AM CDT   SUNSET   734 PM CDT
APRIL 17 2014.........SUNRISE   609 AM CDT   SUNSET   735 PM CDT


-  INDICATES NEGATIVE NUMBERS.
R  INDICATES RECORD WAS SET OR TIED.
MM INDICATES DATA IS MISSING.
T  INDICATES TRACE AMOUNT.




$$





U.S. Dept. of Commerce
NOAA National Weather Service
1325 East West Highway
Silver Spring, MD 20910
E-mail: w-nws.webmaster@noaa.gov
Page last modified: May 16, 2007
NATIONAL WEATHER SERVICE: for Safety, for Work, for Fun - FOR LIFE