419
CDUS43 KOAX 012124
CLILNK


CLIMATE REPORT
NATIONAL WEATHER SERVICE OMAHA NEBRASKA
423 PM CDT FRI AUG 1 2014


...................................

...THE LINCOLN, NEBRASKA CLIMATE SUMMARY FOR AUGUST 1 2014...
VALID TODAY AS OF 0400 PM LOCAL TIME.

CLIMATE NORMAL PERIOD 1981 TO 2010
CLIMATE RECORD PERIOD 1887 TO 2014


WEATHER ITEM   OBSERVED TIME   RECORD YEAR NORMAL DEPARTURE LAST
                VALUE   (LST)  VALUE       VALUE  FROM      YEAR
                                                  NORMAL
..................................................................
TEMPERATURE (F)
 TODAY
  MAXIMUM         84    259 PM 105    2006  89     -5       89
                                      1987
                                      1942
  MINIMUM         63    559 AM  48    1898  66     -3       62
  AVERAGE         74                        77     -3       76

PRECIPITATION (IN)
  TODAY            0.00          2.39 1981   0.11  -0.11     0.69
  MONTH TO DATE    0.00                      0.11  -0.11     0.69
  SINCE JUN 1      6.41                      7.86  -1.45     4.18
  SINCE JAN 1     16.16                     18.20  -2.04    20.03

SNOWFALL (IN)
  TODAY            0.0                       0.0    0.0      0.0
  MONTH TO DATE    0.0                       0.0    0.0      0.0
  SINCE JUL 1      0.0                       0.0    0.0      0.0
  SNOW DEPTH       0

DEGREE DAYS
 HEATING
  TODAY            0                         0      0        0
  MONTH TO DATE    0                         0      0        0
  SINCE JUN 1      4                        17    -13       23
  SINCE JUL 1      2                         1      1        3

 COOLING
  TODAY            9                        12     -3       11
  MONTH TO DATE    9                        12     -3       11
  SINCE JUN 1    608                       644    -36      588
  SINCE JAN 1    768                       723     45      675
..................................................................


WIND (MPH)
  HIGHEST WIND SPEED    14   HIGHEST WIND DIRECTION    SE (130)
  HIGHEST GUST SPEED    18   HIGHEST GUST DIRECTION    SE (130)
  AVERAGE WIND SPEED     7.7


SKY COVER
  POSSIBLE SUNSHINE  MM
  AVERAGE SKY COVER 0.3


WEATHER CONDITIONS
 THE FOLLOWING WEATHER WAS RECORDED TODAY.
  NO SIGNIFICANT WEATHER WAS OBSERVED.


RELATIVE HUMIDITY (PERCENT)
 HIGHEST    78           600 AM
 LOWEST     44           300 PM
 AVERAGE    61

..........................................................


THE LINCOLN, NEBRASKA CLIMATE NORMALS FOR TOMORROW
                         NORMAL    RECORD    YEAR
 MAXIMUM TEMPERATURE (F)   88       107      1964
                                             1930
 MINIMUM TEMPERATURE (F)   66        52      1927


SUNRISE AND SUNSET
AUGUST  1 2014........SUNRISE   623 AM CDT   SUNSET   843 PM CDT
AUGUST  2 2014........SUNRISE   624 AM CDT   SUNSET   842 PM CDT


-  INDICATES NEGATIVE NUMBERS.
R  INDICATES RECORD WAS SET OR TIED.
MM INDICATES DATA IS MISSING.
T  INDICATES TRACE AMOUNT.




$$






U.S. Dept. of Commerce
NOAA National Weather Service
1325 East West Highway
Silver Spring, MD 20910
E-mail: w-nws.webmaster@noaa.gov
Page last modified: May 16, 2007
NATIONAL WEATHER SERVICE: for Safety, for Work, for Fun - FOR LIFE