404
CDUS43 KOAX 222202
CLILNK


CLIMATE REPORT
NATIONAL WEATHER SERVICE OMAHA NEBRASKA
459 PM CDT MON SEP 22 2014


...................................

...THE LINCOLN, NEBRASKA CLIMATE SUMMARY FOR SEPTEMBER 22 2014...
VALID TODAY AS OF 400 PM LOCAL TIME.

CLIMATE NORMAL PERIOD 1981 TO 2010
CLIMATE RECORD PERIOD 1887 TO 2014


WEATHER ITEM   OBSERVED TIME   RECORD YEAR NORMAL DEPARTURE LAST
                VALUE   (LST)  VALUE       VALUE  FROM      YEAR
                                                  NORMAL
..................................................................
TEMPERATURE (F)
 TODAY
  MAXIMUM         76    217 PM  99    1937  76      0       82
  MINIMUM         42    620 AM  27    1995  50     -8       51
  AVERAGE         59                        63     -4       67

PRECIPITATION (IN)
  TODAY            0.00          2.62 2001   0.09  -0.09     0.00
  MONTH TO DATE    3.35                      2.32   1.03     1.75
  SINCE SEP 1      3.35                      2.32   1.03     1.75
  SINCE JAN 1     27.05                     23.90   3.15    22.20

SNOWFALL (IN)
  TODAY            0.0                       0.0    0.0      0.0
  MONTH TO DATE    0.0                       0.0    0.0      0.0
  SINCE JUL 1      0.0                       0.0    0.0      0.0
  SNOW DEPTH       0

DEGREE DAYS
 HEATING
  TODAY            6                         4      2        0
  MONTH TO DATE   92                        47     45       17
  SINCE SEP 1     92                        47     45       17
  SINCE JUL 1     94                        53     41       20

 COOLING
  TODAY            0                         3     -3        2
  MONTH TO DATE   84                       108    -24      174
  SINCE SEP 1     84                       108    -24      174
  SINCE JAN 1   1195                      1143     52     1189
..................................................................


WIND (MPH)
  HIGHEST WIND SPEED    13   HIGHEST WIND DIRECTION    SW (210)
  HIGHEST GUST SPEED    17   HIGHEST GUST DIRECTION     S (200)
  AVERAGE WIND SPEED     4.3


SKY COVER
  POSSIBLE SUNSHINE  MM
  AVERAGE SKY COVER 0.0


WEATHER CONDITIONS
 THE FOLLOWING WEATHER WAS RECORDED TODAY.
  NO SIGNIFICANT WEATHER WAS OBSERVED.


RELATIVE HUMIDITY (PERCENT)
 HIGHEST    92           400 AM
 LOWEST     36           200 PM
 AVERAGE    64

..........................................................


THE LINCOLN, NEBRASKA CLIMATE NORMALS FOR TOMORROW
                         NORMAL    RECORD    YEAR
 MAXIMUM TEMPERATURE (F)   76        97      1921
 MINIMUM TEMPERATURE (F)   50        31      1989
                                             1983


SUNRISE AND SUNSET
SEPTEMBER 22 2014.....SUNRISE   714 AM CDT   SUNSET   724 PM CDT
SEPTEMBER 23 2014.....SUNRISE   715 AM CDT   SUNSET   722 PM CDT


-  INDICATES NEGATIVE NUMBERS.
R  INDICATES RECORD WAS SET OR TIED.
MM INDICATES DATA IS MISSING.
T  INDICATES TRACE AMOUNT.




$$

KLISH




U.S. Dept. of Commerce
NOAA National Weather Service
1325 East West Highway
Silver Spring, MD 20910
E-mail: w-nws.webmaster@noaa.gov
Page last modified: May 16, 2007
NATIONAL WEATHER SERVICE: for Safety, for Work, for Fun - FOR LIFE