060
CDUS45 KRIW 240750
CLILND


CLIMATE REPORT
NATIONAL WEATHER SERVICE RIVERTON WY
1248 AM MST MON NOV 24 2014


...................................

...THE LANDER WY CLIMATE SUMMARY FOR NOVEMBER 23 2014...

CLIMATE NORMAL PERIOD 1981 TO 2010
CLIMATE RECORD PERIOD 1891 TO 2014


WEATHER ITEM   OBSERVED TIME   RECORD YEAR NORMAL DEPARTURE LAST
                VALUE   (LST)  VALUE       VALUE  FROM      YEAR
                                                  NORMAL
..................................................................
TEMPERATURE (F)
 YESTERDAY
  MAXIMUM         MM        MM  65    1915  38     MM       27
  MINIMUM         MM        MM -18    1985  16     MM        0
  AVERAGE         MM                        27     MM       14

PRECIPITATION (IN)
  YESTERDAY       MM             0.54 1992   0.02  MM        0.00
  MONTH TO DATE    0.55                      0.68  -0.13     0.13
  SINCE SEP 1      2.84                      3.02  -0.18     6.99
  SINCE JAN 1      9.86                     11.90  -2.04    14.85

SNOWFALL (IN)
  YESTERDAY       MM                         0.5   MM        0.0
  MONTH TO DATE    8.5                      10.0   -1.5      3.5
  SINCE SEP 1      8.5                      22.5  -14.0     29.5
  SINCE JUL 1      8.5                      22.5  -14.0     29.5
  SNOW DEPTH      MM

DEGREE DAYS
 HEATING
  YESTERDAY       MM                        38     MM       51
  MONTH TO DATE  773                       732     41      707
  SINCE SEP 1   1351                      1553   -202     1652
  SINCE JUL 1   1395                      1593   -198     1652

 COOLING
  YESTERDAY       MM                         0     MM        0
  MONTH TO DATE    0                         0      0        0
  SINCE SEP 1     39                        27     12       65
  SINCE JAN 1    445                       472    -27      743
..................................................................


WIND (MPH)
  HIGHEST WIND SPEED    MM   HIGHEST WIND DIRECTION    MM
  HIGHEST GUST SPEED    MM   HIGHEST GUST DIRECTION    MM
  AVERAGE WIND SPEED    MM


SKY COVER
  POSSIBLE SUNSHINE  MM
  AVERAGE SKY COVER  MM


WEATHER CONDITIONS
 THE FOLLOWING WEATHER WAS RECORDED YESTERDAY.
  NO SIGNIFICANT WEATHER WAS OBSERVED.


RELATIVE HUMIDITY (PERCENT)
 HIGHEST    MM
 LOWEST     MM
 AVERAGE    MM

..........................................................


THE LANDER WY CLIMATE NORMALS FOR TODAY
                         NORMAL    RECORD    YEAR
 MAXIMUM TEMPERATURE (F)   38        65      1933
 MINIMUM TEMPERATURE (F)   15       -12      1895


SUNRISE AND SUNSET
NOVEMBER 24 2014......SUNRISE   718 AM MST   SUNSET   445 PM MST
NOVEMBER 25 2014......SUNRISE   719 AM MST   SUNSET   444 PM MST


-  INDICATES NEGATIVE NUMBERS.
R  INDICATES RECORD WAS SET OR TIED.
MM INDICATES DATA IS MISSING.
T  INDICATES TRACE AMOUNT.




$$






U.S. Dept. of Commerce
NOAA National Weather Service
1325 East West Highway
Silver Spring, MD 20910
E-mail: w-nws.webmaster@noaa.gov
Page last modified: May 16, 2007
NATIONAL WEATHER SERVICE: for Safety, for Work, for Fun - FOR LIFE