428
CDUS45 KRIW 230758
CLILND


CLIMATE REPORT
NATIONAL WEATHER SERVICE RIVERTON WY
157 AM MDT WED APR 23 2014


...................................

...THE LANDER WY CLIMATE SUMMARY FOR APRIL 22 2014...

CLIMATE NORMAL PERIOD 1981 TO 2010
CLIMATE RECORD PERIOD 1891 TO 2014


WEATHER ITEM   OBSERVED TIME   RECORD YEAR NORMAL DEPARTURE LAST
                VALUE   (LST)  VALUE       VALUE  FROM      YEAR
                                                  NORMAL
..................................................................
TEMPERATURE (F)
 YESTERDAY
  MAXIMUM         70    248 PM  78    1994  58     12       31
                                      1989
                                      1969
  MINIMUM         34    318 AM  11    1892  33      1       19
  AVERAGE         52                        46      6       25

PRECIPITATION (IN)
  YESTERDAY        0.03          1.87 1999   0.06  -0.03     0.39
  MONTH TO DATE    0.62                      1.29  -0.67     2.82
  SINCE MAR 1      1.80                      2.45  -0.65     3.24
  SINCE JAN 1      2.60                      3.44  -0.84     5.22

SNOWFALL (IN)
  YESTERDAY        0.0                       0.5   -0.5      6.2
  MONTH TO DATE    4.3                      12.7   -8.4     40.3
  SINCE MAR 1     18.2                      28.8  -10.6     45.4
  SINCE JUL 1     73.5                      82.4   -8.9     97.6
  SNOW DEPTH       0

DEGREE DAYS
 HEATING
  YESTERDAY       13                        19     -6       40
  MONTH TO DATE  452                       491    -39      642
  SINCE MAR 1   1347                      1406    -59     1533
  SINCE JUL 1   7083                      7110    -27     6902

 COOLING
  YESTERDAY        0                         0      0        0
  MONTH TO DATE    0                         0      0        0
  SINCE MAR 1      0                         0      0        0
  SINCE JAN 1      0                         0      0        0
..................................................................


WIND (MPH)
  HIGHEST WIND SPEED    48   HIGHEST WIND DIRECTION     S (180)
  HIGHEST GUST SPEED    57   HIGHEST GUST DIRECTION     S (190)
  AVERAGE WIND SPEED    11.7


SKY COVER
  POSSIBLE SUNSHINE  MM
  AVERAGE SKY COVER 0.3


WEATHER CONDITIONS
 THE FOLLOWING WEATHER WAS RECORDED YESTERDAY.
  LIGHT RAIN


RELATIVE HUMIDITY (PERCENT)
 HIGHEST    82          1100 PM
 LOWEST     25           800 PM
 AVERAGE    54

..........................................................


THE LANDER WY CLIMATE NORMALS FOR TODAY
                         NORMAL    RECORD    YEAR
 MAXIMUM TEMPERATURE (F)   59        83      2012
 MINIMUM TEMPERATURE (F)   33         9      2013


SUNRISE AND SUNSET
APRIL 23 2014.........SUNRISE   621 AM MDT   SUNSET   806 PM MDT
APRIL 24 2014.........SUNRISE   619 AM MDT   SUNSET   808 PM MDT


-  INDICATES NEGATIVE NUMBERS.
R  INDICATES RECORD WAS SET OR TIED.
MM INDICATES DATA IS MISSING.
T  INDICATES TRACE AMOUNT.




$$






U.S. Dept. of Commerce
NOAA National Weather Service
1325 East West Highway
Silver Spring, MD 20910
E-mail: w-nws.webmaster@noaa.gov
Page last modified: May 16, 2007
NATIONAL WEATHER SERVICE: for Safety, for Work, for Fun - FOR LIFE