104
CDUS45 KRIW 210735
CLILND


CLIMATE REPORT
NATIONAL WEATHER SERVICE RIVERTON WY
133 AM MDT MON APR 21 2014


...................................

...THE LANDER WY CLIMATE SUMMARY FOR APRIL 20 2014...

CLIMATE NORMAL PERIOD 1981 TO 2010
CLIMATE RECORD PERIOD 1891 TO 2014


WEATHER ITEM   OBSERVED TIME   RECORD YEAR NORMAL DEPARTURE LAST
                VALUE   (LST)  VALUE       VALUE  FROM      YEAR
                                                  NORMAL
..................................................................
TEMPERATURE (F)
 YESTERDAY
  MAXIMUM         70    404 PM  81    1989  58     12       58
  MINIMUM         40    531 AM   1    1966  32      8       31
  AVERAGE         55                        45     10       45

PRECIPITATION (IN)
  YESTERDAY        0.00          1.05 1933   0.06  -0.06     0.00
  MONTH TO DATE    0.59                      1.16  -0.57     2.43
  SINCE MAR 1      1.77                      2.32  -0.55     2.85
  SINCE JAN 1      2.57                      3.31  -0.74     4.83

SNOWFALL (IN)
  YESTERDAY        0.0                       0.5   -0.5      0.0
  MONTH TO DATE    4.3                      11.6   -7.3     34.1
  SINCE MAR 1     18.2                      27.7   -9.5     39.2
  SINCE JUL 1     73.5                      81.3   -7.8     91.4
  SNOW DEPTH       0

DEGREE DAYS
 HEATING
  YESTERDAY       10                        20    -10       20
  MONTH TO DATE  425                       452    -27      582
  SINCE MAR 1   1320                      1367    -47     1473
  SINCE JUL 1   7056                      7071    -15     6842

 COOLING
  YESTERDAY        0                         0      0        0
  MONTH TO DATE    0                         0      0        0
  SINCE MAR 1      0                         0      0        0
  SINCE JAN 1      0                         0      0        0
..................................................................


WIND (MPH)
  HIGHEST WIND SPEED    22   HIGHEST WIND DIRECTION     W (290)
  HIGHEST GUST SPEED    28   HIGHEST GUST DIRECTION     W (280)
  AVERAGE WIND SPEED     7.7


SKY COVER
  POSSIBLE SUNSHINE  MM
  AVERAGE SKY COVER 0.0


WEATHER CONDITIONS
 THE FOLLOWING WEATHER WAS RECORDED YESTERDAY.
  NO SIGNIFICANT WEATHER WAS OBSERVED.


RELATIVE HUMIDITY (PERCENT)
 HIGHEST    60           700 AM
 LOWEST     10           500 PM
 AVERAGE    35

..........................................................


THE LANDER WY CLIMATE NORMALS FOR TODAY
                         NORMAL    RECORD    YEAR
 MAXIMUM TEMPERATURE (F)   58        82      1989
 MINIMUM TEMPERATURE (F)   33        11      1892


SUNRISE AND SUNSET
APRIL 21 2014.........SUNRISE   624 AM MDT   SUNSET   804 PM MDT
APRIL 22 2014.........SUNRISE   622 AM MDT   SUNSET   805 PM MDT


-  INDICATES NEGATIVE NUMBERS.
R  INDICATES RECORD WAS SET OR TIED.
MM INDICATES DATA IS MISSING.
T  INDICATES TRACE AMOUNT.




$$






U.S. Dept. of Commerce
NOAA National Weather Service
1325 East West Highway
Silver Spring, MD 20910
E-mail: w-nws.webmaster@noaa.gov
Page last modified: May 16, 2007
NATIONAL WEATHER SERVICE: for Safety, for Work, for Fun - FOR LIFE