456
CDUS46 KMFR 280037
CLILMT


CLIMATE REPORT
NATIONAL WEATHER SERVICE MEDFORD, OR
536 PM PDT WED AUG 27 2014


...................................

...THE KLAMATH FALLS OR CLIMATE SUMMARY FOR AUGUST 27 2014...
VALID TODAY AS OF 0500 PM LOCAL TIME.

CLIMATE NORMAL PERIOD 1981 TO 2010
CLIMATE RECORD PERIOD 1928 TO 2014


WEATHER ITEM   OBSERVED TIME   RECORD YEAR NORMAL DEPARTURE LAST
                VALUE   (LST)  VALUE       VALUE  FROM      YEAR
                                                  NORMAL
..................................................................
TEMPERATURE (F)
 TODAY
  MAXIMUM         90    353 PM  91    1998  81      9       82
  MINIMUM         47    552 AM  30    1960  45      2       39
  AVERAGE         69                        63      6       61

PRECIPITATION (IN)
  TODAY            0.00          0.05 1971   0.01  -0.01     0.00
  MONTH TO DATE    0.92                      0.33   0.59     0.24
  SINCE SEP 1      8.25                     14.86  -6.61     8.45
  SINCE JAN 1      7.51                      9.64  -2.13     4.79

SNOWFALL (IN)
  TODAY           MM                        MM     MM       MM
  MONTH TO DATE   MM                        MM     MM       MM
  SINCE JUL 1     MM                        MM     MM       MM
  SNOW DEPTH      MM

DEGREE DAYS
 HEATING
  TODAY            0                         3     -3        4
  MONTH TO DATE   24                        52    -28       62
  SINCE JUN 1    209                       319   -110      241
  SINCE JUL 1     34                       102    -68       63

 COOLING
  TODAY            4                         1      3        0
  MONTH TO DATE   88                        59     29       47
  SINCE JUN 1    316                       152    164      265
  SINCE JAN 1    316                       153    163      265
..................................................................


WIND (MPH)
  HIGHEST WIND SPEED    16   HIGHEST WIND DIRECTION     N (340)
  HIGHEST GUST SPEED    20   HIGHEST GUST DIRECTION     N (340)
  AVERAGE WIND SPEED     3.4


SKY COVER
  POSSIBLE SUNSHINE  MM
  AVERAGE SKY COVER 0.0


WEATHER CONDITIONS
 THE FOLLOWING WEATHER WAS RECORDED TODAY.
  HAZE


RELATIVE HUMIDITY (PERCENT)
 HIGHEST    86           500 AM
 LOWEST     17           300 PM

..........................................................


THE KLAMATH FALLS OR CLIMATE NORMALS FOR TOMORROW
                         NORMAL    RECORD    YEAR
 MAXIMUM TEMPERATURE (F)   81        94      1998
 MINIMUM TEMPERATURE (F)   44        37      1960


SUNRISE AND SUNSET
AUGUST 27 2014........SUNRISE   627 AM PDT   SUNSET   749 PM PDT
AUGUST 28 2014........SUNRISE   628 AM PDT   SUNSET   747 PM PDT


-  INDICATES NEGATIVE NUMBERS.
R  INDICATES RECORD WAS SET OR TIED.
MM INDICATES DATA IS MISSING.
T  INDICATES TRACE AMOUNT.




$$





U.S. Dept. of Commerce
NOAA National Weather Service
1325 East West Highway
Silver Spring, MD 20910
E-mail: w-nws.webmaster@noaa.gov
Page last modified: May 16, 2007
NATIONAL WEATHER SERVICE: for Safety, for Work, for Fun - FOR LIFE