567
CDUS46 KMFR 260037
CLILMT


CLIMATE REPORT
NATIONAL WEATHER SERVICE MEDFORD, OR
437 PM PST TUE NOV 25 2014


...................................

...THE KLAMATH FALLS OR CLIMATE SUMMARY FOR NOVEMBER 25 2014...
VALID TODAY AS OF 0400 PM LOCAL TIME.

CLIMATE NORMAL PERIOD 1981 TO 2010
CLIMATE RECORD PERIOD 1928 TO 2014


WEATHER ITEM   OBSERVED TIME   RECORD YEAR NORMAL DEPARTURE LAST
                VALUE   (LST)  VALUE       VALUE  FROM      YEAR
                                                  NORMAL
..................................................................
TEMPERATURE (F)
 TODAY
  MAXIMUM         57    344 PM  59    1949  42     15       51
  MINIMUM         36    448 AM  -5    1993  23     13       14
  AVERAGE         47                        32     15       33

PRECIPITATION (IN)
  TODAY            0.00          1.25 1960   0.08  -0.08     0.00
  MONTH TO DATE    0.80                      1.79  -0.99     0.34
  SINCE SEP 1      3.96                      3.37   0.59     0.46
  SINCE JAN 1     11.47                     13.11  -1.64     5.25

SNOWFALL (IN)
  TODAY           MM                        MM     MM       MM
  MONTH TO DATE   MM                        MM     MM       MM
  SINCE JUL 1     MM                        MM     MM        0.0
  SNOW DEPTH      MM

DEGREE DAYS
 HEATING
  TODAY           18                        33    -15       32
  MONTH TO DATE  641                       720    -79      629
  SINCE SEP 1   1210                      1517   -307     1527
  SINCE JUL 1   1258                      1636   -378     1595

 COOLING
  TODAY            0                         0      0        0
  MONTH TO DATE    0                         0      0        0
  SINCE SEP 1      6                        10     -4       17
  SINCE JAN 1    327                       169    158      285
..................................................................


WIND (MPH)
  HIGHEST WIND SPEED    12   HIGHEST WIND DIRECTION     W (280)
  HIGHEST GUST SPEED    15   HIGHEST GUST DIRECTION     W (270)
  AVERAGE WIND SPEED     5.0


SKY COVER
  POSSIBLE SUNSHINE  MM
  AVERAGE SKY COVER 0.7


WEATHER CONDITIONS
 THE FOLLOWING WEATHER WAS RECORDED TODAY.
  NO SIGNIFICANT WEATHER WAS OBSERVED.


RELATIVE HUMIDITY (PERCENT)
 HIGHEST    82          1200 AM
 LOWEST     55           200 PM

..........................................................


THE KLAMATH FALLS OR CLIMATE NORMALS FOR TOMORROW
                         NORMAL    RECORD    YEAR
 MAXIMUM TEMPERATURE (F)   41        58      1950
 MINIMUM TEMPERATURE (F)   23         1      1993


SUNRISE AND SUNSET
NOVEMBER 25 2014......SUNRISE   709 AM PST   SUNSET   438 PM PST
NOVEMBER 26 2014......SUNRISE   710 AM PST   SUNSET   438 PM PST


-  INDICATES NEGATIVE NUMBERS.
R  INDICATES RECORD WAS SET OR TIED.
MM INDICATES DATA IS MISSING.
T  INDICATES TRACE AMOUNT.




$$





U.S. Dept. of Commerce
NOAA National Weather Service
1325 East West Highway
Silver Spring, MD 20910
E-mail: w-nws.webmaster@noaa.gov
Page last modified: May 16, 2007
NATIONAL WEATHER SERVICE: for Safety, for Work, for Fun - FOR LIFE