347
CDUS46 KMFR 200041
CLILMT


CLIMATE REPORT
NATIONAL WEATHER SERVICE MEDFORD, OR
441 PM PST FRI DEC 19 2014


...................................

...THE KLAMATH FALLS OR CLIMATE SUMMARY FOR DECEMBER 19 2014...
VALID TODAY AS OF 0400 PM LOCAL TIME.

CLIMATE NORMAL PERIOD 1981 TO 2010
CLIMATE RECORD PERIOD 1928 TO 2014


WEATHER ITEM   OBSERVED TIME   RECORD YEAR NORMAL DEPARTURE LAST
                VALUE   (LST)  VALUE       VALUE  FROM      YEAR
                                                  NORMAL
..................................................................
TEMPERATURE (F)
 TODAY
  MAXIMUM         46    142 PM  58    2005  38      8       33
  MINIMUM         35    847 AM -11    1967  20     15        9
  AVERAGE         41                        29     12       21

PRECIPITATION (IN)
  TODAY            0.15          1.15 1981   0.05   0.10     0.00
  MONTH TO DATE    1.99                      0.90   1.09     0.28
  SINCE SEP 1      6.16                      4.67   1.49     0.74
  SINCE JAN 1     13.67                     14.41  -0.74     5.53

SNOWFALL (IN)
  TODAY           MM                        MM     MM       MM
  MONTH TO DATE   MM                        MM     MM       MM
  SINCE JUL 1     MM                        MM     MM        0.0
  SNOW DEPTH      MM

DEGREE DAYS
 HEATING
  TODAY           24                        36    -12       44
  MONTH TO DATE  479                       670   -191      889
  SINCE DEC 1    479                       670   -191      889
  SINCE JUL 1   1869                      2472   -603     2625

 COOLING
  TODAY            0                         0      0        0
  MONTH TO DATE    0                         0      0        0
  SINCE DEC 1      0                         0      0        0
  SINCE JAN 1    327                       169    158      285
..................................................................


WIND (MPH)
  HIGHEST WIND SPEED    18   HIGHEST WIND DIRECTION     S (170)
  HIGHEST GUST SPEED    23   HIGHEST GUST DIRECTION     S (170)
  AVERAGE WIND SPEED     7.4


SKY COVER
  POSSIBLE SUNSHINE  MM
  AVERAGE SKY COVER 0.8


WEATHER CONDITIONS
 THE FOLLOWING WEATHER WAS RECORDED TODAY.
  RAIN
  LIGHT RAIN
  FOG


RELATIVE HUMIDITY (PERCENT)
 HIGHEST    92           500 AM
 LOWEST     70           200 PM

..........................................................


THE KLAMATH FALLS OR CLIMATE NORMALS FOR TOMORROW
                         NORMAL    RECORD    YEAR
 MAXIMUM TEMPERATURE (F)   38        52      2011
                                             1969
 MINIMUM TEMPERATURE (F)   20        -9      1990


SUNRISE AND SUNSET
DECEMBER 19 2014......SUNRISE   731 AM PST   SUNSET   437 PM PST
DECEMBER 20 2014......SUNRISE   732 AM PST   SUNSET   438 PM PST


-  INDICATES NEGATIVE NUMBERS.
R  INDICATES RECORD WAS SET OR TIED.
MM INDICATES DATA IS MISSING.
T  INDICATES TRACE AMOUNT.




$$





U.S. Dept. of Commerce
NOAA National Weather Service
1325 East West Highway
Silver Spring, MD 20910
E-mail: w-nws.webmaster@noaa.gov
Page last modified: May 16, 2007
NATIONAL WEATHER SERVICE: for Safety, for Work, for Fun - FOR LIFE