457
CDUS46 KMFR 240036
CLILMT


CLIMATE REPORT
NATIONAL WEATHER SERVICE MEDFORD, OR
536 PM PDT TUE SEP 23 2014


...................................

...THE KLAMATH FALLS OR CLIMATE SUMMARY FOR SEPTEMBER 23 2014...
VALID TODAY AS OF 0500 PM LOCAL TIME.

CLIMATE NORMAL PERIOD 1981 TO 2010
CLIMATE RECORD PERIOD 1928 TO 2014


WEATHER ITEM   OBSERVED TIME   RECORD YEAR NORMAL DEPARTURE LAST
                VALUE   (LST)  VALUE       VALUE  FROM      YEAR
                                                  NORMAL
..................................................................
TEMPERATURE (F)
 TODAY
  MAXIMUM         76    221 PM  90    2011  74      2       68
                                      2009
                                      1974
  MINIMUM         55    425 AM  28    1961  37     18       46
  AVERAGE         66                        55     11       57

PRECIPITATION (IN)
  TODAY            0.00          0.21 2005   0.02  -0.02     0.00
  MONTH TO DATE    0.00                      0.44  -0.44     0.09
  SINCE SEP 1      0.00                      0.44  -0.44     0.09
  SINCE JAN 1      7.51                     10.18  -2.67     4.88

SNOWFALL (IN)
  TODAY           MM                        MM     MM       MM
  MONTH TO DATE   MM                        MM     MM       MM
  SINCE JUL 1     MM                        MM     MM       MM
  SNOW DEPTH      MM

DEGREE DAYS
 HEATING
  TODAY            0                        10    -10        8
  MONTH TO DATE   55                       159   -104      128
  SINCE SEP 1     55                       159   -104      128
  SINCE JUL 1    103                       278   -175      196

 COOLING
  TODAY            1                         0      1        0
  MONTH TO DATE    6                         9     -3       17
  SINCE SEP 1      6                         9     -3       17
  SINCE JAN 1    327                       168    159      285
..................................................................


WIND (MPH)
  HIGHEST WIND SPEED    25   HIGHEST WIND DIRECTION     S (180)
  HIGHEST GUST SPEED    30   HIGHEST GUST DIRECTION     S (180)
  AVERAGE WIND SPEED    13.1


SKY COVER
  POSSIBLE SUNSHINE  MM
  AVERAGE SKY COVER 0.3


WEATHER CONDITIONS
 THE FOLLOWING WEATHER WAS RECORDED TODAY.
  NO SIGNIFICANT WEATHER WAS OBSERVED.


RELATIVE HUMIDITY (PERCENT)
 HIGHEST    72           600 AM
 LOWEST     23           400 PM

..........................................................


THE KLAMATH FALLS OR CLIMATE NORMALS FOR TOMORROW
                         NORMAL    RECORD    YEAR
 MAXIMUM TEMPERATURE (F)   73        90      1994
 MINIMUM TEMPERATURE (F)   37        25      2005
                                             1970


SUNRISE AND SUNSET
SEPTEMBER 23 2014.....SUNRISE   655 AM PDT   SUNSET   702 PM PDT
SEPTEMBER 24 2014.....SUNRISE   657 AM PDT   SUNSET   700 PM PDT


-  INDICATES NEGATIVE NUMBERS.
R  INDICATES RECORD WAS SET OR TIED.
MM INDICATES DATA IS MISSING.
T  INDICATES TRACE AMOUNT.




$$





U.S. Dept. of Commerce
NOAA National Weather Service
1325 East West Highway
Silver Spring, MD 20910
E-mail: w-nws.webmaster@noaa.gov
Page last modified: May 16, 2007
NATIONAL WEATHER SERVICE: for Safety, for Work, for Fun - FOR LIFE