236
CDUS46 KMFR 250837
CLILMT


CLIMATE REPORT
NATIONAL WEATHER SERVICE MEDFORD, OR
137 AM PDT FRI JUL 25 2014


...................................

...THE KLAMATH FALLS OR CLIMATE SUMMARY FOR JULY 24 2014...

CLIMATE NORMAL PERIOD 1981 TO 2010
CLIMATE RECORD PERIOD 1928 TO 2014


WEATHER ITEM   OBSERVED TIME   RECORD YEAR NORMAL DEPARTURE LAST
                VALUE   (LST)  VALUE       VALUE  FROM      YEAR
                                                  NORMAL
..................................................................
TEMPERATURE (F)
 YESTERDAY
  MAXIMUM         76    538 PM  97    1996  86    -10       86
  MINIMUM         35R   514 AM  38    1993  49    -14       57
  AVERAGE         56                        67    -11       72

PRECIPITATION (IN)
  YESTERDAY        0.00          0.14 2003   0.01  -0.01     0.00
  MONTH TO DATE    0.09                      0.42  -0.33      T
  SINCE SEP 1      7.33                     14.47  -7.14     8.21
  SINCE JAN 1      6.59                      9.25  -2.66     4.55

SNOWFALL (IN)
  YESTERDAY       MM                        MM     MM       MM
  MONTH TO DATE   MM                        MM     MM       MM
  SINCE JUL 1     MM                        MM     MM       MM
  SNOW DEPTH      MM

DEGREE DAYS
 HEATING
  YESTERDAY        9                         1      8        0
  MONTH TO DATE   10                        40    -30        1
  SINCE JUN 1    185                       257    -72      179
  SINCE JUL 1     10                        40    -30        1

 COOLING
  YESTERDAY        0                         3     -3        7
  MONTH TO DATE  182                        57    125      142
  SINCE JUN 1    189                        68    121      188
  SINCE JAN 1    189                        69    120      188
..................................................................


WIND (MPH)
  HIGHEST WIND SPEED    17   HIGHEST WIND DIRECTION    NW (320)
  HIGHEST GUST SPEED    20   HIGHEST GUST DIRECTION    NW (320)
  AVERAGE WIND SPEED     6.9


SKY COVER
  POSSIBLE SUNSHINE  MM
  AVERAGE SKY COVER 0.0


WEATHER CONDITIONS
 THE FOLLOWING WEATHER WAS RECORDED YESTERDAY.
  NO SIGNIFICANT WEATHER WAS OBSERVED.


RELATIVE HUMIDITY (PERCENT)
 HIGHEST    92           500 AM
 LOWEST     14           600 PM

..........................................................


THE KLAMATH FALLS OR CLIMATE NORMALS FOR TODAY
                         NORMAL    RECORD    YEAR
 MAXIMUM TEMPERATURE (F)   86        97      1978
 MINIMUM TEMPERATURE (F)   49        40      1993


SUNRISE AND SUNSET
JULY 25 2014..........SUNRISE   553 AM PDT   SUNSET   833 PM PDT
JULY 26 2014..........SUNRISE   554 AM PDT   SUNSET   832 PM PDT


-  INDICATES NEGATIVE NUMBERS.
R  INDICATES RECORD WAS SET OR TIED.
MM INDICATES DATA IS MISSING.
T  INDICATES TRACE AMOUNT.




$$





U.S. Dept. of Commerce
NOAA National Weather Service
1325 East West Highway
Silver Spring, MD 20910
E-mail: w-nws.webmaster@noaa.gov
Page last modified: May 16, 2007
NATIONAL WEATHER SERVICE: for Safety, for Work, for Fun - FOR LIFE