489
CDUS45 KPIH 300732
CLILLJ


CLIMATE REPORT
NATIONAL WEATHER SERVICE POCATELLO ID
132 AM MDT WED JUL 30 2014


...................................

...THE CHALLIS ID CLIMATE SUMMARY FOR JULY 29 2014...

CLIMATE NORMAL PERIOD 1981 TO 2010
CLIMATE RECORD PERIOD 1898 TO 2014


WEATHER ITEM   OBSERVED TIME   RECORD YEAR NORMAL DEPARTURE LAST
                VALUE   (LST)  VALUE       VALUE  FROM      YEAR
                                                  NORMAL
..................................................................
TEMPERATURE (F)
 YESTERDAY
  MAXIMUM         88    346 PM  97    2006  88      0       87
                                      1972
  MINIMUM         52    543 AM  37    1948  52      0       45
  AVERAGE         70                        70      0       66

PRECIPITATION (IN)
  YESTERDAY        T             0.58 1982   0.03  -0.03     0.00
  MONTH TO DATE    0.04                      0.78  -0.74     0.54
  SINCE OCT 1      3.85                      8.48  -4.63     4.35
  SINCE JAN 1      3.12                      6.55  -3.43     2.28

SNOWFALL (IN)
  YESTERDAY       MM
  MONTH TO DATE   MM
  SINCE JUN 1     MM
  SINCE JUL 1     MM
  SNOW DEPTH      MM

DEGREE DAYS
 HEATING
  YESTERDAY        0                         0      0        0
  MONTH TO DATE    1                        18    -17        0
  SINCE JUN 1    167                       183    -16      121
  SINCE JUL 1      1                        18    -17        0

 COOLING
  YESTERDAY        5                         5      0        1
  MONTH TO DATE  219                       120     99      192
  SINCE JUN 1    225                       142     83      255
  SINCE JAN 1    225                       144     81      257
..................................................................


WIND (MPH)
  HIGHEST WIND SPEED    32   HIGHEST WIND DIRECTION    NW (300)
  HIGHEST GUST SPEED    40   HIGHEST GUST DIRECTION    NW (320)
  AVERAGE WIND SPEED     5.9


SKY COVER
  POSSIBLE SUNSHINE  MM
  AVERAGE SKY COVER 0.1


WEATHER CONDITIONS
 THE FOLLOWING WEATHER WAS RECORDED YESTERDAY.
  HAZE


RELATIVE HUMIDITY (PERCENT)
 HIGHEST    66           600 AM
 LOWEST     19           300 PM
 AVERAGE    43

..........................................................


THE CHALLIS ID CLIMATE NORMALS FOR TODAY
                         NORMAL    RECORD    YEAR
 MAXIMUM TEMPERATURE (F)   88        98      2012
 MINIMUM TEMPERATURE (F)   52        41      1916


SUNRISE AND SUNSET
JULY 30 2014..........SUNRISE   621 AM MDT   SUNSET   904 PM MDT
JULY 31 2014..........SUNRISE   623 AM MDT   SUNSET   903 PM MDT


-  INDICATES NEGATIVE NUMBERS.
R  INDICATES RECORD WAS SET OR TIED.
MM INDICATES DATA IS MISSING.
T  INDICATES TRACE AMOUNT.




$$





U.S. Dept. of Commerce
NOAA National Weather Service
1325 East West Highway
Silver Spring, MD 20910
E-mail: w-nws.webmaster@noaa.gov
Page last modified: May 16, 2007
NATIONAL WEATHER SERVICE: for Safety, for Work, for Fun - FOR LIFE