449
CDUS45 KPIH 240733
CLILLJ


CLIMATE REPORT
NATIONAL WEATHER SERVICE POCATELLO ID
132 AM MDT FRI OCT 24 2014


...................................

...THE CHALLIS ID CLIMATE SUMMARY FOR OCTOBER 23 2014...

CLIMATE NORMAL PERIOD 1981 TO 2010
CLIMATE RECORD PERIOD 1898 TO 2014


WEATHER ITEM   OBSERVED TIME   RECORD YEAR NORMAL DEPARTURE LAST
                VALUE   (LST)  VALUE       VALUE  FROM      YEAR
                                                  NORMAL
..................................................................
TEMPERATURE (F)
 YESTERDAY
  MAXIMUM         62    226 PM  71    1944  55      7       64
  MINIMUM         44    715 AM  11    1935  28     16       25
  AVERAGE         53                        42     11       45

PRECIPITATION (IN)
  YESTERDAY        T             0.25 2004   0.03  -0.03     0.00
  MONTH TO DATE    0.27                      0.47  -0.20     0.25
  SINCE OCT 1      0.27                      0.47  -0.20     0.25
  SINCE JAN 1      6.20                      8.60  -2.40     4.45

SNOWFALL (IN)
  YESTERDAY       MM
  MONTH TO DATE   MM
  SINCE SEP 1     MM
  SINCE JUL 1     MM
  SNOW DEPTH      MM

DEGREE DAYS
 HEATING
  YESTERDAY       12                        24    -12       20
  MONTH TO DATE  333                       442   -109      523
  SINCE SEP 1    485                       718   -233      741
  SINCE JUL 1    553                       791   -238      747

 COOLING
  YESTERDAY        0                         0      0        0
  MONTH TO DATE    0                         0      0        0
  SINCE SEP 1      5                         6     -1       30
  SINCE JAN 1    310                       248     62      420
..................................................................


WIND (MPH)
  HIGHEST WIND SPEED    18   HIGHEST WIND DIRECTION     W (250)
  HIGHEST GUST SPEED    23   HIGHEST GUST DIRECTION     W (250)
  AVERAGE WIND SPEED     4.5


SKY COVER
  POSSIBLE SUNSHINE  MM
  AVERAGE SKY COVER 0.9


WEATHER CONDITIONS
 THE FOLLOWING WEATHER WAS RECORDED YESTERDAY.
  LIGHT RAIN


RELATIVE HUMIDITY (PERCENT)
 HIGHEST    71           900 AM
 LOWEST     34           100 PM
 AVERAGE    53

..........................................................


THE CHALLIS ID CLIMATE NORMALS FOR TODAY
                         NORMAL    RECORD    YEAR
 MAXIMUM TEMPERATURE (F)   55        72      1978
 MINIMUM TEMPERATURE (F)   27        13      2012


SUNRISE AND SUNSET
OCTOBER 24 2014.......SUNRISE   804 AM MDT   SUNSET   638 PM MDT
OCTOBER 25 2014.......SUNRISE   805 AM MDT   SUNSET   636 PM MDT


-  INDICATES NEGATIVE NUMBERS.
R  INDICATES RECORD WAS SET OR TIED.
MM INDICATES DATA IS MISSING.
T  INDICATES TRACE AMOUNT.




$$






U.S. Dept. of Commerce
NOAA National Weather Service
1325 East West Highway
Silver Spring, MD 20910
E-mail: w-nws.webmaster@noaa.gov
Page last modified: May 16, 2007
NATIONAL WEATHER SERVICE: for Safety, for Work, for Fun - FOR LIFE