698
CDUS44 KLZK 261006
CLILIT


CLIMATE REPORT
NATIONAL WEATHER SERVICE LITTLE ROCK AR
404 AM CST MON JAN 26 2015


...................................

...THE LITTLE ROCK ADAMS FIELD CLIMATE SUMMARY FOR JANUARY 25 2015...

CLIMATE NORMAL PERIOD 1981 TO 2010
CLIMATE RECORD PERIOD 1874 TO 2015


WEATHER ITEM   OBSERVED TIME   RECORD YEAR NORMAL DEPARTURE LAST
                VALUE   (LST)  VALUE       VALUE  FROM      YEAR
                                                  NORMAL
..................................................................
TEMPERATURE (F)
 YESTERDAY
  MAXIMUM         63   1206 PM  83    1950  51     12       62
  MINIMUM         38    112 AM   1    1894  31      7       30
  AVERAGE         51                        41     10       46

PRECIPITATION (IN)
  YESTERDAY        0.00          1.81 1895   0.11  -0.11     0.00
  MONTH TO DATE    2.97                      2.88   0.09     2.34
  SINCE DEC 1      6.13                      7.85  -1.72     9.28
  SINCE JAN 1      2.97                      2.88   0.09     2.34

SNOWFALL (IN)
  YESTERDAY        0.0           1.5  1978   0.1   -0.1      0.0
  MONTH TO DATE    T                         1.3   -1.3       T
  SINCE DEC 1      T                         1.5   -1.5      1.3
  SINCE JUL 1      0.1                       1.5   -1.4      1.3
  SNOW DEPTH       0

DEGREE DAYS
 HEATING
  YESTERDAY       14                        24    -10       19
  MONTH TO DATE  625                       600     25      664
  SINCE DEC 1   1230                      1283    -53     1350
  SINCE JUL 1   1801                      1797      4     1934

 COOLING
  YESTERDAY        0                         0      0        0
  MONTH TO DATE    0                         0      0        0
  SINCE DEC 1      0                         2     -2        5
  SINCE JAN 1      0                         0      0        0
..................................................................


WIND (MPH)
  HIGHEST WIND SPEED    32   HIGHEST WIND DIRECTION     W (280)
  HIGHEST GUST SPEED    41   HIGHEST GUST DIRECTION     W (290)
  AVERAGE WIND SPEED    14.1


SKY COVER
  POSSIBLE SUNSHINE  MM
  AVERAGE SKY COVER 0.8


WEATHER CONDITIONS
 THE FOLLOWING WEATHER WAS RECORDED YESTERDAY.
  NO SIGNIFICANT WEATHER WAS OBSERVED.


RELATIVE HUMIDITY (PERCENT)
 HIGHEST    73           500 AM
 LOWEST     35           100 PM
 AVERAGE    54

..........................................................


THE LITTLE ROCK ADAMS FIELD CLIMATE NORMALS FOR TODAY
                         NORMAL    RECORD    YEAR
 MAXIMUM TEMPERATURE (F)   51        78      1952
 MINIMUM TEMPERATURE (F)   31         9      1904


SUNRISE AND SUNSET
JANUARY 26 2015.......SUNRISE   711 AM CST   SUNSET   532 PM CST
JANUARY 27 2015.......SUNRISE   711 AM CST   SUNSET   533 PM CST


-  INDICATES NEGATIVE NUMBERS.
R  INDICATES RECORD WAS SET OR TIED.
MM INDICATES DATA IS MISSING.
T  INDICATES TRACE AMOUNT.




$$





U.S. Dept. of Commerce
NOAA National Weather Service
1325 East West Highway
Silver Spring, MD 20910
E-mail: w-nws.webmaster@noaa.gov
Page last modified: May 16, 2007
NATIONAL WEATHER SERVICE: for Safety, for Work, for Fun - FOR LIFE