028
CDUS44 KLZK 020910
CLILIT


CLIMATE REPORT
NATIONAL WEATHER SERVICE LITTLE ROCK AR
409 AM CDT THU OCT 2 2014


...................................

...THE LITTLE ROCK ADAMS FIELD CLIMATE SUMMARY FOR OCTOBER 1 2014...

CLIMATE NORMAL PERIOD 1981 TO 2010
CLIMATE RECORD PERIOD 1874 TO 2014


WEATHER ITEM   OBSERVED TIME   RECORD YEAR NORMAL DEPARTURE LAST
                VALUE   (LST)  VALUE       VALUE  FROM      YEAR
                                                  NORMAL
..................................................................
TEMPERATURE (F)
 YESTERDAY
  MAXIMUM         89    131 PM  94    1953  80      9       83
  MINIMUM         66    328 AM  39    1984  58      8       70
  AVERAGE         78                        69      9       77

PRECIPITATION (IN)
  YESTERDAY        0.00          1.15 1898   0.13  -0.13      T
  MONTH TO DATE    0.00                      0.13  -0.13      T
  SINCE SEP 1      2.01                      3.31  -1.30     3.21
  SINCE JAN 1     39.14                     34.72   4.42    37.81

SNOWFALL (IN)
  YESTERDAY        0.0          MM      MM   0.0    0.0      0.0
  MONTH TO DATE    0.0                       0.0    0.0      0.0
  SINCE SEP 1      0.0                       0.0    0.0      0.0
  SINCE JUL 1      0.0                       0.0    0.0      0.0
  SNOW DEPTH       0

DEGREE DAYS
 HEATING
  YESTERDAY        0                         1     -1        0
  MONTH TO DATE    0                         1     -1        0
  SINCE SEP 1      4                        12     -8        0
  SINCE JUL 1      4                        12     -8        0

 COOLING
  YESTERDAY       13                         5      8       12
  MONTH TO DATE   13                         5      8       12
  SINCE SEP 1    343                       317     26      416
  SINCE JAN 1   1953                      2118   -165     2122
..................................................................


WIND (MPH)
  HIGHEST WIND SPEED    16   HIGHEST WIND DIRECTION    SE (140)
  HIGHEST GUST SPEED    21   HIGHEST GUST DIRECTION    SW (220)
  AVERAGE WIND SPEED     5.2


SKY COVER
  POSSIBLE SUNSHINE  MM
  AVERAGE SKY COVER 0.4


WEATHER CONDITIONS
 THE FOLLOWING WEATHER WAS RECORDED YESTERDAY.
  NO SIGNIFICANT WEATHER WAS OBSERVED.


RELATIVE HUMIDITY (PERCENT)
 HIGHEST    87           300 AM
 LOWEST     55           200 PM
 AVERAGE    71

..........................................................


THE LITTLE ROCK ADAMS FIELD CLIMATE NORMALS FOR TODAY
                         NORMAL    RECORD    YEAR
 MAXIMUM TEMPERATURE (F)   80        92      1953
 MINIMUM TEMPERATURE (F)   58        40      1985
                                             1984


SUNRISE AND SUNSET
OCTOBER  2 2014.......SUNRISE   704 AM CDT   SUNSET   652 PM CDT
OCTOBER  3 2014.......SUNRISE   705 AM CDT   SUNSET   650 PM CDT


-  INDICATES NEGATIVE NUMBERS.
R  INDICATES RECORD WAS SET OR TIED.
MM INDICATES DATA IS MISSING.
T  INDICATES TRACE AMOUNT.




$$





U.S. Dept. of Commerce
NOAA National Weather Service
1325 East West Highway
Silver Spring, MD 20910
E-mail: w-nws.webmaster@noaa.gov
Page last modified: May 16, 2007
NATIONAL WEATHER SERVICE: for Safety, for Work, for Fun - FOR LIFE