722
CDUS44 KLZK 192202
CLILIT


CLIMATE REPORT
NATIONAL WEATHER SERVICE LITTLE ROCK AR
401 PM CST FRI DEC 19 2014


...................................

...THE LITTLE ROCK ADAMS FIELD CLIMATE SUMMARY FOR DECEMBER 19 2014...
VALID TODAY AS OF 0400 PM LOCAL TIME.

CLIMATE NORMAL PERIOD 1981 TO 2010
CLIMATE RECORD PERIOD 1874 TO 2014


WEATHER ITEM   OBSERVED TIME   RECORD YEAR NORMAL DEPARTURE LAST
                VALUE   (LST)  VALUE       VALUE  FROM      YEAR
                                                  NORMAL
..................................................................
TEMPERATURE (F)
 TODAY
  MAXIMUM         44    159 PM  74    1978  51     -7       65
  MINIMUM         42    854 AM  13    1945  33      9       46
                                      1929
                                      1901
  AVERAGE         43                        42      1       56

PRECIPITATION (IN)
  TODAY            0.01          1.61 1900   0.15  -0.14     0.00
  MONTH TO DATE    1.92                      3.21  -1.29     2.22
  SINCE DEC 1      1.92                      3.21  -1.29     2.22
  SINCE JAN 1     46.89                     47.99  -1.10    48.06

SNOWFALL (IN)
  TODAY            0.0           5.8  1880   0.0    0.0      0.0
  MONTH TO DATE    0.0                       0.0    0.0      1.2
  SINCE DEC 1      0.0                       0.0    0.0      1.2
  SINCE JUL 1      0.1                       T      0.1      1.2
  SNOW DEPTH       0

DEGREE DAYS
 HEATING
  TODAY           22                        23     -1        9
  MONTH TO DATE  343                       398    -55      420
  SINCE DEC 1    343                       398    -55      420
  SINCE JUL 1    914                       912      2     1004

 COOLING
  TODAY            0                         0      0        0
  MONTH TO DATE    0                         0      0        2
  SINCE DEC 1      0                         0      0        2
  SINCE JAN 1   2050                      2204   -154     2204
..................................................................


WIND (MPH)
  HIGHEST WIND SPEED    14   HIGHEST WIND DIRECTION    NE (60)
  HIGHEST GUST SPEED    17   HIGHEST GUST DIRECTION    NE (60)
  AVERAGE WIND SPEED     6.6


SKY COVER
  POSSIBLE SUNSHINE  MM
  AVERAGE SKY COVER 1.0


WEATHER CONDITIONS
 THE FOLLOWING WEATHER WAS RECORDED TODAY.
  LIGHT RAIN
  FOG


RELATIVE HUMIDITY (PERCENT)
 HIGHEST    82          1200 AM
 LOWEST     76          1100 AM
 AVERAGE    79

..........................................................


THE LITTLE ROCK ADAMS FIELD CLIMATE NORMALS FOR TOMORROW
                         NORMAL    RECORD    YEAR
 MAXIMUM TEMPERATURE (F)   51        76      1967
 MINIMUM TEMPERATURE (F)   33         8      1901


SUNRISE AND SUNSET
DECEMBER 19 2014......SUNRISE   711 AM CST   SUNSET   501 PM CST
DECEMBER 20 2014......SUNRISE   712 AM CST   SUNSET   501 PM CST


-  INDICATES NEGATIVE NUMBERS.
R  INDICATES RECORD WAS SET OR TIED.
MM INDICATES DATA IS MISSING.
T  INDICATES TRACE AMOUNT.




$$






U.S. Dept. of Commerce
NOAA National Weather Service
1325 East West Highway
Silver Spring, MD 20910
E-mail: w-nws.webmaster@noaa.gov
Page last modified: May 16, 2007
NATIONAL WEATHER SERVICE: for Safety, for Work, for Fun - FOR LIFE