454
CDUS44 KLZK 182346
CLILIT


CLIMATE REPORT
NATIONAL WEATHER SERVICE LITTLE ROCK AR
646 PM CDT FRI APR 18 2014


...................................

...THE LITTLE ROCK ADAMS FIELD CLIMATE SUMMARY FOR APRIL 18 2014...
VALID TODAY AS OF 0600 PM LOCAL TIME.

CLIMATE NORMAL PERIOD 1981 TO 2010
CLIMATE RECORD PERIOD 1874 TO 2014


WEATHER ITEM   OBSERVED TIME   RECORD YEAR NORMAL DEPARTURE LAST
                VALUE   (LST)  VALUE       VALUE  FROM      YEAR
                                                  NORMAL
..................................................................
TEMPERATURE (F)
 TODAY
  MAXIMUM         75    257 PM  94    2006  74      1       77
  MINIMUM         54    606 AM  35    1983  52      2       45
  AVERAGE         65                        63      2       61

PRECIPITATION (IN)
  TODAY            0.01          1.74 1911   0.18  -0.17     1.03
  MONTH TO DATE    3.53                      2.98   0.55     3.03
  SINCE MAR 1      8.82                      7.66   1.16     7.60
  SINCE JAN 1     14.39                     14.87  -0.48    17.16

SNOWFALL (IN)
  TODAY            0.0          MM      MM   0.0    0.0      0.0
  MONTH TO DATE    T                         0.0    0.0      0.0
  SINCE MAR 1      2.2                       0.4    1.8       T
  SINCE JUL 1      6.2                       3.5    2.7     10.6
  SNOW DEPTH       0

DEGREE DAYS
 HEATING
  TODAY            0                         4     -4        4
  MONTH TO DATE  130                       110     20      120
  SINCE MAR 1    625                       485    140      613
  SINCE JUL 1   3398                      2998    400     2899

 COOLING
  TODAY            0                         2     -2        0
  MONTH TO DATE   28                        26      2       44
  SINCE MAR 1     28                        40    -12       47
  SINCE JAN 1     28                        42    -14       52
..................................................................


WIND (MPH)
  HIGHEST WIND SPEED    15   HIGHEST WIND DIRECTION     E (90)
  HIGHEST GUST SPEED    20   HIGHEST GUST DIRECTION     E (80)
  AVERAGE WIND SPEED     6.0


SKY COVER
  POSSIBLE SUNSHINE  MM
  AVERAGE SKY COVER 0.8


WEATHER CONDITIONS
 THE FOLLOWING WEATHER WAS RECORDED TODAY.
  LIGHT RAIN


RELATIVE HUMIDITY (PERCENT)
 HIGHEST    83           300 AM
 LOWEST     33           200 PM
 AVERAGE    58

..........................................................


THE LITTLE ROCK ADAMS FIELD CLIMATE NORMALS FOR TOMORROW
                         NORMAL    RECORD    YEAR
 MAXIMUM TEMPERATURE (F)   74        91      2011
 MINIMUM TEMPERATURE (F)   52        31      1983


SUNRISE AND SUNSET
APRIL 18 2014.........SUNRISE   633 AM CDT   SUNSET   744 PM CDT
APRIL 19 2014.........SUNRISE   632 AM CDT   SUNSET   744 PM CDT


-  INDICATES NEGATIVE NUMBERS.
R  INDICATES RECORD WAS SET OR TIED.
MM INDICATES DATA IS MISSING.
T  INDICATES TRACE AMOUNT.




$$





U.S. Dept. of Commerce
NOAA National Weather Service
1325 East West Highway
Silver Spring, MD 20910
E-mail: w-nws.webmaster@noaa.gov
Page last modified: May 16, 2007
NATIONAL WEATHER SERVICE: for Safety, for Work, for Fun - FOR LIFE