961
CDHW41 PHFO 200239
CLILIH


CLIMATE REPORT
NATIONAL WEATHER SERVICE HONOLULU HI
429 PM HST SAT APR 19 2014


...................................

...THE LIHUE HI CLIMATE SUMMARY FOR APRIL 19 2014...
VALID TODAY AS OF 0400 PM LOCAL TIME.

CLIMATE NORMAL PERIOD 1981 TO 2010
CLIMATE RECORD PERIOD 1946 TO 2014


WEATHER ITEM   OBSERVED TIME   RECORD YEAR NORMAL DEPARTURE LAST
                VALUE   (LST)  VALUE       VALUE  FROM      YEAR
                                                  NORMAL
..................................................................
TEMPERATURE (F)
 TODAY
  MAXIMUM         80    246 PM  85    1981  79      1       MM
                                      1978
  MINIMUM         71    757 AM  59    1967  69      2       MM
                                      1966
  AVERAGE         76                        74      2       MM

PRECIPITATION (IN)
  TODAY            0.00          2.00 1977   0.06  -0.06     0.00
  MONTH TO DATE    0.26                      1.58  -1.32     1.56
  SINCE MAR 1      2.19                      6.19  -4.00     5.85
  SINCE JAN 1     12.59                     13.10  -0.51    12.73

SNOWFALL (IN)
  TODAY            0.0
  MONTH TO DATE    0.0
  SINCE MAR 1      0.0
  SINCE JUL 1      0.0
  SNOW DEPTH       0

DEGREE DAYS
 HEATING
  TODAY            0                         0      0       MM
  MONTH TO DATE    0                         0      0        0
  SINCE MAR 1      0                         0      0        0
  SINCE JUL 1      0                         0      0        0

 COOLING
  TODAY           11                         9      2       MM
  MONTH TO DATE  181                       170     11      139
  SINCE MAR 1    392                       409    -17      292
  SINCE JAN 1    768                       804    -36      679
..................................................................


WIND (MPH)
  HIGHEST WIND SPEED    24   HIGHEST WIND DIRECTION     E (80)
  HIGHEST GUST SPEED    30   HIGHEST GUST DIRECTION     E (70)
  AVERAGE WIND SPEED    18.3


SKY COVER
  POSSIBLE SUNSHINE  MM
  AVERAGE SKY COVER 0.5


WEATHER CONDITIONS
 THE FOLLOWING WEATHER WAS RECORDED TODAY.
  NO SIGNIFICANT WEATHER WAS OBSERVED.


RELATIVE HUMIDITY (PERCENT)
 HIGHEST    84           700 AM
 LOWEST     67          1000 AM
 AVERAGE    76

..........................................................


THE LIHUE HI CLIMATE NORMALS FOR TOMORROW
                         NORMAL    RECORD    YEAR
 MAXIMUM TEMPERATURE (F)   79        84      1981
 MINIMUM TEMPERATURE (F)   69        58      1966


SUNRISE AND SUNSET
APRIL 19 2014.........SUNRISE   614 AM HST   SUNSET   659 PM HST
APRIL 20 2014.........SUNRISE   614 AM HST   SUNSET   659 PM HST


-  INDICATES NEGATIVE NUMBERS.
R  INDICATES RECORD WAS SET OR TIED.
MM INDICATES DATA IS MISSING.
T  INDICATES TRACE AMOUNT.




$$





U.S. Dept. of Commerce
NOAA National Weather Service
1325 East West Highway
Silver Spring, MD 20910
E-mail: w-nws.webmaster@noaa.gov
Page last modified: May 16, 2007
NATIONAL WEATHER SERVICE: for Safety, for Work, for Fun - FOR LIFE