070
CDUS46 KLOX 200119
CLILGB


CLIMATE REPORT
NATIONAL WEATHER SERVICE LOS ANGELES/OXNARD CA
619 PM PDT SAT APR 19 2014


...................................

...THE LONG BEACH AIRPORT CA CLIMATE SUMMARY FOR APRIL 19 2014...
VALID TODAY AS OF 0600 PM LOCAL TIME.

CLIMATE NORMAL PERIOD 1981 TO 2010
CLIMATE RECORD PERIOD 1958 TO 2014


WEATHER ITEM   OBSERVED TIME   RECORD YEAR NORMAL DEPARTURE LAST
                VALUE   (LST)  VALUE       VALUE  FROM      YEAR
                                                  NORMAL
..................................................................
TEMPERATURE (F)
 TODAY
  MAXIMUM         74    303 PM  97    2009  72      2       87
  MINIMUM         56    541 AM  40    1967  54      2       50
  AVERAGE         65                        63      2       69

PRECIPITATION (IN)
  TODAY            0.00          0.26 1988   0.01  -0.01     0.00
  MONTH TO DATE    0.20                      0.44  -0.24     0.01
  SINCE JUL 1      4.33                     11.82  -7.49     6.00
  SINCE JAN 1      3.02                      8.00  -4.98     2.20

SNOWFALL (IN)
  TODAY            0.0
  MONTH TO DATE    0.0
  SINCE MAR 1      0.0
  SINCE JUL 1      0.0

DEGREE DAYS
 HEATING
  TODAY            0                         3     -3        0
  MONTH TO DATE   43                        76    -33       35
  SINCE MAR 1    121                       255   -134      155
  SINCE JUL 1    699                      1146   -447     1019

 COOLING
  TODAY            0                         1     -1        4
  MONTH TO DATE   31                        19     12        9
  SINCE MAR 1     54                        29     25       16
  SINCE JAN 1     69                        37     32       21
..................................................................


WIND (MPH)
  HIGHEST WIND SPEED    17   HIGHEST WIND DIRECTION     W (290)
  HIGHEST GUST SPEED    21   HIGHEST GUST DIRECTION    NW (300)
  AVERAGE WIND SPEED     5.6


SKY COVER
  POSSIBLE SUNSHINE  MM
  AVERAGE SKY COVER 0.0


WEATHER CONDITIONS
 THE FOLLOWING WEATHER WAS RECORDED TODAY.
  FOG
  HAZE


RELATIVE HUMIDITY (PERCENT)
 HIGHEST    84           700 AM
 LOWEST     46           100 PM
 AVERAGE    65

..........................................................


THE LONG BEACH AIRPORT CA CLIMATE NORMALS FOR TOMORROW
                         NORMAL    RECORD    YEAR
 MAXIMUM TEMPERATURE (F)   72       100      2009
 MINIMUM TEMPERATURE (F)   54        41      1967


SUNRISE AND SUNSET
APRIL 19 2014.........SUNRISE   617 AM PDT   SUNSET   727 PM PDT
APRIL 20 2014.........SUNRISE   616 AM PDT   SUNSET   728 PM PDT


-  INDICATES NEGATIVE NUMBERS.
R  INDICATES RECORD WAS SET OR TIED.
MM INDICATES DATA IS MISSING.
T  INDICATES TRACE AMOUNT.




$$





U.S. Dept. of Commerce
NOAA National Weather Service
1325 East West Highway
Silver Spring, MD 20910
E-mail: w-nws.webmaster@noaa.gov
Page last modified: May 16, 2007
NATIONAL WEATHER SERVICE: for Safety, for Work, for Fun - FOR LIFE