330
CDUS46 KLOX 250903
CLILGB


CLIMATE REPORT
NATIONAL WEATHER SERVICE LOS ANGELES/OXNARD CA
203 AM PDT SAT OCT 25 2014


...................................

...THE LONG BEACH AIRPORT CA CLIMATE SUMMARY FOR OCTOBER 24 2014...

CLIMATE NORMAL PERIOD 1981 TO 2010
CLIMATE RECORD PERIOD 1958 TO 2014


WEATHER ITEM   OBSERVED TIME   RECORD YEAR NORMAL DEPARTURE LAST
                VALUE   (LST)  VALUE       VALUE  FROM      YEAR
                                                  NORMAL
..................................................................
TEMPERATURE (F)
 YESTERDAY
  MAXIMUM         84   1258 PM  98    1965  76      8       71
  MINIMUM         59    624 AM  47    1968  57      2       58
  AVERAGE         72                        66      6       65

PRECIPITATION (IN)
  YESTERDAY        0.00          0.13 1971   0.02  -0.02     0.00
                                      1971
                                      2010
  MONTH TO DATE    0.00                      0.43  -0.43     0.09
  SINCE JUL 1      0.19                      0.67  -0.48     0.16
  SINCE JAN 1      3.38                      9.11  -5.73     3.03

SNOWFALL (IN)
  YESTERDAY        0.0
  MONTH TO DATE    0.0
  SINCE SEP 1      0.0
  SINCE JUL 1      0.0

DEGREE DAYS
 HEATING
  YESTERDAY        0                         1     -1        0
  MONTH TO DATE    0                         8     -8       11
  SINCE SEP 1      0                         9     -9       11
  SINCE JUL 1      0                         9     -9       11

 COOLING
  YESTERDAY        7                         2      5        0
  MONTH TO DATE  185                        90     95       91
  SINCE SEP 1    552                       321    231      375
  SINCE JAN 1   1622                      1089    533     1185
..................................................................


WIND (MPH)
  HIGHEST WIND SPEED    10   HIGHEST WIND DIRECTION    SW (210)
  HIGHEST GUST SPEED    15   HIGHEST GUST DIRECTION    SW (210)
  AVERAGE WIND SPEED     2.4


SKY COVER
  POSSIBLE SUNSHINE  MM
  AVERAGE SKY COVER 0.0


WEATHER CONDITIONS
 THE FOLLOWING WEATHER WAS RECORDED YESTERDAY.
  FOG


RELATIVE HUMIDITY (PERCENT)
 HIGHEST    97           300 AM
 LOWEST     22           300 PM
 AVERAGE    60

..........................................................


THE LONG BEACH AIRPORT CA CLIMATE NORMALS FOR TODAY
                         NORMAL    RECORD    YEAR
 MAXIMUM TEMPERATURE (F)   76        95      1966
 MINIMUM TEMPERATURE (F)   56        45      1968


SUNRISE AND SUNSET
OCTOBER 25 2014.......SUNRISE   706 AM PDT   SUNSET   607 PM PDT
OCTOBER 26 2014.......SUNRISE   707 AM PDT   SUNSET   606 PM PDT


-  INDICATES NEGATIVE NUMBERS.
R  INDICATES RECORD WAS SET OR TIED.
MM INDICATES DATA IS MISSING.
T  INDICATES TRACE AMOUNT.




$$





U.S. Dept. of Commerce
NOAA National Weather Service
1325 East West Highway
Silver Spring, MD 20910
E-mail: w-nws.webmaster@noaa.gov
Page last modified: May 16, 2007
NATIONAL WEATHER SERVICE: for Safety, for Work, for Fun - FOR LIFE