664
CDUS41 KOKX 150617
CLILGA


CLIMATE REPORT
NATIONAL WEATHER SERVICE NEW YORK NY
217 AM EDT MON SEP 15 2014


...................................

...THE LAGUARDIA NY CLIMATE SUMMARY FOR SEPTEMBER 14 2014...

CLIMATE NORMAL PERIOD 1981 TO 2010
CLIMATE RECORD PERIOD 1945 TO 2014


WEATHER ITEM   OBSERVED TIME   RECORD YEAR NORMAL DEPARTURE LAST
                VALUE   (LST)  VALUE       VALUE  FROM      YEAR
                                                  NORMAL
..................................................................
TEMPERATURE (F)
 YESTERDAY
  MAXIMUM         71    320 PM  89    2008  77     -6       68
                                      1995
  MINIMUM         55    611 AM  48    1975  63     -8       56
  AVERAGE         63                        70     -7       62

PRECIPITATION (IN)
  YESTERDAY        0.00          2.93 1944   0.13  -0.13     0.00
  MONTH TO DATE    0.40                      1.67  -1.27     2.29
  SINCE SEP 1      0.40                      1.67  -1.27     2.29
  SINCE JAN 1     35.46                     31.92   3.54    29.63

SNOWFALL (IN)
  YESTERDAY        0.0          MM      MM   0.0    0.0      0.0
  MONTH TO DATE    0.0                       0.0    0.0      0.0
  SINCE OCT 1     52.4                      26.9   25.5     22.2
  SINCE JUL 1      0.0                       0.0    0.0      0.0
  SNOW DEPTH       0

DEGREE DAYS
 HEATING
  YESTERDAY        2                         1      1        3
  MONTH TO DATE    2                         3     -1        3
  SINCE SEP 1      2                         3     -1        3
  SINCE JUL 1      2                         4     -2        3

 COOLING
  YESTERDAY        0                         6     -6        0
  MONTH TO DATE  136                       102     34      119
  SINCE SEP 1    136                       102     34      119
  SINCE JAN 1   1123                      1135    -12     1338
..................................................................


WIND (MPH)
  HIGHEST WIND SPEED    20   HIGHEST WIND DIRECTION    NW (330)
  HIGHEST GUST SPEED    23   HIGHEST GUST DIRECTION    NW (320)
  AVERAGE WIND SPEED     7.5


SKY COVER
  AVERAGE SKY COVER 0.5


WEATHER CONDITIONS
 THE FOLLOWING WEATHER WAS RECORDED YESTERDAY.
  NO SIGNIFICANT WEATHER WAS OBSERVED.


RELATIVE HUMIDITY (PERCENT)
 HIGHEST    77           500 AM
 LOWEST     37           300 PM
 AVERAGE    57

..........................................................


THE LAGUARDIA NY CLIMATE NORMALS FOR TODAY
                         NORMAL    RECORD    YEAR
 MAXIMUM TEMPERATURE (F)   77        91      1993
 MINIMUM TEMPERATURE (F)   62        49      1975


SUNRISE AND SUNSET
SEPTEMBER 15 2014.....SUNRISE   636 AM EDT   SUNSET   705 PM EDT
SEPTEMBER 16 2014.....SUNRISE   637 AM EDT   SUNSET   703 PM EDT


-  INDICATES NEGATIVE NUMBERS.
R  INDICATES RECORD WAS SET OR TIED.
MM INDICATES DATA IS MISSING.
T  INDICATES TRACE AMOUNT.




$$





U.S. Dept. of Commerce
NOAA National Weather Service
1325 East West Highway
Silver Spring, MD 20910
E-mail: w-nws.webmaster@noaa.gov
Page last modified: May 16, 2007
NATIONAL WEATHER SERVICE: for Safety, for Work, for Fun - FOR LIFE