650
CDUS44 KLCH 310911
CLILFT


CLIMATE REPORT
NATIONAL WEATHER SERVICE LAKE CHARLES, LA
411 AM CDT FRI OCT 31 2014


...................................

...THE LAFAYETTE CLIMATE SUMMARY FOR OCTOBER 30 2014...

CLIMATE NORMAL PERIOD 1981 TO 2010
CLIMATE RECORD PERIOD 1893 TO 2014


WEATHER ITEM   OBSERVED TIME   RECORD YEAR NORMAL DEPARTURE LAST
                VALUE   (LST)  VALUE       VALUE  FROM      YEAR
                                                  NORMAL
..................................................................
TEMPERATURE (F)
 YESTERDAY
  MAXIMUM         76    334 PM  89    1951  77     -1       81
  MINIMUM         50    639 AM  30    1917  56     -6       64
  AVERAGE         63                        66     -3       73

PRECIPITATION (IN)
  YESTERDAY        0.00          3.53 1967   0.16  -0.16     0.00
  MONTH TO DATE    2.13                      5.07  -2.94     4.08
  SINCE SEP 1      7.76                      9.79  -2.03     7.77
  SINCE JAN 1     53.85                     50.41   3.44    50.65

SNOWFALL (IN)
  YESTERDAY        0.0           0.0    MM   0.0    0.0      0.0
  MONTH TO DATE    0.0                       0.0    0.0      0.0
  SINCE SEP 1      0.0                       0.0    0.0      0.0
  SINCE JUL 1      0.0                       0.0    0.0      0.0
  SNOW DEPTH       0

DEGREE DAYS
 HEATING
  YESTERDAY        2                         3     -1        0
  MONTH TO DATE    4                        31    -27       11
  SINCE SEP 1      4                        32    -28       11
  SINCE JUL 1      4                        32    -28       11

 COOLING
  YESTERDAY        0                         4     -4        8
  MONTH TO DATE  214                       197     17      200
  SINCE SEP 1    667                       624     43      703
  SINCE JAN 1   2724                      2885   -161     2805
..................................................................


WIND (MPH)
  HIGHEST WIND SPEED    13   HIGHEST WIND DIRECTION    NE (30)
  HIGHEST GUST SPEED    16   HIGHEST GUST DIRECTION    NE (30)
  AVERAGE WIND SPEED     4.8


SKY COVER
  POSSIBLE SUNSHINE  MM
  AVERAGE SKY COVER 0.0


WEATHER CONDITIONS
 THE FOLLOWING WEATHER WAS RECORDED YESTERDAY.
  NO SIGNIFICANT WEATHER WAS OBSERVED.


RELATIVE HUMIDITY (PERCENT)
 HIGHEST    93           900 PM
 LOWEST     27           200 PM
 AVERAGE    60

..........................................................


THE LAFAYETTE CLIMATE NORMALS FOR TODAY
                         NORMAL    RECORD    YEAR
 MAXIMUM TEMPERATURE (F)   77        90      1940
                                             1912
 MINIMUM TEMPERATURE (F)   55        27      1917


SUNRISE AND SUNSET
OCTOBER 31 2014.......SUNRISE   721 AM CDT   SUNSET   621 PM CDT
NOVEMBER  1 2014......SUNRISE   722 AM CDT   SUNSET   621 PM CDT


-  INDICATES NEGATIVE NUMBERS.
R  INDICATES RECORD WAS SET OR TIED.
MM INDICATES DATA IS MISSING.
T  INDICATES TRACE AMOUNT.




$$





U.S. Dept. of Commerce
NOAA National Weather Service
1325 East West Highway
Silver Spring, MD 20910
E-mail: w-nws.webmaster@noaa.gov
Page last modified: May 16, 2007
NATIONAL WEATHER SERVICE: for Safety, for Work, for Fun - FOR LIFE