671
CDUS44 KLCH 301009
CLILFT


CLIMATE REPORT
NATIONAL WEATHER SERVICE LAKE CHARLES, LA
508 AM CDT SAT AUG 30 2014


...................................

...THE LAFAYETTE CLIMATE SUMMARY FOR AUGUST 29 2014...

CLIMATE NORMAL PERIOD 1981 TO 2010
CLIMATE RECORD PERIOD 1893 TO 2014


WEATHER ITEM   OBSERVED TIME   RECORD YEAR NORMAL DEPARTURE LAST
                VALUE   (LST)  VALUE       VALUE  FROM      YEAR
                                                  NORMAL
..................................................................
TEMPERATURE (F)
 YESTERDAY
  MAXIMUM         84   1226 PM  99    2011  92     -8       91
  MINIMUM         75    930 PM  58    1906  74      1       71
  AVERAGE         80                        83     -3       81

PRECIPITATION (IN)
  YESTERDAY        0.13          1.80 1978   0.15  -0.02     0.00
                                      1970
  MONTH TO DATE    7.29                      4.32   2.97     3.76
  SINCE JUN 1     21.86                     17.70   4.16    10.76
  SINCE JAN 1     44.90                     40.32   4.58    42.88

DEGREE DAYS
 COOLING
  YESTERDAY       15                        18     -3       16
  MONTH TO DATE  525                       544    -19      527
  SINCE JUN 1   1558                      1614    -56     1603
  SINCE JAN 1   2027                      2228   -201     2067
..................................................................


WIND (MPH)
  HIGHEST WIND SPEED    18   HIGHEST WIND DIRECTION     S (190)
  HIGHEST GUST SPEED    25   HIGHEST GUST DIRECTION     S (190)
  AVERAGE WIND SPEED     3.7


SKY COVER
  POSSIBLE SUNSHINE  MM
  AVERAGE SKY COVER 0.2


WEATHER CONDITIONS
 THE FOLLOWING WEATHER WAS RECORDED YESTERDAY.
  LIGHT RAIN
  FOG


RELATIVE HUMIDITY (PERCENT)
 HIGHEST    94           200 AM
 LOWEST     74          1200 PM
 AVERAGE    84

..........................................................


THE LAFAYETTE CLIMATE NORMALS FOR TODAY
                         NORMAL    RECORD    YEAR
 MAXIMUM TEMPERATURE (F)   92       104      2000
 MINIMUM TEMPERATURE (F)   74        59      1906


SUNRISE AND SUNSET
AUGUST 30 2014........SUNRISE   644 AM CDT   SUNSET   733 PM CDT
AUGUST 31 2014........SUNRISE   644 AM CDT   SUNSET   732 PM CDT


-  INDICATES NEGATIVE NUMBERS.
R  INDICATES RECORD WAS SET OR TIED.
MM INDICATES DATA IS MISSING.
T  INDICATES TRACE AMOUNT.




$$





U.S. Dept. of Commerce
NOAA National Weather Service
1325 East West Highway
Silver Spring, MD 20910
E-mail: w-nws.webmaster@noaa.gov
Page last modified: May 16, 2007
NATIONAL WEATHER SERVICE: for Safety, for Work, for Fun - FOR LIFE