354
CDUS44 KLCH 300851
CLILFT


CLIMATE REPORT
NATIONAL WEATHER SERVICE LAKE CHARLES, LA
351 AM CDT TUE SEP 30 2014


...................................

...THE LAFAYETTE CLIMATE SUMMARY FOR SEPTEMBER 29 2014...

CLIMATE NORMAL PERIOD 1981 TO 2010
CLIMATE RECORD PERIOD 1893 TO 2014


WEATHER ITEM   OBSERVED TIME   RECORD YEAR NORMAL DEPARTURE LAST
                VALUE   (LST)  VALUE       VALUE  FROM      YEAR
                                                  NORMAL
..................................................................
TEMPERATURE (F)
 YESTERDAY
  MAXIMUM         87    338 PM  95    1953  85      2       86
                                      1910
  MINIMUM         73   1159 PM  42    1896  65      8       72
  AVERAGE         80                        75      5       79

PRECIPITATION (IN)
  YESTERDAY        0.10          2.27 1905   0.16  -0.06     0.09
  MONTH TO DATE    5.63                      4.57   1.06     3.68
  SINCE SEP 1      5.63                      4.57   1.06     3.68
  SINCE JAN 1     51.72                     45.19   6.53    46.56

DEGREE DAYS
 HEATING
  YESTERDAY        0                         0      0        0
  MONTH TO DATE    0                         0      0        0
  SINCE SEP 1      0                         0      0        0
  SINCE JUL 1      0                         0      0        0

 COOLING
  YESTERDAY       15                        11      4       14
  MONTH TO DATE  427                       417     10      490
  SINCE SEP 1    427                       417     10      490
  SINCE JAN 1   2484                      2678   -194     2592
..................................................................


WIND (MPH)
  HIGHEST WIND SPEED    13   HIGHEST WIND DIRECTION    NE (40)
  HIGHEST GUST SPEED    16   HIGHEST GUST DIRECTION    NE (30)
  AVERAGE WIND SPEED     3.8


SKY COVER
  POSSIBLE SUNSHINE  MM
  AVERAGE SKY COVER 0.8


WEATHER CONDITIONS
 THE FOLLOWING WEATHER WAS RECORDED YESTERDAY.
  RAIN
  LIGHT RAIN
  FOG


RELATIVE HUMIDITY (PERCENT)
 HIGHEST   100          1200 AM
 LOWEST     70           300 PM
 AVERAGE    85

..........................................................


THE LAFAYETTE CLIMATE NORMALS FOR TODAY
                         NORMAL    RECORD    YEAR
 MAXIMUM TEMPERATURE (F)   85        97      1928
 MINIMUM TEMPERATURE (F)   65        45      1967
                                             1920
                                             1916


SUNRISE AND SUNSET
SEPTEMBER 30 2014.....SUNRISE   701 AM CDT   SUNSET   655 PM CDT
OCTOBER  1 2014.......SUNRISE   701 AM CDT   SUNSET   653 PM CDT


-  INDICATES NEGATIVE NUMBERS.
R  INDICATES RECORD WAS SET OR TIED.
MM INDICATES DATA IS MISSING.
T  INDICATES TRACE AMOUNT.




$$






U.S. Dept. of Commerce
NOAA National Weather Service
1325 East West Highway
Silver Spring, MD 20910
E-mail: w-nws.webmaster@noaa.gov
Page last modified: May 16, 2007
NATIONAL WEATHER SERVICE: for Safety, for Work, for Fun - FOR LIFE