159
CDUS44 KSHV 210737
CLILFK


CLIMATE REPORT
NATIONAL WEATHER SERVICE SHREVEPORT, LA
233 AM CDT TUE OCT 21 2014


...................................

...THE LUFKIN CLIMATE SUMMARY FOR OCTOBER 20 2014...

CLIMATE NORMAL PERIOD 1981 TO 2010
CLIMATE RECORD PERIOD 1906 TO 2014


WEATHER ITEM   OBSERVED TIME   RECORD YEAR NORMAL DEPARTURE LAST
                VALUE   (LST)  VALUE       VALUE  FROM      YEAR
                                                  NORMAL
..................................................................
TEMPERATURE (F)
 YESTERDAY
  MAXIMUM         82    208 PM  98    1920  79      3       73
  MINIMUM         55    637 AM  26    1989  54      1       41
  AVERAGE         69                        66      3       57

PRECIPITATION (IN)
  YESTERDAY        0.00          3.52 1993   0.18  -0.18     0.00
  MONTH TO DATE    3.12                      2.88   0.24     1.93
  SINCE DEC 1     40.33                     41.99  -1.66    36.49
  SINCE JAN 1     38.12                     37.55   0.57    32.18

SNOWFALL (IN)
  YESTERDAY        0.0
  MONTH TO DATE    0.0
  SINCE SEP 1      0.0
  SINCE JUL 1      0.0
  SNOW DEPTH       0

DEGREE DAYS
 HEATING
  YESTERDAY        0                         2     -2        8
  MONTH TO DATE    0                        26    -26       17
  SINCE SEP 1      0                        30    -30       17
  SINCE JUL 1      0                        30    -30       17

 COOLING
  YESTERDAY        4                         4      0        0
  MONTH TO DATE  175                       113     62      154
  SINCE SEP 1    671                       487    184      620
  SINCE JAN 1   2905                      2510    395     2787
..................................................................


WIND (MPH)
  HIGHEST WIND SPEED     9   HIGHEST WIND DIRECTION     N (20)
  HIGHEST GUST SPEED    13   HIGHEST GUST DIRECTION     N (10)
  AVERAGE WIND SPEED     2.1


SKY COVER
  POSSIBLE SUNSHINE  MM
  AVERAGE SKY COVER 0.0


WEATHER CONDITIONS
 THE FOLLOWING WEATHER WAS RECORDED YESTERDAY.
  FOG
  HAZE


RELATIVE HUMIDITY (PERCENT)
 HIGHEST    86           200 AM
 LOWEST     45           100 PM
 AVERAGE    66

..........................................................


THE LUFKIN CLIMATE NORMALS FOR TODAY
                         NORMAL    RECORD    YEAR
 MAXIMUM TEMPERATURE (F)   78        93      1934
 MINIMUM TEMPERATURE (F)   54        32      1976


SUNRISE AND SUNSET
OCTOBER 21 2014.......SUNRISE   726 AM CDT   SUNSET   641 PM CDT
OCTOBER 22 2014.......SUNRISE   727 AM CDT   SUNSET   640 PM CDT


-  INDICATES NEGATIVE NUMBERS.
R  INDICATES RECORD WAS SET OR TIED.
MM INDICATES DATA IS MISSING.
T  INDICATES TRACE AMOUNT.




$$





U.S. Dept. of Commerce
NOAA National Weather Service
1325 East West Highway
Silver Spring, MD 20910
E-mail: w-nws.webmaster@noaa.gov
Page last modified: May 16, 2007
NATIONAL WEATHER SERVICE: for Safety, for Work, for Fun - FOR LIFE