861
CDUS44 KSHV 010839
CLILFK


CLIMATE REPORT
NATIONAL WEATHER SERVICE SHREVEPORT, LA
238 AM CST SUN FEB 1 2015


...................................

...THE LUFKIN CLIMATE SUMMARY FOR JANUARY 31 2015...

CLIMATE NORMAL PERIOD 1981 TO 2010
CLIMATE RECORD PERIOD 1906 TO 2015


WEATHER ITEM   OBSERVED TIME   RECORD YEAR NORMAL DEPARTURE LAST
                VALUE   (LST)  VALUE       VALUE  FROM      YEAR
                                                  NORMAL
..................................................................
TEMPERATURE (F)
 YESTERDAY
  MAXIMUM         64    320 PM  83    1911  61      3       72
  MINIMUM         41    727 AM   5    1949  39      2       50
  AVERAGE         53                        50      3       61

PRECIPITATION (IN)
  YESTERDAY        T             1.73 1915   0.14  -0.14     0.00
  MONTH TO DATE    7.36                      4.18   3.18     1.20
  SINCE DEC 1      9.41                      8.62   0.79     3.41
  SINCE JAN 1      7.36                      4.18   3.18     1.20

SNOWFALL (IN)
  YESTERDAY        0.0
  MONTH TO DATE    0.0
  SINCE DEC 1      0.0
  SINCE JUL 1      0.0
  SNOW DEPTH       0

DEGREE DAYS
 HEATING
  YESTERDAY       12                        15     -3        4
  MONTH TO DATE  505                       503      2      562
  SINCE DEC 1    829                       973   -144     1077
  SINCE JUL 1   1125                      1280   -155     1433

 COOLING
  YESTERDAY        0                         0      0        0
  MONTH TO DATE    1                         8     -7        0
  SINCE DEC 1     13                        21     -8       16
  SINCE JAN 1      1                         8     -7        0
..................................................................


WIND (MPH)
  HIGHEST WIND SPEED    21   HIGHEST WIND DIRECTION    SE (130)
  HIGHEST GUST SPEED    28   HIGHEST GUST DIRECTION    SE (140)
  AVERAGE WIND SPEED     8.2


SKY COVER
  POSSIBLE SUNSHINE  MM
  AVERAGE SKY COVER 0.4


WEATHER CONDITIONS
 THE FOLLOWING WEATHER WAS RECORDED YESTERDAY.
  LIGHT RAIN


RELATIVE HUMIDITY (PERCENT)
 HIGHEST    76           500 AM
 LOWEST     46           200 PM
 AVERAGE    61

..........................................................


THE LUFKIN CLIMATE NORMALS FOR TODAY
                         NORMAL    RECORD    YEAR
 MAXIMUM TEMPERATURE (F)   61        81      1911
 MINIMUM TEMPERATURE (F)   39         9      1951


SUNRISE AND SUNSET
FEBRUARY  1 2015......SUNRISE   711 AM CST   SUNSET   554 PM CST
FEBRUARY  2 2015......SUNRISE   711 AM CST   SUNSET   555 PM CST


-  INDICATES NEGATIVE NUMBERS.
R  INDICATES RECORD WAS SET OR TIED.
MM INDICATES DATA IS MISSING.
T  INDICATES TRACE AMOUNT.




$$





U.S. Dept. of Commerce
NOAA National Weather Service
1325 East West Highway
Silver Spring, MD 20910
E-mail: w-nws.webmaster@noaa.gov
Page last modified: May 16, 2007
NATIONAL WEATHER SERVICE: for Safety, for Work, for Fun - FOR LIFE