679
CDUS44 KSHV 300735
CLILFK


CLIMATE REPORT
NATIONAL WEATHER SERVICE SHREVEPORT, LA
232 AM CDT THU OCT 30 2014


...................................

...THE LUFKIN CLIMATE SUMMARY FOR OCTOBER 29 2014...

CLIMATE NORMAL PERIOD 1981 TO 2010
CLIMATE RECORD PERIOD 1906 TO 2014


WEATHER ITEM   OBSERVED TIME   RECORD YEAR NORMAL DEPARTURE LAST
                VALUE   (LST)  VALUE       VALUE  FROM      YEAR
                                                  NORMAL
..................................................................
TEMPERATURE (F)
 YESTERDAY
  MAXIMUM         80    223 PM  92    1977  76      4       85
  MINIMUM         54   1159 PM  25    1910  52      2       67
  AVERAGE         67                        64      3       76

PRECIPITATION (IN)
  YESTERDAY        0.00          5.58 2009   0.17  -0.17     0.00
  MONTH TO DATE    3.61                      4.50  -0.89     2.80
  SINCE DEC 1     40.82                     43.61  -2.79    37.36
  SINCE JAN 1     38.61                     39.17  -0.56    33.05

SNOWFALL (IN)
  YESTERDAY        0.0
  MONTH TO DATE    0.0
  SINCE SEP 1      0.0
  SINCE JUL 1      0.0
  SNOW DEPTH       0

DEGREE DAYS
 HEATING
  YESTERDAY        0                         4     -4        0
  MONTH TO DATE    0                        56    -56       26
  SINCE SEP 1      0                        60    -60       26
  SINCE JUL 1      0                        60    -60       26

 COOLING
  YESTERDAY        2                         3     -1       11
  MONTH TO DATE  217                       142     75      172
  SINCE SEP 1    713                       516    197      638
  SINCE JAN 1   2947                      2539    408     2805
..................................................................


WIND (MPH)
  HIGHEST WIND SPEED    12   HIGHEST WIND DIRECTION    NE (30)
  HIGHEST GUST SPEED    18   HIGHEST GUST DIRECTION    NE (30)
  AVERAGE WIND SPEED     5.4


SKY COVER
  POSSIBLE SUNSHINE  MM
  AVERAGE SKY COVER 0.4


WEATHER CONDITIONS
 THE FOLLOWING WEATHER WAS RECORDED YESTERDAY.
  FOG
  HAZE


RELATIVE HUMIDITY (PERCENT)
 HIGHEST    90           600 AM
 LOWEST     40           400 PM
 AVERAGE    65

..........................................................


THE LUFKIN CLIMATE NORMALS FOR TODAY
                         NORMAL    RECORD    YEAR
 MAXIMUM TEMPERATURE (F)   76        89      1937
 MINIMUM TEMPERATURE (F)   52        27      1917


SUNRISE AND SUNSET
OCTOBER 30 2014.......SUNRISE   733 AM CDT   SUNSET   632 PM CDT
OCTOBER 31 2014.......SUNRISE   734 AM CDT   SUNSET   631 PM CDT


-  INDICATES NEGATIVE NUMBERS.
R  INDICATES RECORD WAS SET OR TIED.
MM INDICATES DATA IS MISSING.
T  INDICATES TRACE AMOUNT.




$$





U.S. Dept. of Commerce
NOAA National Weather Service
1325 East West Highway
Silver Spring, MD 20910
E-mail: w-nws.webmaster@noaa.gov
Page last modified: May 16, 2007
NATIONAL WEATHER SERVICE: for Safety, for Work, for Fun - FOR LIFE