459
CDUS44 KSHV 180836
CLILFK


CLIMATE REPORT
NATIONAL WEATHER SERVICE SHREVEPORT, LA
235 AM CST THU DEC 18 2014


...................................

...THE LUFKIN CLIMATE SUMMARY FOR DECEMBER 17 2014...

CLIMATE NORMAL PERIOD 1981 TO 2010
CLIMATE RECORD PERIOD 1906 TO 2014


WEATHER ITEM   OBSERVED TIME   RECORD YEAR NORMAL DEPARTURE LAST
                VALUE   (LST)  VALUE       VALUE  FROM      YEAR
                                                  NORMAL
..................................................................
TEMPERATURE (F)
 YESTERDAY
  MAXIMUM         55    320 PM  85    1924  60     -5       70
  MINIMUM         38    356 AM  17    1972  39     -1       31
  AVERAGE         47                        50     -3       51

PRECIPITATION (IN)
  YESTERDAY        T             2.53 1995   0.15  -0.15     0.00
  MONTH TO DATE    0.32                      2.53  -2.21     1.21
  SINCE DEC 1      0.32                      2.53  -2.21     1.21
  SINCE JAN 1     43.00                     47.04  -4.04    41.49

SNOWFALL (IN)
  YESTERDAY        0.0
  MONTH TO DATE    0.0
  SINCE DEC 1      0.0
  SINCE JUL 1      0.0
  SNOW DEPTH       0

DEGREE DAYS
 HEATING
  YESTERDAY       18                        16      2       14
  MONTH TO DATE  117                       242   -125      297
  SINCE DEC 1    117                       242   -125      297
  SINCE JUL 1    413                       549   -136      653

 COOLING
  YESTERDAY        0                         0      0        0
  MONTH TO DATE   12                         4      8        8
  SINCE DEC 1     12                         4      8        8
  SINCE JAN 1   2980                      2587    393     2849
..................................................................


WIND (MPH)
  HIGHEST WIND SPEED    16   HIGHEST WIND DIRECTION     E (100)
  HIGHEST GUST SPEED    20   HIGHEST GUST DIRECTION     E (100)
  AVERAGE WIND SPEED     4.4


SKY COVER
  POSSIBLE SUNSHINE  MM
  AVERAGE SKY COVER 0.6


WEATHER CONDITIONS
 THE FOLLOWING WEATHER WAS RECORDED YESTERDAY.
  NO SIGNIFICANT WEATHER WAS OBSERVED.


RELATIVE HUMIDITY (PERCENT)
 HIGHEST    85           400 AM
 LOWEST     63           100 PM
 AVERAGE    74

..........................................................


THE LUFKIN CLIMATE NORMALS FOR TODAY
                         NORMAL    RECORD    YEAR
 MAXIMUM TEMPERATURE (F)   60        82      1924
 MINIMUM TEMPERATURE (F)   39        20      1932


SUNRISE AND SUNSET
DECEMBER 18 2014......SUNRISE   712 AM CST   SUNSET   519 PM CST
DECEMBER 19 2014......SUNRISE   713 AM CST   SUNSET   520 PM CST


-  INDICATES NEGATIVE NUMBERS.
R  INDICATES RECORD WAS SET OR TIED.
MM INDICATES DATA IS MISSING.
T  INDICATES TRACE AMOUNT.




$$





U.S. Dept. of Commerce
NOAA National Weather Service
1325 East West Highway
Silver Spring, MD 20910
E-mail: w-nws.webmaster@noaa.gov
Page last modified: May 16, 2007
NATIONAL WEATHER SERVICE: for Safety, for Work, for Fun - FOR LIFE