715
CDUS43 KLMK 180627
CLILEX


CLIMATE REPORT
NATIONAL WEATHER SERVICE LOUISVILLE KY
227 AM EDT THU SEP 18 2014


...................................

...THE LEXINGTON KY CLIMATE SUMMARY FOR SEPTEMBER 17 2014...

CLIMATE NORMAL PERIOD 1981 TO 2010
CLIMATE RECORD PERIOD 1872 TO 2014


WEATHER ITEM   OBSERVED TIME   RECORD YEAR NORMAL DEPARTURE LAST
                VALUE   (LST)  VALUE       VALUE  FROM      YEAR
                                                  NORMAL
..................................................................
TEMPERATURE (F)
 YESTERDAY
  MAXIMUM         72    300 PM  94    1954  78     -6       78
  MINIMUM         52    116 AM  41    2000  57     -5       54
  AVERAGE         62                        68     -6       66

PRECIPITATION (IN)
  YESTERDAY        0.00          3.05 1960   0.10  -0.10     0.00
  MONTH TO DATE    4.35                      1.66   2.69     0.18
  SINCE SEP 1      4.35                      1.66   2.69     0.18
  SINCE JAN 1     44.08                     33.33  10.75    43.82

SNOWFALL (IN)
  YESTERDAY        0.0          MM      MM   0.0    0.0      0.0
  MONTH TO DATE    0.0                       0.0    0.0      0.0
  SINCE SEP 1      0.0                       0.0    0.0      0.0
  SINCE JUL 1      0.0                       0.0    0.0      0.0
  SNOW DEPTH       0

DEGREE DAYS
 HEATING
  YESTERDAY        3                         2      1        0
  MONTH TO DATE   16                        10      6        8
  SINCE SEP 1     16                        10      6        8
  SINCE JUL 1     18                        12      6       11

 COOLING
  YESTERDAY        0                         4     -4        1
  MONTH TO DATE  121                       106     15      123
  SINCE SEP 1    121                       106     15      123
  SINCE JAN 1   1202                      1123     79     1161
..................................................................


WIND (MPH)
  HIGHEST WIND SPEED     9   HIGHEST WIND DIRECTION     N (340)
  HIGHEST GUST SPEED    13   HIGHEST GUST DIRECTION     N (360)
  AVERAGE WIND SPEED     3.8


SKY COVER
  POSSIBLE SUNSHINE  MM
  AVERAGE SKY COVER 0.3


WEATHER CONDITIONS
 THE FOLLOWING WEATHER WAS RECORDED YESTERDAY.
  FOG


RELATIVE HUMIDITY (PERCENT)
 HIGHEST    89           100 AM
 LOWEST     53           100 PM
 AVERAGE    71

..........................................................


THE LEXINGTON KY CLIMATE NORMALS FOR TODAY
                         NORMAL    RECORD    YEAR
 MAXIMUM TEMPERATURE (F)   78        96      1953
 MINIMUM TEMPERATURE (F)   57        39      1937


SUNRISE AND SUNSET
SEPTEMBER 18 2014.....SUNRISE   723 AM EDT   SUNSET   742 PM EDT
SEPTEMBER 19 2014.....SUNRISE   724 AM EDT   SUNSET   740 PM EDT


-  INDICATES NEGATIVE NUMBERS.
R  INDICATES RECORD WAS SET OR TIED.
MM INDICATES DATA IS MISSING.
T  INDICATES TRACE AMOUNT.




$$





U.S. Dept. of Commerce
NOAA National Weather Service
1325 East West Highway
Silver Spring, MD 20910
E-mail: w-nws.webmaster@noaa.gov
Page last modified: May 16, 2007
NATIONAL WEATHER SERVICE: for Safety, for Work, for Fun - FOR LIFE