226
CDUS43 KLMK 242135
CLILEX


CLIMATE REPORT
NATIONAL WEATHER SERVICE LOUISVILLE KY
431 PM EST MON NOV 24 2014


...................................

...THE LEXINGTON KY CLIMATE SUMMARY FOR NOVEMBER 24 2014...
VALID TODAY AS OF 0400 PM LOCAL TIME.

CLIMATE NORMAL PERIOD 1981 TO 2010
CLIMATE RECORD PERIOD 1872 TO 2014


WEATHER ITEM   OBSERVED TIME   RECORD YEAR NORMAL DEPARTURE LAST
                VALUE   (LST)  VALUE       VALUE  FROM      YEAR
                                                  NORMAL
..................................................................
TEMPERATURE (F)
 TODAY
  MAXIMUM         63   1002 AM  70    1973  51     12       30
                                      1931
  MINIMUM         48    355 PM   3    1950  34     14       18
  AVERAGE         56                        43     13       24

PRECIPITATION (IN)
  TODAY            0.05          0.98 1900   0.12  -0.07     0.00
  MONTH TO DATE    2.36                      2.77  -0.41     2.19
  SINCE SEP 1     11.18                      8.81   2.37    10.05
  SINCE JAN 1     50.91                     40.48  10.43    53.69

SNOWFALL (IN)
  TODAY            0.0           4.2  1938   0.1   -0.1      0.0
  MONTH TO DATE    1.6                       0.2    1.4      0.4
  SINCE SEP 1      1.6                       0.2    1.4      0.4
  SINCE JUL 1      1.6                       0.2    1.4      0.4
  SNOW DEPTH       0

DEGREE DAYS
 HEATING
  TODAY            9                        22    -13       41
  MONTH TO DATE  606                       420    186      446
  SINCE SEP 1    852                       744    108      728
  SINCE JUL 1    854                       746    108      731

 COOLING
  TODAY            0                         0      0        0
  MONTH TO DATE    0                         0      0        0
  SINCE SEP 1    193                       171     22      207
  SINCE JAN 1   1274                      1188     86     1245
..................................................................


WIND (MPH)
  HIGHEST WIND SPEED    40   HIGHEST WIND DIRECTION    SW (230)
  HIGHEST GUST SPEED    55   HIGHEST GUST DIRECTION    SW (220)
  AVERAGE WIND SPEED    22.0


SKY COVER
  POSSIBLE SUNSHINE  MM
  AVERAGE SKY COVER 0.9


WEATHER CONDITIONS
 THE FOLLOWING WEATHER WAS RECORDED TODAY.
  LIGHT RAIN
  FOG


RELATIVE HUMIDITY (PERCENT)
 HIGHEST    93          1200 AM
 LOWEST     56          1000 AM
 AVERAGE    75

..........................................................


THE LEXINGTON KY CLIMATE NORMALS FOR TOMORROW
                         NORMAL    RECORD    YEAR
 MAXIMUM TEMPERATURE (F)   51        72      1896
 MINIMUM TEMPERATURE (F)   34        -3      1950


SUNRISE AND SUNSET
NOVEMBER 24 2014......SUNRISE   729 AM EST   SUNSET   521 PM EST
NOVEMBER 25 2014......SUNRISE   730 AM EST   SUNSET   521 PM EST


-  INDICATES NEGATIVE NUMBERS.
R  INDICATES RECORD WAS SET OR TIED.
MM INDICATES DATA IS MISSING.
T  INDICATES TRACE AMOUNT.

$$

SCHOETTMER




U.S. Dept. of Commerce
NOAA National Weather Service
1325 East West Highway
Silver Spring, MD 20910
E-mail: w-nws.webmaster@noaa.gov
Page last modified: May 16, 2007
NATIONAL WEATHER SERVICE: for Safety, for Work, for Fun - FOR LIFE