626
CDUS43 KLMK 190627
CLILEX


CLIMATE REPORT
NATIONAL WEATHER SERVICE LOUISVILLE KY
127 AM EST FRI DEC 19 2014


...................................

...THE LEXINGTON KY CLIMATE SUMMARY FOR DECEMBER 18 2014...

CLIMATE NORMAL PERIOD 1981 TO 2010
CLIMATE RECORD PERIOD 1872 TO 2014


WEATHER ITEM   OBSERVED TIME   RECORD YEAR NORMAL DEPARTURE LAST
                VALUE   (LST)  VALUE       VALUE  FROM      YEAR
                                                  NORMAL
..................................................................
TEMPERATURE (F)
 YESTERDAY
  MAXIMUM         32    338 PM  67    1924  43    -11       41
  MINIMUM         28    840 AM  -1    1989  27      1       24
  AVERAGE         30                        35     -5       33

PRECIPITATION (IN)
  YESTERDAY        0.00          2.64 1990   0.12  -0.12     0.00
  MONTH TO DATE    2.65                      2.34   0.31     2.95
  SINCE DEC 1      2.65                      2.34   0.31     2.95
  SINCE JAN 1     53.56                     43.58   9.98    56.90

SNOWFALL (IN)
  YESTERDAY        0.0           2.8  1951   0.1   -0.1      0.0
  MONTH TO DATE    T                         1.2   -1.2      0.6
  SINCE DEC 1      T                         1.2   -1.2      0.6
  SINCE JUL 1      1.6                       1.5    0.1      2.0
  SNOW DEPTH       0

DEGREE DAYS
 HEATING
  YESTERDAY       35                        30      5       32
  MONTH TO DATE  458                       497    -39      506
  SINCE DEC 1    458                       497    -39      506
  SINCE JUL 1   1465                      1384     81     1433

 COOLING
  YESTERDAY        0                         0      0        0
  MONTH TO DATE    0                         0      0        0
  SINCE DEC 1      0                         0      0        0
  SINCE JAN 1   1274                      1190     84     1245
..................................................................


WIND (MPH)
  HIGHEST WIND SPEED    10   HIGHEST WIND DIRECTION     N (360)
  HIGHEST GUST SPEED    12   HIGHEST GUST DIRECTION     N (350)
  AVERAGE WIND SPEED     4.6


SKY COVER
  POSSIBLE SUNSHINE  MM
  AVERAGE SKY COVER 1.0


WEATHER CONDITIONS
 THE FOLLOWING WEATHER WAS RECORDED YESTERDAY.
  NO SIGNIFICANT WEATHER WAS OBSERVED.


RELATIVE HUMIDITY (PERCENT)
 HIGHEST    78          1200 AM
 LOWEST     72          1000 AM
 AVERAGE    75

..........................................................


THE LEXINGTON KY CLIMATE NORMALS FOR TODAY
                         NORMAL    RECORD    YEAR
 MAXIMUM TEMPERATURE (F)   43        68      1889
 MINIMUM TEMPERATURE (F)   27        -4      1963


SUNRISE AND SUNSET
DECEMBER 19 2014......SUNRISE   750 AM EST   SUNSET   521 PM EST
DECEMBER 20 2014......SUNRISE   750 AM EST   SUNSET   522 PM EST


-  INDICATES NEGATIVE NUMBERS.
R  INDICATES RECORD WAS SET OR TIED.
MM INDICATES DATA IS MISSING.
T  INDICATES TRACE AMOUNT.




$$





U.S. Dept. of Commerce
NOAA National Weather Service
1325 East West Highway
Silver Spring, MD 20910
E-mail: w-nws.webmaster@noaa.gov
Page last modified: May 16, 2007
NATIONAL WEATHER SERVICE: for Safety, for Work, for Fun - FOR LIFE