356
CDUS43 KLMK 012131
CLILEX


CLIMATE REPORT
NATIONAL WEATHER SERVICE LOUISVILLE KY
431 PM EST SUN FEB 1 2015


...................................

...THE LEXINGTON KY CLIMATE SUMMARY FOR FEBRUARY 1 2015...
VALID TODAY AS OF 0400 PM LOCAL TIME.

CLIMATE NORMAL PERIOD 1981 TO 2010
CLIMATE RECORD PERIOD 1872 TO 2015


WEATHER ITEM   OBSERVED TIME   RECORD YEAR NORMAL DEPARTURE LAST
                VALUE   (LST)  VALUE       VALUE  FROM      YEAR
                                                  NORMAL
..................................................................
TEMPERATURE (F)
 TODAY
  MAXIMUM         45    359 PM  67    1911  42      3       63
  MINIMUM         33    316 AM  -5    1945  26      7       41
  AVERAGE         39                        34      5       52

PRECIPITATION (IN)
  TODAY            0.26          1.73 1981   0.12   0.14      T
  MONTH TO DATE    0.26                      0.12   0.14      T
  SINCE DEC 1      5.41                      7.25  -1.84     7.89
  SINCE JAN 1      2.11                      3.32  -1.21     2.31

SNOWFALL (IN)
  TODAY            0.0           6.1  1966   0.2   -0.2      0.0
                                      1951
  MONTH TO DATE    0.0                       0.2   -0.2      0.0
  SINCE DEC 1      5.9                       6.6   -0.7      9.2
  SINCE JUL 1      7.5                       6.9    0.6     10.6
  SNOW DEPTH       0

DEGREE DAYS
 HEATING
  TODAY           26                        31     -5       13
  MONTH TO DATE   26                        31     -5       13
  SINCE DEC 1   1881                      1927    -46     2020
  SINCE JUL 1   2888                      2814     74     2947

 COOLING
  TODAY            0                         0      0        0
  MONTH TO DATE    0                         0      0        0
  SINCE DEC 1      0                         0      0        0
  SINCE JAN 1      0                         0      0        0
..................................................................


WIND (MPH)
  HIGHEST WIND SPEED    22   HIGHEST WIND DIRECTION     S (180)
  HIGHEST GUST SPEED    29   HIGHEST GUST DIRECTION     S (180)
  AVERAGE WIND SPEED    11.5


SKY COVER
  POSSIBLE SUNSHINE  MM
  AVERAGE SKY COVER 1.0


WEATHER CONDITIONS
 THE FOLLOWING WEATHER WAS RECORDED TODAY.
  RAIN
  LIGHT RAIN
  FOG


RELATIVE HUMIDITY (PERCENT)
 HIGHEST    92           400 PM
 LOWEST     37           800 AM
 AVERAGE    65

..........................................................


THE LEXINGTON KY CLIMATE NORMALS FOR TOMORROW
                         NORMAL    RECORD    YEAR
 MAXIMUM TEMPERATURE (F)   42        67      1893
 MINIMUM TEMPERATURE (F)   26       -15      1951


SUNRISE AND SUNSET
FEBRUARY  1 2015......SUNRISE   743 AM EST   SUNSET   601 PM EST
FEBRUARY  2 2015......SUNRISE   742 AM EST   SUNSET   602 PM EST


-  INDICATES NEGATIVE NUMBERS.
R  INDICATES RECORD WAS SET OR TIED.
MM INDICATES DATA IS MISSING.
T  INDICATES TRACE AMOUNT.




$$





U.S. Dept. of Commerce
NOAA National Weather Service
1325 East West Highway
Silver Spring, MD 20910
E-mail: w-nws.webmaster@noaa.gov
Page last modified: May 16, 2007
NATIONAL WEATHER SERVICE: for Safety, for Work, for Fun - FOR LIFE