691
CDUS43 KLMK 260627
CLILEX


CLIMATE REPORT
NATIONAL WEATHER SERVICE LOUISVILLE KY
126 AM EST WED NOV 26 2014


...................................

...THE LEXINGTON KY CLIMATE SUMMARY FOR NOVEMBER 25 2014...

CLIMATE NORMAL PERIOD 1981 TO 2010
CLIMATE RECORD PERIOD 1872 TO 2014


WEATHER ITEM   OBSERVED TIME   RECORD YEAR NORMAL DEPARTURE LAST
                VALUE   (LST)  VALUE       VALUE  FROM      YEAR
                                                  NORMAL
..................................................................
TEMPERATURE (F)
 YESTERDAY
  MAXIMUM         48    208 PM  72    1896  51     -3       43
  MINIMUM         32    743 AM  -3    1950  34     -2       22
  AVERAGE         40                        42     -2       33

PRECIPITATION (IN)
  YESTERDAY        0.00          2.03 1919   0.13  -0.13     0.02
  MONTH TO DATE    2.36                      2.90  -0.54     2.21
  SINCE SEP 1     11.18                      8.94   2.24    10.07
  SINCE JAN 1     50.91                     40.61  10.30    53.71

SNOWFALL (IN)
  YESTERDAY        0.0           1.0  1950   0.0    0.0       T
  MONTH TO DATE    1.6                       0.2    1.4      0.4
  SINCE SEP 1      1.6                       0.2    1.4      0.4
  SINCE JUL 1      1.6                       0.2    1.4      0.4
  SNOW DEPTH       0

DEGREE DAYS
 HEATING
  YESTERDAY       25                        23      2       32
  MONTH TO DATE  636                       443    193      478
  SINCE SEP 1    882                       767    115      760
  SINCE JUL 1    884                       769    115      763

 COOLING
  YESTERDAY        0                         0      0        0
  MONTH TO DATE    0                         0      0        0
  SINCE SEP 1    193                       171     22      207
  SINCE JAN 1   1274                      1188     86     1245
..................................................................


WIND (MPH)
  HIGHEST WIND SPEED    15   HIGHEST WIND DIRECTION     W (280)
  HIGHEST GUST SPEED    21   HIGHEST GUST DIRECTION    SW (240)
  AVERAGE WIND SPEED     7.1


SKY COVER
  POSSIBLE SUNSHINE  MM
  AVERAGE SKY COVER 0.0


WEATHER CONDITIONS
 THE FOLLOWING WEATHER WAS RECORDED YESTERDAY.
  NO SIGNIFICANT WEATHER WAS OBSERVED.


RELATIVE HUMIDITY (PERCENT)
 HIGHEST    82           400 AM
 LOWEST     45           300 PM
 AVERAGE    64

..........................................................


THE LEXINGTON KY CLIMATE NORMALS FOR TODAY
                         NORMAL    RECORD    YEAR
 MAXIMUM TEMPERATURE (F)   51        72      1887
 MINIMUM TEMPERATURE (F)   34         9      1930


SUNRISE AND SUNSET
NOVEMBER 26 2014......SUNRISE   731 AM EST   SUNSET   520 PM EST
NOVEMBER 27 2014......SUNRISE   732 AM EST   SUNSET   520 PM EST


-  INDICATES NEGATIVE NUMBERS.
R  INDICATES RECORD WAS SET OR TIED.
MM INDICATES DATA IS MISSING.
T  INDICATES TRACE AMOUNT.




$$





U.S. Dept. of Commerce
NOAA National Weather Service
1325 East West Highway
Silver Spring, MD 20910
E-mail: w-nws.webmaster@noaa.gov
Page last modified: May 16, 2007
NATIONAL WEATHER SERVICE: for Safety, for Work, for Fun - FOR LIFE