334
CDUS44 KLCH 230859
CLILCH


CLIMATE REPORT
NATIONAL WEATHER SERVICE LAKE CHARLES, LA
359 AM CDT WED APR 23 2014


...................................

...THE LAKE CHARLES CLIMATE SUMMARY FOR APRIL 22 2014...

CLIMATE NORMAL PERIOD 1981 TO 2010
CLIMATE RECORD PERIOD 1895 TO 2014


WEATHER ITEM   OBSERVED TIME   RECORD YEAR NORMAL DEPARTURE LAST
                VALUE   (LST)  VALUE       VALUE  FROM      YEAR
                                                  NORMAL
..................................................................
TEMPERATURE (F)
 YESTERDAY
  MAXIMUM         85    419 PM  90    1911  79      6       78
  MINIMUM         63   1156 PM  42    1931  60      3       51
  AVERAGE         74                        70      4       65

PRECIPITATION (IN)
  YESTERDAY        0.00          4.12 1926   0.11  -0.11     0.00
  MONTH TO DATE    0.81                      2.39  -1.58     4.38
  SINCE MAR 1      2.88                      6.05  -3.17     6.55
  SINCE JAN 1      9.67                     14.74  -5.07    23.14

SNOWFALL (IN)
  YESTERDAY        0.0           0.0    MM   0.0    0.0      0.0
  MONTH TO DATE    0.0                       0.0    0.0      0.0
  SINCE MAR 1      0.0                       0.0    0.0      0.0
  SINCE JUL 1      0.1                       0.1    0.0      0.0
  SNOW DEPTH       0

DEGREE DAYS
 HEATING
  YESTERDAY        0                         1     -1        0
  MONTH TO DATE   49                        41      8       58
  SINCE MAR 1    299                       203     96      271
  SINCE JUL 1   1950                      1485    465     1240

 COOLING
  YESTERDAY        9                         5      4        0
  MONTH TO DATE   67                        87    -20       75
  SINCE MAR 1     80                       136    -56      106
  SINCE JAN 1     95                       159    -64      136
..................................................................


WIND (MPH)
  HIGHEST WIND SPEED    13   HIGHEST WIND DIRECTION     W (250)
  HIGHEST GUST SPEED    17   HIGHEST GUST DIRECTION     W (250)
  AVERAGE WIND SPEED     5.2


SKY COVER
  POSSIBLE SUNSHINE  MM
  AVERAGE SKY COVER 0.4


WEATHER CONDITIONS
 THE FOLLOWING WEATHER WAS RECORDED YESTERDAY.
  FOG


RELATIVE HUMIDITY (PERCENT)
 HIGHEST   100          1000 PM
 LOWEST     40           500 PM
 AVERAGE    70

..........................................................


THE LAKE CHARLES CLIMATE NORMALS FOR TODAY
                         NORMAL    RECORD    YEAR
 MAXIMUM TEMPERATURE (F)   79        90      1971
 MINIMUM TEMPERATURE (F)   60        44      1917


SUNRISE AND SUNSET
APRIL 23 2014.........SUNRISE   637 AM CDT   SUNSET   745 PM CDT
APRIL 24 2014.........SUNRISE   636 AM CDT   SUNSET   746 PM CDT


-  INDICATES NEGATIVE NUMBERS.
R  INDICATES RECORD WAS SET OR TIED.
MM INDICATES DATA IS MISSING.
T  INDICATES TRACE AMOUNT.




$$





U.S. Dept. of Commerce
NOAA National Weather Service
1325 East West Highway
Silver Spring, MD 20910
E-mail: w-nws.webmaster@noaa.gov
Page last modified: May 16, 2007
NATIONAL WEATHER SERVICE: for Safety, for Work, for Fun - FOR LIFE