276
CDUS44 KLCH 230816
CLILCH


CLIMATE REPORT
NATIONAL WEATHER SERVICE LAKE CHARLES, LA
315 AM CDT THU OCT 23 2014


...................................

...THE LAKE CHARLES CLIMATE SUMMARY FOR OCTOBER 22 2014...

CLIMATE NORMAL PERIOD 1981 TO 2010
CLIMATE RECORD PERIOD 1895 TO 2014


WEATHER ITEM   OBSERVED TIME   RECORD YEAR NORMAL DEPARTURE LAST
                VALUE   (LST)  VALUE       VALUE  FROM      YEAR
                                                  NORMAL
..................................................................
TEMPERATURE (F)
 YESTERDAY
  MAXIMUM         81    334 PM  90    1941  79      2       74
                                      1939
  MINIMUM         59    634 AM  34    1917  58      1       53
  AVERAGE         70                        68      2       64

PRECIPITATION (IN)
  YESTERDAY        0.00          4.10 1972   0.18  -0.18     0.00
  MONTH TO DATE    2.50                      3.35  -0.85     1.30
  SINCE SEP 1      7.47                      8.61  -1.14    10.99
  SINCE JAN 1     59.54                     46.83  12.71    49.99

SNOWFALL (IN)
  YESTERDAY        0.0           0.0    MM   0.0    0.0      0.0
  MONTH TO DATE    0.0                       0.0    0.0      0.0
  SINCE SEP 1      0.0                       0.0    0.0      0.0
  SINCE JUL 1      0.0                       0.0    0.0      0.0
  SNOW DEPTH       0

DEGREE DAYS
 HEATING
  YESTERDAY        0                         2     -2        1
  MONTH TO DATE    1                        14    -13       11
  SINCE SEP 1      1                        15    -14       11
  SINCE JUL 1      1                        15    -14       11

 COOLING
  YESTERDAY        5                         5      0        0
  MONTH TO DATE  185                       156     29      168
  SINCE SEP 1    634                       567     67      672
  SINCE JAN 1   2644                      2696    -52     2877
..................................................................


WIND (MPH)
  HIGHEST WIND SPEED    17   HIGHEST WIND DIRECTION    NE (60)
  HIGHEST GUST SPEED    22   HIGHEST GUST DIRECTION    NE (50)
  AVERAGE WIND SPEED     8.0


SKY COVER
  POSSIBLE SUNSHINE  MM
  AVERAGE SKY COVER 0.0


WEATHER CONDITIONS
 THE FOLLOWING WEATHER WAS RECORDED YESTERDAY.
  FOG


RELATIVE HUMIDITY (PERCENT)
 HIGHEST   100          1200 AM
 LOWEST     42           300 PM
 AVERAGE    71

..........................................................


THE LAKE CHARLES CLIMATE NORMALS FOR TODAY
                         NORMAL    RECORD    YEAR
 MAXIMUM TEMPERATURE (F)   79        96      1939
 MINIMUM TEMPERATURE (F)   57        36      1911


SUNRISE AND SUNSET
OCTOBER 23 2014.......SUNRISE   720 AM CDT   SUNSET   634 PM CDT
OCTOBER 24 2014.......SUNRISE   721 AM CDT   SUNSET   633 PM CDT


-  INDICATES NEGATIVE NUMBERS.
R  INDICATES RECORD WAS SET OR TIED.
MM INDICATES DATA IS MISSING.
T  INDICATES TRACE AMOUNT.




$$






U.S. Dept. of Commerce
NOAA National Weather Service
1325 East West Highway
Silver Spring, MD 20910
E-mail: w-nws.webmaster@noaa.gov
Page last modified: May 16, 2007
NATIONAL WEATHER SERVICE: for Safety, for Work, for Fun - FOR LIFE