600
CDUS44 KLCH 301001
CLILCH


CLIMATE REPORT
NATIONAL WEATHER SERVICE LAKE CHARLES, LA
501 AM CDT THU OCT 30 2014


...................................

...THE LAKE CHARLES CLIMATE SUMMARY FOR OCTOBER 29 2014...

CLIMATE NORMAL PERIOD 1981 TO 2010
CLIMATE RECORD PERIOD 1895 TO 2014


WEATHER ITEM   OBSERVED TIME   RECORD YEAR NORMAL DEPARTURE LAST
                VALUE   (LST)  VALUE       VALUE  FROM      YEAR
                                                  NORMAL
..................................................................
TEMPERATURE (F)
 YESTERDAY
  MAXIMUM         83    147 PM  91    1900  77      6       82
  MINIMUM         60   1159 PM  36    1920  56      4       63
                                      1914
  AVERAGE         72                        66      6       73

PRECIPITATION (IN)
  YESTERDAY        0.00          5.70 1918   0.18  -0.18     0.00
  MONTH TO DATE    2.51                      4.57  -2.06     1.44
  SINCE SEP 1      7.48                      9.83  -2.35    11.13
  SINCE JAN 1     59.55                     48.05  11.50    50.13

SNOWFALL (IN)
  YESTERDAY        0.0           0.0    MM   0.0    0.0      0.0
  MONTH TO DATE    0.0                       0.0    0.0      0.0
  SINCE SEP 1      0.0                       0.0    0.0      0.0
  SINCE JUL 1      0.0                       0.0    0.0      0.0
  SNOW DEPTH       0

DEGREE DAYS
 HEATING
  YESTERDAY        0                         2     -2        0
  MONTH TO DATE    3                        28    -25       18
  SINCE SEP 1      3                        29    -26       18
  SINCE JUL 1      3                        29    -26       18

 COOLING
  YESTERDAY        7                         4      3        8
  MONTH TO DATE  210                       186     24      185
  SINCE SEP 1    659                       597     62      689
  SINCE JAN 1   2669                      2726    -57     2894
..................................................................


WIND (MPH)
  HIGHEST WIND SPEED    18   HIGHEST WIND DIRECTION     N (10)
  HIGHEST GUST SPEED    24   HIGHEST GUST DIRECTION     N (10)
  AVERAGE WIND SPEED     5.7


SKY COVER
  POSSIBLE SUNSHINE  MM
  AVERAGE SKY COVER 0.7


WEATHER CONDITIONS
 THE FOLLOWING WEATHER WAS RECORDED YESTERDAY.
  FOG
  FOG W/VISIBILITY <= 1/4 MILE
  HAZE


RELATIVE HUMIDITY (PERCENT)
 HIGHEST   100          1200 AM
 LOWEST     58          1200 PM
 AVERAGE    79

..........................................................


THE LAKE CHARLES CLIMATE NORMALS FOR TODAY
                         NORMAL    RECORD    YEAR
 MAXIMUM TEMPERATURE (F)   77        89      1932
                                             1922
 MINIMUM TEMPERATURE (F)   55        37      1908


SUNRISE AND SUNSET
OCTOBER 30 2014.......SUNRISE   725 AM CDT   SUNSET   627 PM CDT
OCTOBER 31 2014.......SUNRISE   726 AM CDT   SUNSET   626 PM CDT


-  INDICATES NEGATIVE NUMBERS.
R  INDICATES RECORD WAS SET OR TIED.
MM INDICATES DATA IS MISSING.
T  INDICATES TRACE AMOUNT.




$$





U.S. Dept. of Commerce
NOAA National Weather Service
1325 East West Highway
Silver Spring, MD 20910
E-mail: w-nws.webmaster@noaa.gov
Page last modified: May 16, 2007
NATIONAL WEATHER SERVICE: for Safety, for Work, for Fun - FOR LIFE