349
CDUS44 KLCH 290818
CLILCH


CLIMATE REPORT
NATIONAL WEATHER SERVICE LAKE CHARLES, LA
218 AM CST SAT NOV 29 2014


...................................

...THE LAKE CHARLES CLIMATE SUMMARY FOR NOVEMBER 28 2014...

CLIMATE NORMAL PERIOD 1981 TO 2010
CLIMATE RECORD PERIOD 1895 TO 2014


WEATHER ITEM   OBSERVED TIME   RECORD YEAR NORMAL DEPARTURE LAST
                VALUE   (LST)  VALUE       VALUE  FROM      YEAR
                                                  NORMAL
..................................................................
TEMPERATURE (F)
 YESTERDAY
  MAXIMUM         64    327 PM  89    1912  68     -4       49
  MINIMUM         37    648 AM  28    1992  47    -10       30
                                      1938
  AVERAGE         51                        58     -7       40

PRECIPITATION (IN)
  YESTERDAY        0.00          2.32 1935   0.15  -0.15     0.00
  MONTH TO DATE    7.05                      4.14   2.91     3.18
  SINCE SEP 1     14.53                     14.30   0.23    16.41
  SINCE JAN 1     66.60                     52.52  14.08    55.41

SNOWFALL (IN)
  YESTERDAY        0.0           0.0    MM   0.0    0.0      0.0
  MONTH TO DATE    0.0                       0.0    0.0      0.0
  SINCE SEP 1      0.0                       0.0    0.0      0.0
  SINCE JUL 1      0.0                       0.0    0.0      0.0
  SNOW DEPTH       0

DEGREE DAYS
 HEATING
  YESTERDAY       14                         9      5       25
  MONTH TO DATE  269                       153    116      219
  SINCE SEP 1    274                       189     85      237
  SINCE JUL 1    274                       189     85      237

 COOLING
  YESTERDAY        0                         1     -1        0
  MONTH TO DATE   16                        52    -36       40
  SINCE SEP 1    675                       656     19      742
  SINCE JAN 1   2685                      2785   -100     2947
..................................................................


WIND (MPH)
  HIGHEST WIND SPEED    15   HIGHEST WIND DIRECTION    SE (150)
  HIGHEST GUST SPEED    18   HIGHEST GUST DIRECTION    SE (150)
  AVERAGE WIND SPEED     7.1


SKY COVER
  POSSIBLE SUNSHINE  MM
  AVERAGE SKY COVER 0.1


WEATHER CONDITIONS
 THE FOLLOWING WEATHER WAS RECORDED YESTERDAY.
  FOG
  FOG W/VISIBILITY <= 1/4 MILE


RELATIVE HUMIDITY (PERCENT)
 HIGHEST   100           900 PM
 LOWEST     56           100 PM
 AVERAGE    78

..........................................................


THE LAKE CHARLES CLIMATE NORMALS FOR TODAY
                         NORMAL    RECORD    YEAR
 MAXIMUM TEMPERATURE (F)   67        88      1912
 MINIMUM TEMPERATURE (F)   47        22      1911


SUNRISE AND SUNSET
NOVEMBER 29 2014......SUNRISE   650 AM CST   SUNSET   512 PM CST
NOVEMBER 30 2014......SUNRISE   651 AM CST   SUNSET   512 PM CST


-  INDICATES NEGATIVE NUMBERS.
R  INDICATES RECORD WAS SET OR TIED.
MM INDICATES DATA IS MISSING.
T  INDICATES TRACE AMOUNT.




$$





U.S. Dept. of Commerce
NOAA National Weather Service
1325 East West Highway
Silver Spring, MD 20910
E-mail: w-nws.webmaster@noaa.gov
Page last modified: May 16, 2007
NATIONAL WEATHER SERVICE: for Safety, for Work, for Fun - FOR LIFE