149
CDUS42 KILM 230942
CLILBT


CLIMATE REPORT
NATIONAL WEATHER SERVICE WILMINGTON NC
442 AM EST SUN NOV 23 2014


...................................

...THE LUMBERTON NC CLIMATE SUMMARY FOR NOVEMBER 22 2014...

CLIMATE NORMAL PERIOD 1981 TO 2010
CLIMATE RECORD PERIOD 9999 TO 9999


WEATHER ITEM   OBSERVED TIME   NORMAL DEPARTURE LAST
                VALUE   (LST)  VALUE  FROM      YEAR
                                      NORMAL
......................................................
TEMPERATURE (F)
 YESTERDAY
  MAXIMUM         61    356 PM  65     -4       73
  MINIMUM         24    652 AM  40    -16       55
  AVERAGE         43            52     -9       64

PRECIPITATION (IN)
  YESTERDAY        0.00          0.11  -0.11      T
  MONTH TO DATE    0.21          2.06  -1.85     0.61
  SINCE SEP 1      4.83          9.43  -4.60     2.36
  SINCE JAN 1     36.99         39.82  -2.83    38.34

SNOWFALL (IN)
  YESTERDAY       MM
  MONTH TO DATE   MM
  SINCE SEP 1     MM
  SINCE JUL 1     MM
  SNOW DEPTH      MM

DEGREE DAYS
 HEATING
  YESTERDAY       22            13      9        1
  MONTH TO DATE  340           222    118      234
  SINCE SEP 1    428           354     74      338
  SINCE JUL 1    428           354     74      338

 COOLING
  YESTERDAY        0             0      0        0
  MONTH TO DATE    6            10     -4       14
  SINCE SEP 1    401           332     69      350
  SINCE JAN 1   2058          1904    154     1861
......................................................


WIND (MPH)
  HIGHEST WIND SPEED     8   HIGHEST WIND DIRECTION     E (110)
  HIGHEST GUST SPEED    11   HIGHEST GUST DIRECTION     E (80)
  AVERAGE WIND SPEED     2.0


SKY COVER
  POSSIBLE SUNSHINE  MM
  AVERAGE SKY COVER 0.0


WEATHER CONDITIONS
 THE FOLLOWING WEATHER WAS RECORDED YESTERDAY.
  NO SIGNIFICANT WEATHER WAS OBSERVED.


RELATIVE HUMIDITY (PERCENT)
 HIGHEST    74           600 AM
 LOWEST     25           400 PM
 AVERAGE    50

..........................................................


THE LUMBERTON NC CLIMATE NORMALS FOR TODAY
                         NORMAL
 MAXIMUM TEMPERATURE (F)   65
 MINIMUM TEMPERATURE (F)   40


SUNRISE AND SUNSET
NOVEMBER 23 2014......SUNRISE   658 AM EST   SUNSET   508 PM EST
NOVEMBER 24 2014......SUNRISE   658 AM EST   SUNSET   507 PM EST


-  INDICATES NEGATIVE NUMBERS.
R  INDICATES RECORD WAS SET OR TIED.
MM INDICATES DATA IS MISSING.
T  INDICATES TRACE AMOUNT.




$$





U.S. Dept. of Commerce
NOAA National Weather Service
1325 East West Highway
Silver Spring, MD 20910
E-mail: w-nws.webmaster@noaa.gov
Page last modified: May 16, 2007
NATIONAL WEATHER SERVICE: for Safety, for Work, for Fun - FOR LIFE