197
CDUS42 KILM 240844
CLILBT


CLIMATE REPORT
NATIONAL WEATHER SERVICE WILMINGTON NC
443 AM EDT THU JUL 24 2014


...................................

...THE LUMBERTON NC CLIMATE SUMMARY FOR JULY 23 2014...

CLIMATE NORMAL PERIOD 1981 TO 2010
CLIMATE RECORD PERIOD 9999 TO 9999


WEATHER ITEM   OBSERVED TIME   NORMAL DEPARTURE LAST
                VALUE   (LST)  VALUE  FROM      YEAR
                                      NORMAL
......................................................
TEMPERATURE (F)
 YESTERDAY
  MAXIMUM         90    203 PM  91     -1       92
  MINIMUM         74    619 AM  72      2       75
  AVERAGE         82            81      1       84

PRECIPITATION (IN)
  YESTERDAY        0.14          0.20  -0.06     0.00
  MONTH TO DATE    3.84          3.91  -0.07     5.20
  SINCE JUN 1     11.41          8.25   3.16    15.91
  SINCE JAN 1     28.67         23.32   5.35    30.39

DEGREE DAYS
 HEATING
  YESTERDAY        0             0      0        0
  MONTH TO DATE    0             0      0        0
  SINCE JUN 1      0             0      0        0
  SINCE JUL 1      0             0      0        0

 COOLING
  YESTERDAY       17            16      1       19
  MONTH TO DATE  356           368    -12      370
  SINCE JUN 1    814           756     58      771
  SINCE JAN 1   1102          1006     96      963
......................................................


WIND (MPH)
  HIGHEST WIND SPEED    14   HIGHEST WIND DIRECTION     W (280)
  HIGHEST GUST SPEED    17   HIGHEST GUST DIRECTION     N (10)
  AVERAGE WIND SPEED     4.7


SKY COVER
  POSSIBLE SUNSHINE  MM
  AVERAGE SKY COVER 0.5


WEATHER CONDITIONS
 THE FOLLOWING WEATHER WAS RECORDED YESTERDAY.
  THUNDERSTORM
  HEAVY RAIN
  RAIN
  LIGHT RAIN
  FOG
  HAZE


RELATIVE HUMIDITY (PERCENT)
 HIGHEST   100           800 AM
 LOWEST     63          1200 PM
 AVERAGE    82

..........................................................


THE LUMBERTON NC CLIMATE NORMALS FOR TODAY
                         NORMAL
 MAXIMUM TEMPERATURE (F)   91
 MINIMUM TEMPERATURE (F)   72


SUNRISE AND SUNSET
JULY 24 2014..........SUNRISE   621 AM EDT   SUNSET   824 PM EDT
JULY 25 2014..........SUNRISE   621 AM EDT   SUNSET   824 PM EDT


-  INDICATES NEGATIVE NUMBERS.
R  INDICATES RECORD WAS SET OR TIED.
MM INDICATES DATA IS MISSING.
T  INDICATES TRACE AMOUNT.




$$





U.S. Dept. of Commerce
NOAA National Weather Service
1325 East West Highway
Silver Spring, MD 20910
E-mail: w-nws.webmaster@noaa.gov
Page last modified: May 16, 2007
NATIONAL WEATHER SERVICE: for Safety, for Work, for Fun - FOR LIFE