964
CDUS43 KLBF 301036
CLILBF

CLIMATE REPORT
NATIONAL WEATHER SERVICE NORTH PLATTE
434 AM CST FRI JAN 30 2015


...................................

...THE NORTH PLATTE NE CLIMATE SUMMARY FOR JANUARY 29 2015...

CLIMATE NORMAL PERIOD 1981 TO 2010
CLIMATE RECORD PERIOD 1874 TO 2015


WEATHER ITEM   OBSERVED TIME   RECORD YEAR NORMAL DEPARTURE LAST
                VALUE   (LST)  VALUE       VALUE  FROM      YEAR
                                                  NORMAL
..................................................................
TEMPERATURE (F)
 YESTERDAY
  MAXIMUM         47    417 PM  67    1920  40      7       54
  MINIMUM         17   1151 PM -15    1949  12      5        0
  AVERAGE         32                        26      6       27

PRECIPITATION (IN)
  YESTERDAY        0.00          0.49 1922   0.01  -0.01     0.00
  MONTH TO DATE    0.06                      0.32  -0.26     0.07
  SINCE DEC 1      1.10                      0.73   0.37     0.23
  SINCE JAN 1      0.06                      0.32  -0.26     0.07

SNOWFALL (IN)
  YESTERDAY        0.0           4.6  1922   0.2   -0.2      0.0
  MONTH TO DATE    1.5                       4.5   -3.0      0.8
  SINCE DEC 1     10.2                       9.1    1.1      4.4
  SINCE JUL 1     10.6                      15.3   -4.7      7.5
  SNOW DEPTH       0

DEGREE DAYS
 HEATING
  YESTERDAY       33                        39     -6       38
  MONTH TO DATE 1096                      1161    -65     1117
  SINCE DEC 1   2263                      2390   -127     2384
  SINCE JUL 1   3783                      3941   -158     3869

 COOLING
  YESTERDAY        0                         0      0        0
  MONTH TO DATE    0                         0      0        0
  SINCE DEC 1      0                         0      0        0
  SINCE JAN 1      0                         0      0        0
..................................................................


WIND (MPH)
  HIGHEST WIND SPEED    30   HIGHEST WIND DIRECTION     N (350)
  HIGHEST GUST SPEED    42   HIGHEST GUST DIRECTION     N (350)
  AVERAGE WIND SPEED     8.4


SKY COVER
  POSSIBLE SUNSHINE  MM
  AVERAGE SKY COVER 0.1


WEATHER CONDITIONS
 THE FOLLOWING WEATHER WAS RECORDED YESTERDAY.
  NO SIGNIFICANT WEATHER WAS OBSERVED.


RELATIVE HUMIDITY (PERCENT)
 HIGHEST    96           800 AM
 LOWEST     28           500 PM
 AVERAGE    62

..........................................................


THE NORTH PLATTE NE CLIMATE NORMALS FOR TODAY
                         NORMAL    RECORD    YEAR
 MAXIMUM TEMPERATURE (F)   40        68      2012
 MINIMUM TEMPERATURE (F)   12       -20      1918


SUNRISE AND SUNSET
JANUARY 30 2015.......SUNRISE   756 AM CST   SUNSET   557 PM CST
JANUARY 31 2015.......SUNRISE   755 AM CST   SUNSET   558 PM CST


-  INDICATES NEGATIVE NUMBERS.
R  INDICATES RECORD WAS SET OR TIED.
MM INDICATES DATA IS MISSING.
T  INDICATES TRACE AMOUNT.




$$








U.S. Dept. of Commerce
NOAA National Weather Service
1325 East West Highway
Silver Spring, MD 20910
E-mail: w-nws.webmaster@noaa.gov
Page last modified: May 16, 2007
NATIONAL WEATHER SERVICE: for Safety, for Work, for Fun - FOR LIFE