399
CDUS43 KLBF 220928
CLILBF

CLIMATE REPORT
NATIONAL WEATHER SERVICE NORTH PLATTE
427 AM CDT TUE JUL 22 2014


...................................

...THE NORTH PLATTE NE CLIMATE SUMMARY FOR JULY 21 2014...

CLIMATE NORMAL PERIOD 1981 TO 2010
CLIMATE RECORD PERIOD 1874 TO 2014


WEATHER ITEM   OBSERVED TIME   RECORD YEAR NORMAL DEPARTURE LAST
                VALUE   (LST)  VALUE       VALUE  FROM      YEAR
                                                  NORMAL
..................................................................
TEMPERATURE (F)
 YESTERDAY
  MAXIMUM         99    539 PM 106    2012  89     10       91
  MINIMUM         61    437 AM  49    1989  61      0       58
                                      1970
  AVERAGE         80                        75      5       75

PRECIPITATION (IN)
  YESTERDAY        0.00          2.54 1998   0.11  -0.11     0.08
  MONTH TO DATE    0.11                      2.05  -1.94     0.69
  SINCE JUN 1      8.86                      5.47   3.39     2.64
  SINCE JAN 1     13.15                     12.91   0.24     8.80

SNOWFALL (IN)
  YESTERDAY        0.0           0.0  2002   0.0    0.0      0.0
                                      2001
  MONTH TO DATE    0.0                       0.0    0.0      0.0
  SINCE JUN 1      T                         0.0    0.0       T
  SINCE JUL 1      0.0                       0.0    0.0      0.0
  SNOW DEPTH       0

DEGREE DAYS
 HEATING
  YESTERDAY        0                         0      0        0
  MONTH TO DATE   17                         0     17        4
  SINCE JUN 1     56                        51      5       51
  SINCE JUL 1     17                         0     17        4

 COOLING
  YESTERDAY       15                        10      5       10
  MONTH TO DATE  142                       196    -54      245
  SINCE JUN 1    273                       334    -61      424
  SINCE JAN 1    322                       362    -40      472
..................................................................


WIND (MPH)
  HIGHEST WIND SPEED    16   HIGHEST WIND DIRECTION    NW (300)
  HIGHEST GUST SPEED    19   HIGHEST GUST DIRECTION     W (290)
  AVERAGE WIND SPEED     5.8


SKY COVER
  POSSIBLE SUNSHINE  MM
  AVERAGE SKY COVER 0.0


WEATHER CONDITIONS
 THE FOLLOWING WEATHER WAS RECORDED YESTERDAY.
  THUNDERSTORM


RELATIVE HUMIDITY (PERCENT)
 HIGHEST    93           400 AM
 LOWEST     28           300 PM
 AVERAGE    61

..........................................................


THE NORTH PLATTE NE CLIMATE NORMALS FOR TODAY
                         NORMAL    RECORD    YEAR
 MAXIMUM TEMPERATURE (F)   89       108      2012
 MINIMUM TEMPERATURE (F)   61        46      1990


SUNRISE AND SUNSET
JULY 22 2014..........SUNRISE   629 AM CDT   SUNSET   909 PM CDT
JULY 23 2014..........SUNRISE   630 AM CDT   SUNSET   908 PM CDT


-  INDICATES NEGATIVE NUMBERS.
R  INDICATES RECORD WAS SET OR TIED.
MM INDICATES DATA IS MISSING.
T  INDICATES TRACE AMOUNT.




$$








U.S. Dept. of Commerce
NOAA National Weather Service
1325 East West Highway
Silver Spring, MD 20910
E-mail: w-nws.webmaster@noaa.gov
Page last modified: May 16, 2007
NATIONAL WEATHER SERVICE: for Safety, for Work, for Fun - FOR LIFE