259
CDUS43 KLBF 250927
CLILBF

CLIMATE REPORT
NATIONAL WEATHER SERVICE NORTH PLATTE
426 AM CDT SAT OCT 25 2014

...................................

...THE NORTH PLATTE NE CLIMATE SUMMARY FOR OCTOBER 24 2014...

CLIMATE NORMAL PERIOD 1981 TO 2010
CLIMATE RECORD PERIOD 1874 TO 2014


WEATHER ITEM   OBSERVED TIME   RECORD YEAR NORMAL DEPARTURE LAST
                VALUE   (LST)  VALUE       VALUE  FROM      YEAR
                                                  NORMAL
..................................................................
TEMPERATURE (F)
 YESTERDAY
  MAXIMUM         84    315 PM  86    1940  61     23       47
  MINIMUM         40    719 AM   9    1887  31      9       38
  AVERAGE         62                        46     16       43

PRECIPITATION (IN)
  YESTERDAY        0.00          0.72 1997   0.04  -0.04     0.00
  MONTH TO DATE    0.73                      1.27  -0.54     1.60
  SINCE SEP 1      2.12                      2.68  -0.56     6.68
  SINCE JAN 1     20.40                     18.90   1.50    21.04

SNOWFALL (IN)
  YESTERDAY        0.0           3.2  1997   0.1   -0.1      0.0
  MONTH TO DATE    0.0                       1.4   -1.4      0.0
  SINCE SEP 1      T                         1.6   -1.6      0.0
  SINCE JUL 1      T                         1.6   -1.6      0.0
  SNOW DEPTH       0

DEGREE DAYS
 HEATING
  YESTERDAY        3                        19    -16       22
  MONTH TO DATE  267                       353    -86      380
  SINCE SEP 1    390                       504   -114      450
  SINCE JUL 1    407                       524   -117      463

 COOLING
  YESTERDAY        0                         0      0        0
  MONTH TO DATE    0                         0      0        0
  SINCE SEP 1     75                        70      5      161
  SINCE JAN 1    744                       765    -21      998
..................................................................


WIND (MPH)
  HIGHEST WIND SPEED    15   HIGHEST WIND DIRECTION     W (290)
  HIGHEST GUST SPEED    18   HIGHEST GUST DIRECTION     W (260)
  AVERAGE WIND SPEED     5.2


SKY COVER
  POSSIBLE SUNSHINE  MM
  AVERAGE SKY COVER 0.0


WEATHER CONDITIONS
 THE FOLLOWING WEATHER WAS RECORDED YESTERDAY.
  FOG


RELATIVE HUMIDITY (PERCENT)
 HIGHEST   100           400 AM
 LOWEST     15           300 PM
 AVERAGE    58

..........................................................


THE NORTH PLATTE NE CLIMATE NORMALS FOR TODAY
                         NORMAL    RECORD    YEAR
 MAXIMUM TEMPERATURE (F)   61        87      1959
 MINIMUM TEMPERATURE (F)   30        13      1976
                                             1975


SUNRISE AND SUNSET
OCTOBER 25 2014.......SUNRISE   806 AM CDT   SUNSET   647 PM CDT
OCTOBER 26 2014.......SUNRISE   807 AM CDT   SUNSET   646 PM CDT


-  INDICATES NEGATIVE NUMBERS.
R  INDICATES RECORD WAS SET OR TIED.
MM INDICATES DATA IS MISSING.
T  INDICATES TRACE AMOUNT.

$$






U.S. Dept. of Commerce
NOAA National Weather Service
1325 East West Highway
Silver Spring, MD 20910
E-mail: w-nws.webmaster@noaa.gov
Page last modified: May 16, 2007
NATIONAL WEATHER SERVICE: for Safety, for Work, for Fun - FOR LIFE