053
CDUS43 KLBF 202237
CLILBF

CLIMATE REPORT
NATIONAL WEATHER SERVICE NORTH PLATTE
536 PM CDT SUN APR 20 2014


...................................

...THE NORTH PLATTE NE CLIMATE SUMMARY FOR APRIL 20 2014...
VALID TODAY AS OF 0500 PM LOCAL TIME.

CLIMATE NORMAL PERIOD 1981 TO 2010
CLIMATE RECORD PERIOD 1874 TO 2014


WEATHER ITEM   OBSERVED TIME   RECORD YEAR NORMAL DEPARTURE LAST
                VALUE   (LST)  VALUE       VALUE  FROM      YEAR
                                                  NORMAL
..................................................................
TEMPERATURE (F)
 TODAY
  MAXIMUM         76    355 PM  93    1902  64     12       57
  MINIMUM         35    606 AM  17    1953  35      0       28
  AVERAGE         56                        49      7       43

PRECIPITATION (IN)
  TODAY            0.01          3.54 1933   0.08  -0.07     0.00
  MONTH TO DATE    0.15                      1.38  -1.23     1.25
  SINCE MAR 1      0.94                      2.43  -1.49     1.74
  SINCE JAN 1      1.99                      3.27  -1.28     3.02

SNOWFALL (IN)
  TODAY            0.0           2.0  1905   0.1   -0.1      0.0
  MONTH TO DATE    1.1                       2.7   -1.6      6.7
  SINCE MAR 1      7.4                       7.1    0.3      9.4
  SINCE JUL 1     29.8                      28.0    1.8     29.3
  SNOW DEPTH       0

DEGREE DAYS
 HEATING
  TODAY            9                        16     -7       22
  MONTH TO DATE  379                       383     -4      498
  SINCE MAR 1   1253                      1220     33     1371
  SINCE JUL 1   6444                      6248    196     6331

 COOLING
  TODAY            0                         0      0        0
  MONTH TO DATE    0                         0      0        0
  SINCE MAR 1      0                         0      0        0
  SINCE JAN 1      0                         0      0        0
..................................................................


WIND (MPH)
  HIGHEST WIND SPEED    14   HIGHEST WIND DIRECTION    SE (130)
  HIGHEST GUST SPEED    18   HIGHEST GUST DIRECTION    SE (120)
  AVERAGE WIND SPEED     3.7


SKY COVER
  POSSIBLE SUNSHINE  MM
  AVERAGE SKY COVER 0.2


WEATHER CONDITIONS
 THE FOLLOWING WEATHER WAS RECORDED TODAY.
  THUNDERSTORM
  LIGHT RAIN
  HAZE


RELATIVE HUMIDITY (PERCENT)
 HIGHEST    92           500 AM
 LOWEST     38           400 PM
 AVERAGE    65

..........................................................


THE NORTH PLATTE NE CLIMATE NORMALS FOR TOMORROW
                         NORMAL    RECORD    YEAR
 MAXIMUM TEMPERATURE (F)   64        94      1980
 MINIMUM TEMPERATURE (F)   35        20      2000
                                             1907


SUNRISE AND SUNSET
APRIL 20 2014.........SUNRISE   656 AM CDT   SUNSET   828 PM CDT
APRIL 21 2014.........SUNRISE   654 AM CDT   SUNSET   829 PM CDT


-  INDICATES NEGATIVE NUMBERS.
R  INDICATES RECORD WAS SET OR TIED.
MM INDICATES DATA IS MISSING.
T  INDICATES TRACE AMOUNT.



$$








U.S. Dept. of Commerce
NOAA National Weather Service
1325 East West Highway
Silver Spring, MD 20910
E-mail: w-nws.webmaster@noaa.gov
Page last modified: May 16, 2007
NATIONAL WEATHER SERVICE: for Safety, for Work, for Fun - FOR LIFE