739
CDUS43 KLBF 300933
CLILBF

CLIMATE REPORT
NATIONAL WEATHER SERVICE NORTH PLATTE
433 AM CDT TUE SEP 30 2014

...................................

...THE NORTH PLATTE NE CLIMATE SUMMARY FOR SEPTEMBER 29 2014...

CLIMATE NORMAL PERIOD 1981 TO 2010
CLIMATE RECORD PERIOD 1874 TO 2014


WEATHER ITEM   OBSERVED TIME   RECORD YEAR NORMAL DEPARTURE LAST
                VALUE   (LST)  VALUE       VALUE  FROM      YEAR
                                                  NORMAL
..................................................................
TEMPERATURE (F)
 YESTERDAY
  MAXIMUM         83    335 PM  95    1994  72     11       79
  MINIMUM         56    659 AM  17    1984  40     16       39
  AVERAGE         70                        56     14       59

PRECIPITATION (IN)
  YESTERDAY        0.27          0.85 2007   0.05   0.22     0.00
  MONTH TO DATE    1.39                      1.36   0.03     5.08
  SINCE SEP 1      1.39                      1.36   0.03     5.08
  SINCE JAN 1     19.67                     17.58   2.09    19.44

SNOWFALL (IN)
  YESTERDAY        0.0           0.1  1985   0.0    0.0      0.0
  MONTH TO DATE    T                         0.2   -0.2      0.0
  SINCE SEP 1      T                         0.2   -0.2      0.0
  SINCE JUL 1      T                         0.2   -0.2      0.0
  SNOW DEPTH       0

DEGREE DAYS
 HEATING
  YESTERDAY        0                         9     -9        6
  MONTH TO DATE  123                       142    -19       69
  SINCE SEP 1    123                       142    -19       69
  SINCE JUL 1    140                       162    -22       82

 COOLING
  YESTERDAY        5                         1      4        0
  MONTH TO DATE   74                        71      3      161
  SINCE SEP 1     74                        71      3      161
  SINCE JAN 1    743                       766    -23      998
..................................................................


WIND (MPH)
  HIGHEST WIND SPEED    36   HIGHEST WIND DIRECTION    SW (210)
  HIGHEST GUST SPEED    44   HIGHEST GUST DIRECTION     S (200)
  AVERAGE WIND SPEED    14.5


SKY COVER
  POSSIBLE SUNSHINE  MM
  AVERAGE SKY COVER 0.5


WEATHER CONDITIONS
 THE FOLLOWING WEATHER WAS RECORDED YESTERDAY.
  THUNDERSTORM
  HEAVY RAIN
  RAIN
  LIGHT RAIN
  FOG
  HAZE


RELATIVE HUMIDITY (PERCENT)
 HIGHEST    80           500 AM
 LOWEST     34           100 PM
 AVERAGE    57

..........................................................


THE NORTH PLATTE NE CLIMATE NORMALS FOR TODAY
                         NORMAL    RECORD    YEAR
 MAXIMUM TEMPERATURE (F)   71        92      1942
 MINIMUM TEMPERATURE (F)   40        18      1984


SUNRISE AND SUNSET
SEPTEMBER 30 2014.....SUNRISE   738 AM CDT   SUNSET   726 PM CDT
OCTOBER  1 2014.......SUNRISE   739 AM CDT   SUNSET   725 PM CDT


-  INDICATES NEGATIVE NUMBERS.
R  INDICATES RECORD WAS SET OR TIED.
MM INDICATES DATA IS MISSING.
T  INDICATES TRACE AMOUNT.

$$






U.S. Dept. of Commerce
NOAA National Weather Service
1325 East West Highway
Silver Spring, MD 20910
E-mail: w-nws.webmaster@noaa.gov
Page last modified: May 16, 2007
NATIONAL WEATHER SERVICE: for Safety, for Work, for Fun - FOR LIFE