934
CDUS43 KLBF 271035
CLILBF

CLIMATE REPORT
NATIONAL WEATHER SERVICE NORTH PLATTE
435 AM CST THU NOV 27 2014

...................................

...THE NORTH PLATTE NE CLIMATE SUMMARY FOR NOVEMBER 26 2014...

CLIMATE NORMAL PERIOD 1981 TO 2010
CLIMATE RECORD PERIOD 1874 TO 2014


WEATHER ITEM   OBSERVED TIME   RECORD YEAR NORMAL DEPARTURE LAST
                VALUE   (LST)  VALUE       VALUE  FROM      YEAR
                                                  NORMAL
..................................................................
TEMPERATURE (F)
 YESTERDAY
  MAXIMUM         38   1232 AM  73    1960  45     -7       35
  MINIMUM         21   1121 PM -12    1887  16      5       12
  AVERAGE         30                        30      0       24

PRECIPITATION (IN)
  YESTERDAY        0.02          0.64 1919   0.02   0.00     0.00
  MONTH TO DATE    0.08                      0.58  -0.50     0.51
  SINCE SEP 1      2.20                      3.54  -1.34     7.25
  SINCE JAN 1     20.48                     19.76   0.72    21.61

SNOWFALL (IN)
  YESTERDAY        0.0           7.2  1919   0.1   -0.1      0.0
  MONTH TO DATE    0.4                       3.3   -2.9      3.1
  SINCE SEP 1      0.4                       5.6   -5.2      3.1
  SINCE JUL 1      0.4                       5.6   -5.2      3.1
  SNOW DEPTH       0

DEGREE DAYS
 HEATING
  YESTERDAY       35                        35      0       41
  MONTH TO DATE  870                       741    129      741
  SINCE SEP 1   1384                      1390     -6     1342
  SINCE JUL 1   1401                      1410     -9     1355

 COOLING
  YESTERDAY        0                         0      0        0
  MONTH TO DATE    0                         0      0        0
  SINCE SEP 1     75                        73      2      161
  SINCE JAN 1    744                       768    -24      998
..................................................................


WIND (MPH)
  HIGHEST WIND SPEED    25   HIGHEST WIND DIRECTION    NW (330)
  HIGHEST GUST SPEED    33   HIGHEST GUST DIRECTION    NW (330)
  AVERAGE WIND SPEED    10.1


SKY COVER
  POSSIBLE SUNSHINE  MM
  AVERAGE SKY COVER 0.8


WEATHER CONDITIONS
 THE FOLLOWING WEATHER WAS RECORDED YESTERDAY.
  LIGHT RAIN
  FOG


RELATIVE HUMIDITY (PERCENT)
 HIGHEST    84          1100 PM
 LOWEST     51           300 PM
 AVERAGE    68

..........................................................


THE NORTH PLATTE NE CLIMATE NORMALS FOR TODAY
                         NORMAL    RECORD    YEAR
 MAXIMUM TEMPERATURE (F)   44        73      1998
 MINIMUM TEMPERATURE (F)   16       -25      1887


SUNRISE AND SUNSET
NOVEMBER 27 2014......SUNRISE   744 AM CST   SUNSET   516 PM CST
NOVEMBER 28 2014......SUNRISE   745 AM CST   SUNSET   516 PM CST


-  INDICATES NEGATIVE NUMBERS.
R  INDICATES RECORD WAS SET OR TIED.
MM INDICATES DATA IS MISSING.
T  INDICATES TRACE AMOUNT.

$$






U.S. Dept. of Commerce
NOAA National Weather Service
1325 East West Highway
Silver Spring, MD 20910
E-mail: w-nws.webmaster@noaa.gov
Page last modified: May 16, 2007
NATIONAL WEATHER SERVICE: for Safety, for Work, for Fun - FOR LIFE