775
CDUS44 KLUB 230625
CLILBB


CLIMATE REPORT
NATIONAL WEATHER SERVICE LUBBOCK, TX
125 AM CDT THU OCT 23 2014


...................................

...THE LUBBOCK CLIMATE SUMMARY FOR OCTOBER 22 2014...

CLIMATE NORMAL PERIOD 1981 TO 2010
CLIMATE RECORD PERIOD 1911 TO 2014


WEATHER ITEM   OBSERVED TIME   RECORD YEAR NORMAL DEPARTURE LAST
                VALUE   (LST)  VALUE       VALUE  FROM      YEAR
                                                  NORMAL
..................................................................
TEMPERATURE (F)
 YESTERDAY
  MAXIMUM         68    218 PM  89    1961  74     -6       76
  MINIMUM         58   1159 PM  28    1945  46     12       37
  AVERAGE         63                        60      3       57

PRECIPITATION (IN)
  YESTERDAY        0.19          2.64 1953   0.06   0.13     0.00
  MONTH TO DATE    0.38                      1.48  -1.10     1.11
  SINCE SEP 1      7.32                      3.99   3.33     1.65
  SINCE JAN 1     19.22                     17.06   2.16    11.43

SNOWFALL (IN)
  YESTERDAY        0.0           0.0  2002   0.0    0.0      0.0
  MONTH TO DATE    0.0                       0.0    0.0      0.0
  SINCE SEP 1      0.0                       0.0    0.0      0.0
  SINCE JUL 1      0.0                       0.0    0.0      0.0
  SNOW DEPTH       0

DEGREE DAYS
 HEATING
  YESTERDAY        2                         6     -4        8
  MONTH TO DATE   66                        90    -24      109
  SINCE SEP 1     91                       113    -22      113
  SINCE JUL 1     91                       113    -22      113

 COOLING
  YESTERDAY        0                         1     -1        0
  MONTH TO DATE   42                        47     -5       68
  SINCE SEP 1    270                       270      0      384
  SINCE JAN 1   1899                      1796    103     2112
..................................................................


WIND (MPH)
  RESULTANT WIND SPEED  11   RESULTANT WIND DIRECTION   S (170)
  HIGHEST WIND SPEED    18   HIGHEST WIND DIRECTION    SE (150)
  HIGHEST GUST SPEED    21   HIGHEST GUST DIRECTION    SE (150)
  AVERAGE WIND SPEED    10.5


SKY COVER
  AVERAGE SKY COVER 0.9


WEATHER CONDITIONS
 THE FOLLOWING WEATHER WAS RECORDED YESTERDAY.
  RAIN
  LIGHT RAIN
  FOG
  HAZE


RELATIVE HUMIDITY (PERCENT)
 HIGHEST    97           700 PM
 LOWEST     60           100 AM
 AVERAGE    79

..........................................................


THE LUBBOCK CLIMATE NORMALS FOR TODAY
                         NORMAL    RECORD    YEAR
 MAXIMUM TEMPERATURE (F)   73        91      2003
 MINIMUM TEMPERATURE (F)   46        22      1917


SUNRISE AND SUNSET
OCTOBER 23 2014.......SUNRISE   759 AM CDT   SUNSET   704 PM CDT
OCTOBER 24 2014.......SUNRISE   759 AM CDT   SUNSET   703 PM CDT


-  INDICATES NEGATIVE NUMBERS.
R  INDICATES RECORD WAS SET OR TIED.
MM INDICATES DATA IS MISSING.
T  INDICATES TRACE AMOUNT.




$$





U.S. Dept. of Commerce
NOAA National Weather Service
1325 East West Highway
Silver Spring, MD 20910
E-mail: w-nws.webmaster@noaa.gov
Page last modified: May 16, 2007
NATIONAL WEATHER SERVICE: for Safety, for Work, for Fun - FOR LIFE