566
CDUS44 KLUB 170625
CLILBB


CLIMATE REPORT
NATIONAL WEATHER SERVICE LUBBOCK, TX
125 AM CDT WED SEP 17 2014


...................................

...THE LUBBOCK CLIMATE SUMMARY FOR SEPTEMBER 16 2014...

CLIMATE NORMAL PERIOD 1981 TO 2010
CLIMATE RECORD PERIOD 1911 TO 2014


WEATHER ITEM   OBSERVED TIME   RECORD YEAR NORMAL DEPARTURE LAST
                VALUE   (LST)  VALUE       VALUE  FROM      YEAR
                                                  NORMAL
..................................................................
TEMPERATURE (F)
 YESTERDAY
  MAXIMUM         80    202 PM 100    1965  84     -4       89
  MINIMUM         64    808 AM  42    1951  59      5       66
  AVERAGE         72                        72      0       78

PRECIPITATION (IN)
  YESTERDAY        0.10          1.89 1919   0.09   0.01     0.01
  MONTH TO DATE    1.81                      1.38   0.43     0.05
  SINCE SEP 1      1.81                      1.38   0.43     0.05
  SINCE JAN 1     13.71                     14.45  -0.74     9.83

SNOWFALL (IN)
  YESTERDAY        0.0           0.0  2002   0.0    0.0      0.0
  MONTH TO DATE    0.0                       0.0    0.0      0.0
  SINCE SEP 1      0.0                       0.0    0.0      0.0
  SINCE JUL 1      0.0                       0.0    0.0      0.0
  SNOW DEPTH       0

DEGREE DAYS
 HEATING
  YESTERDAY        0                         1     -1        0
  MONTH TO DATE   25                         3     22        0
  SINCE SEP 1     25                         3     22        0
  SINCE JUL 1     25                         3     22        0

 COOLING
  YESTERDAY        7                         7      0       13
  MONTH TO DATE  149                       148      1      217
  SINCE SEP 1    149                       148      1      217
  SINCE JAN 1   1778                      1674    104     1945
..................................................................


WIND (MPH)
  RESULTANT WIND SPEED   1   RESULTANT WIND DIRECTION  NE (40)
  HIGHEST WIND SPEED    18   HIGHEST WIND DIRECTION     S (190)
  HIGHEST GUST SPEED    20   HIGHEST GUST DIRECTION     S (190)
  AVERAGE WIND SPEED     5.8


SKY COVER
  AVERAGE SKY COVER 1.0


WEATHER CONDITIONS
 THE FOLLOWING WEATHER WAS RECORDED YESTERDAY.
  THUNDERSTORM
  LIGHT RAIN
  FOG


RELATIVE HUMIDITY (PERCENT)
 HIGHEST    93          1100 PM
 LOWEST     58          1200 PM
 AVERAGE    76

..........................................................


THE LUBBOCK CLIMATE NORMALS FOR TODAY
                         NORMAL    RECORD    YEAR
 MAXIMUM TEMPERATURE (F)   84        98      2005
                                             1997
 MINIMUM TEMPERATURE (F)   58        42      1951


SUNRISE AND SUNSET
SEPTEMBER 17 2014.....SUNRISE   732 AM CDT   SUNSET   751 PM CDT
SEPTEMBER 18 2014.....SUNRISE   733 AM CDT   SUNSET   749 PM CDT


-  INDICATES NEGATIVE NUMBERS.
R  INDICATES RECORD WAS SET OR TIED.
MM INDICATES DATA IS MISSING.
T  INDICATES TRACE AMOUNT.




$$





U.S. Dept. of Commerce
NOAA National Weather Service
1325 East West Highway
Silver Spring, MD 20910
E-mail: w-nws.webmaster@noaa.gov
Page last modified: May 16, 2007
NATIONAL WEATHER SERVICE: for Safety, for Work, for Fun - FOR LIFE