727
CDUS44 KLUB 160627
CLILBB


CLIMATE REPORT
NATIONAL WEATHER SERVICE LUBBOCK, TX
127 AM CDT WED APR 16 2014


...................................

...THE LUBBOCK CLIMATE SUMMARY FOR APRIL 15 2014...

CLIMATE NORMAL PERIOD 1981 TO 2010
CLIMATE RECORD PERIOD 1911 TO 2014


WEATHER ITEM   OBSERVED TIME   RECORD YEAR NORMAL DEPARTURE LAST
                VALUE   (LST)  VALUE       VALUE  FROM      YEAR
                                                  NORMAL
..................................................................
TEMPERATURE (F)
 YESTERDAY
  MAXIMUM         66    456 PM  92    2006  75     -9       89
                                      1925
  MINIMUM         25R   630 AM  25    1928  45    -20       46
  AVERAGE         46                        60    -14       68

PRECIPITATION (IN)
  YESTERDAY        0.00          1.66 2010   0.04  -0.04     0.00
  MONTH TO DATE    0.14                      0.62  -0.48     0.04
  SINCE MAR 1      0.31                      1.72  -1.41     0.04
  SINCE JAN 1      0.47                      3.12  -2.65     2.27

SNOWFALL (IN)
  YESTERDAY        0.0                       0.1   -0.1      0.0
  MONTH TO DATE    T                         0.2   -0.2      0.4
  SINCE MAR 1      T                         0.8   -0.8      0.4
  SINCE JUL 1      4.2                       8.2   -4.0      4.1
  SNOW DEPTH       0

DEGREE DAYS
 HEATING
  YESTERDAY       19                         6     13        0
  MONTH TO DATE  116                       117     -1      127
  SINCE MAR 1    556                       532     24      483
  SINCE JUL 1   3408                      3271    137     3013

 COOLING
  YESTERDAY        0                         1     -1        3
  MONTH TO DATE   19                        15      4       22
  SINCE MAR 1     22                        22      0       24
  SINCE JAN 1     22                        22      0       24
..................................................................


WIND (MPH)
  HIGHEST WIND SPEED    28   HIGHEST WIND DIRECTION     S (190)
  HIGHEST GUST SPEED    36   HIGHEST GUST DIRECTION    SW (210)
  AVERAGE WIND SPEED    13.8


SKY COVER
  POSSIBLE SUNSHINE  MM
  AVERAGE SKY COVER 0.2


WEATHER CONDITIONS
 THE FOLLOWING WEATHER WAS RECORDED YESTERDAY.
  NO SIGNIFICANT WEATHER WAS OBSERVED.


RELATIVE HUMIDITY (PERCENT)
 HIGHEST    58           300 AM
 LOWEST      9           300 PM
 AVERAGE    34

..........................................................


THE LUBBOCK CLIMATE NORMALS FOR TODAY
                         NORMAL    RECORD    YEAR
 MAXIMUM TEMPERATURE (F)   76       100      1925
 MINIMUM TEMPERATURE (F)   46        31      1947


SUNRISE AND SUNSET
APRIL 16 2014.........SUNRISE   716 AM CDT   SUNSET   819 PM CDT
APRIL 17 2014.........SUNRISE   714 AM CDT   SUNSET   820 PM CDT


-  INDICATES NEGATIVE NUMBERS.
R  INDICATES RECORD WAS SET OR TIED.
MM INDICATES DATA IS MISSING.
T  INDICATES TRACE AMOUNT.




$$





U.S. Dept. of Commerce
NOAA National Weather Service
1325 East West Highway
Silver Spring, MD 20910
E-mail: w-nws.webmaster@noaa.gov
Page last modified: May 16, 2007
NATIONAL WEATHER SERVICE: for Safety, for Work, for Fun - FOR LIFE