734
CDUS44 KLUB 300629
CLILBB


CLIMATE REPORT
NATIONAL WEATHER SERVICE LUBBOCK, TX
129 AM CDT TUE SEP 30 2014


...................................

...THE LUBBOCK CLIMATE SUMMARY FOR SEPTEMBER 29 2014...

CLIMATE NORMAL PERIOD 1981 TO 2010
CLIMATE RECORD PERIOD 1911 TO 2014


WEATHER ITEM   OBSERVED TIME   RECORD YEAR NORMAL DEPARTURE LAST
                VALUE   (LST)  VALUE       VALUE  FROM      YEAR
                                                  NORMAL
..................................................................
TEMPERATURE (F)
 YESTERDAY
  MAXIMUM         80    327 PM  97    2011  80      0       81
                                      1977
  MINIMUM         58    714 AM  33    1916  54      4       43
  AVERAGE         69                        67      2       62

PRECIPITATION (IN)
  YESTERDAY        0.00          0.82 1945   0.07  -0.07     0.00
  MONTH TO DATE    6.94                      2.44   4.50     0.54
  SINCE SEP 1      6.94                      2.44   4.50     0.54
  SINCE JAN 1     18.84                     15.51   3.33    10.32

SNOWFALL (IN)
  YESTERDAY        0.0           0.0  2002   0.0    0.0      0.0
  MONTH TO DATE    0.0                       0.0    0.0      0.0
  SINCE SEP 1      0.0                       0.0    0.0      0.0
  SINCE JUL 1      0.0                       0.0    0.0      0.0
  SNOW DEPTH       0

DEGREE DAYS
 HEATING
  YESTERDAY        0                         2     -2        3
  MONTH TO DATE   25                        21      4        4
  SINCE SEP 1     25                        21      4        4
  SINCE JUL 1     25                        21      4        4

 COOLING
  YESTERDAY        4                         4      0        0
  MONTH TO DATE  219                       218      1      309
  SINCE SEP 1    219                       218      1      309
  SINCE JAN 1   1848                      1744    104     2037
..................................................................


WIND (MPH)
  RESULTANT WIND SPEED   9   RESULTANT WIND DIRECTION  SE (150)
  HIGHEST WIND SPEED    21   HIGHEST WIND DIRECTION     S (160)
  HIGHEST GUST SPEED    26   HIGHEST GUST DIRECTION     S (160)
  AVERAGE WIND SPEED     9.7


SKY COVER
  AVERAGE SKY COVER 0.2


WEATHER CONDITIONS
 THE FOLLOWING WEATHER WAS RECORDED YESTERDAY.
  NO SIGNIFICANT WEATHER WAS OBSERVED.


RELATIVE HUMIDITY (PERCENT)
 HIGHEST    93           600 AM
 LOWEST     48           300 PM
 AVERAGE    71

..........................................................


THE LUBBOCK CLIMATE NORMALS FOR TODAY
                         NORMAL    RECORD    YEAR
 MAXIMUM TEMPERATURE (F)   80        99      1977
 MINIMUM TEMPERATURE (F)   53        35      1985


SUNRISE AND SUNSET
SEPTEMBER 30 2014.....SUNRISE   741 AM CDT   SUNSET   733 PM CDT
OCTOBER  1 2014.......SUNRISE   742 AM CDT   SUNSET   732 PM CDT


-  INDICATES NEGATIVE NUMBERS.
R  INDICATES RECORD WAS SET OR TIED.
MM INDICATES DATA IS MISSING.
T  INDICATES TRACE AMOUNT.




$$





U.S. Dept. of Commerce
NOAA National Weather Service
1325 East West Highway
Silver Spring, MD 20910
E-mail: w-nws.webmaster@noaa.gov
Page last modified: May 16, 2007
NATIONAL WEATHER SERVICE: for Safety, for Work, for Fun - FOR LIFE