402
CDUS44 KLUB 010625
CLILBB


CLIMATE REPORT
NATIONAL WEATHER SERVICE LUBBOCK, TX
1225 AM CST SUN FEB 1 2015


...................................

...THE LUBBOCK CLIMATE SUMMARY FOR JANUARY 31 2015...

CLIMATE NORMAL PERIOD 1981 TO 2010
CLIMATE RECORD PERIOD 1911 TO 2015


WEATHER ITEM   OBSERVED TIME   RECORD YEAR NORMAL DEPARTURE LAST
                VALUE   (LST)  VALUE       VALUE  FROM      YEAR
                                                  NORMAL
..................................................................
TEMPERATURE (F)
 YESTERDAY
  MAXIMUM         46   1159 PM  84    1911  56    -10       71
  MINIMUM         36    802 AM   2    1985  28      8       37
  AVERAGE         41                        42     -1       54

PRECIPITATION (IN)
  YESTERDAY        0.55R         0.39 1983   0.03   0.52     0.00
  MONTH TO DATE    1.61                      0.65   0.96     0.00
  SINCE DEC 1      2.00                      1.41   0.59     0.60
  SINCE JAN 1      1.61                      0.65   0.96     0.00

SNOWFALL (IN)
  YESTERDAY        0.0           2.5  1978   0.1   -0.1      0.0
  MONTH TO DATE    4.2                       2.6    1.6      0.0
  SINCE DEC 1      6.6                       4.9    1.7      0.2
  SINCE JUL 1      7.1                       5.8    1.3      2.4
  SNOW DEPTH       0

DEGREE DAYS
 HEATING
  YESTERDAY       24                        23      1       11
  MONTH TO DATE  795                       766     29      771
  SINCE DEC 1   1454                      1523    -69     1575
  SINCE JUL 1   2129                      2165    -36     2228

 COOLING
  YESTERDAY        0                         0      0        0
  MONTH TO DATE    0                         0      0        0
  SINCE DEC 1      0                         0      0        0
  SINCE JAN 1      0                         0      0        0
..................................................................


WIND (MPH)
  RESULTANT WIND SPEED   7   RESULTANT WIND DIRECTION  SE (140)
  HIGHEST WIND SPEED    16   HIGHEST WIND DIRECTION    SW (220)
  HIGHEST GUST SPEED    20   HIGHEST GUST DIRECTION    SW (210)
  AVERAGE WIND SPEED     8.9


SKY COVER
  AVERAGE SKY COVER 0.9


WEATHER CONDITIONS
 THE FOLLOWING WEATHER WAS RECORDED YESTERDAY.
  RAIN
  LIGHT RAIN
  FOG


RELATIVE HUMIDITY (PERCENT)
 HIGHEST   100           500 AM
 LOWEST     85           100 AM
 AVERAGE    93

..........................................................


THE LUBBOCK CLIMATE NORMALS FOR TODAY
                         NORMAL    RECORD    YEAR
 MAXIMUM TEMPERATURE (F)   56        83      1963
 MINIMUM TEMPERATURE (F)   28        -7      1951


SUNRISE AND SUNSET
FEBRUARY  1 2015......SUNRISE   744 AM CST   SUNSET   618 PM CST
FEBRUARY  2 2015......SUNRISE   743 AM CST   SUNSET   619 PM CST


-  INDICATES NEGATIVE NUMBERS.
R  INDICATES RECORD WAS SET OR TIED.
MM INDICATES DATA IS MISSING.
T  INDICATES TRACE AMOUNT.




$$





U.S. Dept. of Commerce
NOAA National Weather Service
1325 East West Highway
Silver Spring, MD 20910
E-mail: w-nws.webmaster@noaa.gov
Page last modified: May 16, 2007
NATIONAL WEATHER SERVICE: for Safety, for Work, for Fun - FOR LIFE