743
CDUS44 KLUB 212326
CLILBB


CLIMATE REPORT
NATIONAL WEATHER SERVICE LUBBOCK, TX
525 PM CST SUN DEC 21 2014


...................................

...THE LUBBOCK CLIMATE SUMMARY FOR DECEMBER 21 2014...
VALID TODAY AS OF 0500 PM LOCAL TIME.

CLIMATE NORMAL PERIOD 1981 TO 2010
CLIMATE RECORD PERIOD 1911 TO 2014


WEATHER ITEM   OBSERVED TIME   RECORD YEAR NORMAL DEPARTURE LAST
                VALUE   (LST)  VALUE       VALUE  FROM      YEAR
                                                  NORMAL
..................................................................
TEMPERATURE (F)
 TODAY
  MAXIMUM         66    343 PM  78    1981  53     13       50
  MINIMUM         36    810 AM   2    1983  26     10       29
  AVERAGE         51                        40     11       40

PRECIPITATION (IN)
  TODAY            0.00          1.50 1942   0.03  -0.03     0.03
  MONTH TO DATE    0.02                      0.54  -0.52     0.60
  SINCE DEC 1      0.02                      0.54  -0.52     0.60
  SINCE JAN 1     22.19                     18.90   3.29    12.61

SNOWFALL (IN)
  TODAY            0.0           6.0  1913   0.1   -0.1      0.0
  MONTH TO DATE    0.0                       1.5   -1.5      0.2
  SINCE DEC 1      0.0                       1.5   -1.5      0.2
  SINCE JUL 1      0.5                       2.4   -1.9      2.4
  SNOW DEPTH       0

DEGREE DAYS
 HEATING
  TODAY           14                        25    -11       25
  MONTH TO DATE  370                       500   -130      525
  SINCE DEC 1    370                       500   -130      525
  SINCE JUL 1   1045                      1142    -97     1178

 COOLING
  TODAY            0                         0      0        0
  MONTH TO DATE    0                         0      0        0
  SINCE DEC 1      0                         0      0        0
  SINCE JAN 1   1917                      1804    113     2123
..................................................................


WIND (MPH)
  RESULTANT WIND SPEED  15   RESULTANT WIND DIRECTION  SW (240)
  HIGHEST WIND SPEED    33   HIGHEST WIND DIRECTION     W (260)
  HIGHEST GUST SPEED    38   HIGHEST GUST DIRECTION     W (270)
  AVERAGE WIND SPEED    17.9


SKY COVER
  AVERAGE SKY COVER 0.6


WEATHER CONDITIONS
 THE FOLLOWING WEATHER WAS RECORDED TODAY.
  FOG


RELATIVE HUMIDITY (PERCENT)
 HIGHEST   100           200 AM
 LOWEST     22           200 PM
 AVERAGE    61

..........................................................


THE LUBBOCK CLIMATE NORMALS FOR TOMORROW
                         NORMAL    RECORD    YEAR
 MAXIMUM TEMPERATURE (F)   53        79      1969
                                             1955
 MINIMUM TEMPERATURE (F)   26        -2      1989


SUNRISE AND SUNSET
DECEMBER 21 2014......SUNRISE   748 AM CST   SUNSET   543 PM CST
DECEMBER 22 2014......SUNRISE   748 AM CST   SUNSET   544 PM CST


-  INDICATES NEGATIVE NUMBERS.
R  INDICATES RECORD WAS SET OR TIED.
MM INDICATES DATA IS MISSING.
T  INDICATES TRACE AMOUNT.




$$





U.S. Dept. of Commerce
NOAA National Weather Service
1325 East West Highway
Silver Spring, MD 20910
E-mail: w-nws.webmaster@noaa.gov
Page last modified: May 16, 2007
NATIONAL WEATHER SERVICE: for Safety, for Work, for Fun - FOR LIFE