733
CDUS44 KLUB 010629
CLILBB


CLIMATE REPORT
NATIONAL WEATHER SERVICE LUBBOCK, TX
125 AM CDT SAT NOV 1 2014


...................................

...THE LUBBOCK CLIMATE SUMMARY FOR OCTOBER 31 2014...

CLIMATE NORMAL PERIOD 1981 TO 2010
CLIMATE RECORD PERIOD 1911 TO 2014


WEATHER ITEM   OBSERVED TIME   RECORD YEAR NORMAL DEPARTURE LAST
                VALUE   (LST)  VALUE       VALUE  FROM      YEAR
                                                  NORMAL
..................................................................
TEMPERATURE (F)
 YESTERDAY
  MAXIMUM         66    300 PM  88    1934  70     -4       69
  MINIMUM         38    632 AM  20    1991  43     -5       46
  AVERAGE         52                        56     -4       58

PRECIPITATION (IN)
  YESTERDAY        0.00          0.99 1998   0.05  -0.05     0.00
  MONTH TO DATE    0.38                      1.93  -1.55     1.15
  SINCE SEP 1      7.32                      4.44   2.88     1.69
  SINCE JAN 1     19.22                     17.51   1.71    11.47

SNOWFALL (IN)
  YESTERDAY        0.0           0.4  1991   0.0    0.0      0.0
  MONTH TO DATE    0.0                       T      0.0      0.0
  SINCE SEP 1      0.0                       T      0.0      0.0
  SINCE JUL 1      0.0                       T      0.0      0.0
  SNOW DEPTH       0

DEGREE DAYS
 HEATING
  YESTERDAY       13                         9      4        7
  MONTH TO DATE  102                       159    -57      159
  SINCE SEP 1    127                       182    -55      163
  SINCE JUL 1    127                       182    -55      163

 COOLING
  YESTERDAY        0                         0      0        0
  MONTH TO DATE   60                        52      8       76
  SINCE SEP 1    288                       275     13      392
  SINCE JAN 1   1917                      1801    116     2120
..................................................................


WIND (MPH)
  RESULTANT WIND SPEED   7   RESULTANT WIND DIRECTION   E (80)
  HIGHEST WIND SPEED    17   HIGHEST WIND DIRECTION     E (80)
  HIGHEST GUST SPEED    22   HIGHEST GUST DIRECTION     E (70)
  AVERAGE WIND SPEED     9.0


SKY COVER
  AVERAGE SKY COVER 0.2


WEATHER CONDITIONS
 THE FOLLOWING WEATHER WAS RECORDED YESTERDAY.
  NO SIGNIFICANT WEATHER WAS OBSERVED.


RELATIVE HUMIDITY (PERCENT)
 HIGHEST    70           300 AM
 LOWEST     28           200 PM
 AVERAGE    49

..........................................................


THE LUBBOCK CLIMATE NORMALS FOR TODAY
                         NORMAL    RECORD    YEAR
 MAXIMUM TEMPERATURE (F)   70        85      1994
                                             1973
                                             1952
 MINIMUM TEMPERATURE (F)   42        23      1951


SUNRISE AND SUNSET
NOVEMBER  1 2014......SUNRISE   806 AM CDT   SUNSET   655 PM CDT
NOVEMBER  2 2014......SUNRISE   707 AM CST   SUNSET   554 PM CST


-  INDICATES NEGATIVE NUMBERS.
R  INDICATES RECORD WAS SET OR TIED.
MM INDICATES DATA IS MISSING.
T  INDICATES TRACE AMOUNT.




$$






U.S. Dept. of Commerce
NOAA National Weather Service
1325 East West Highway
Silver Spring, MD 20910
E-mail: w-nws.webmaster@noaa.gov
Page last modified: May 16, 2007
NATIONAL WEATHER SERVICE: for Safety, for Work, for Fun - FOR LIFE