384
CDUS44 KLUB 180625
CLILBB


CLIMATE REPORT
NATIONAL WEATHER SERVICE LUBBOCK, TX
125 AM CDT THU SEP 18 2014


...................................

...THE LUBBOCK CLIMATE SUMMARY FOR SEPTEMBER 17 2014...

CLIMATE NORMAL PERIOD 1981 TO 2010
CLIMATE RECORD PERIOD 1911 TO 2014


WEATHER ITEM   OBSERVED TIME   RECORD YEAR NORMAL DEPARTURE LAST
                VALUE   (LST)  VALUE       VALUE  FROM      YEAR
                                                  NORMAL
..................................................................
TEMPERATURE (F)
 YESTERDAY
  MAXIMUM         83    118 PM  98    2005  84     -1       84
                                      1997
  MINIMUM         65    423 PM  42    1951  58      7       66
  AVERAGE         74                        71      3       75

PRECIPITATION (IN)
  YESTERDAY        1.07          2.51 1919   0.09   0.98     0.00
  MONTH TO DATE    2.88                      1.47   1.41     0.05
  SINCE SEP 1      2.88                      1.47   1.41     0.05
  SINCE JAN 1     14.78                     14.54   0.24     9.83

SNOWFALL (IN)
  YESTERDAY        0.0           0.0  2002   0.0    0.0      0.0
  MONTH TO DATE    0.0                       0.0    0.0      0.0
  SINCE SEP 1      0.0                       0.0    0.0      0.0
  SINCE JUL 1      0.0                       0.0    0.0      0.0
  SNOW DEPTH       0

DEGREE DAYS
 HEATING
  YESTERDAY        0                         1     -1        0
  MONTH TO DATE   25                         4     21        0
  SINCE SEP 1     25                         4     21        0
  SINCE JUL 1     25                         4     21        0

 COOLING
  YESTERDAY        9                         7      2       10
  MONTH TO DATE  158                       155      3      227
  SINCE SEP 1    158                       155      3      227
  SINCE JAN 1   1787                      1681    106     1955
..................................................................


WIND (MPH)
  RESULTANT WIND SPEED   3   RESULTANT WIND DIRECTION   S (190)
  HIGHEST WIND SPEED    33   HIGHEST WIND DIRECTION     N (340)
  HIGHEST GUST SPEED    46   HIGHEST GUST DIRECTION     N (340)
  AVERAGE WIND SPEED     6.9


SKY COVER
  AVERAGE SKY COVER 1.0


WEATHER CONDITIONS
 THE FOLLOWING WEATHER WAS RECORDED YESTERDAY.
  THUNDERSTORM
  HEAVY RAIN
  RAIN
  LIGHT RAIN
  FOG


RELATIVE HUMIDITY (PERCENT)
 HIGHEST   100           500 PM
 LOWEST     58           200 PM
 AVERAGE    79

..........................................................


THE LUBBOCK CLIMATE NORMALS FOR TODAY
                         NORMAL    RECORD    YEAR
 MAXIMUM TEMPERATURE (F)   84        98      1997
 MINIMUM TEMPERATURE (F)   58        43      1971


SUNRISE AND SUNSET
SEPTEMBER 18 2014.....SUNRISE   733 AM CDT   SUNSET   749 PM CDT
SEPTEMBER 19 2014.....SUNRISE   733 AM CDT   SUNSET   748 PM CDT


-  INDICATES NEGATIVE NUMBERS.
R  INDICATES RECORD WAS SET OR TIED.
MM INDICATES DATA IS MISSING.
T  INDICATES TRACE AMOUNT.




$$





U.S. Dept. of Commerce
NOAA National Weather Service
1325 East West Highway
Silver Spring, MD 20910
E-mail: w-nws.webmaster@noaa.gov
Page last modified: May 16, 2007
NATIONAL WEATHER SERVICE: for Safety, for Work, for Fun - FOR LIFE