401
CDUS44 KLUB 230629
CLILBB


CLIMATE REPORT
NATIONAL WEATHER SERVICE LUBBOCK, TX
128 AM CDT WED APR 23 2014


...................................

...THE LUBBOCK CLIMATE SUMMARY FOR APRIL 22 2014...

CLIMATE NORMAL PERIOD 1981 TO 2010
CLIMATE RECORD PERIOD 1911 TO 2014


WEATHER ITEM   OBSERVED TIME   RECORD YEAR NORMAL DEPARTURE LAST
                VALUE   (LST)  VALUE       VALUE  FROM      YEAR
                                                  NORMAL
..................................................................
TEMPERATURE (F)
 YESTERDAY
  MAXIMUM         85    319 PM 100    1989  77      8       92
  MINIMUM         52    708 AM  29    1927  48      4       47
  AVERAGE         69                        63      6       70

PRECIPITATION (IN)
  YESTERDAY        0.00          0.65 1994   0.06  -0.06     0.00
  MONTH TO DATE    0.57                      0.96  -0.39     0.04
  SINCE MAR 1      0.74                      2.06  -1.32     0.04
  SINCE JAN 1      0.90                      3.46  -2.56     2.27

SNOWFALL (IN)
  YESTERDAY        0.0                       0.0    0.0      0.0
  MONTH TO DATE    T                         0.2   -0.2      0.4
  SINCE MAR 1      T                         0.8   -0.8      0.4
  SINCE JUL 1      4.2                       8.2   -4.0      4.1
  SNOW DEPTH       0

DEGREE DAYS
 HEATING
  YESTERDAY        0                         4     -4        0
  MONTH TO DATE  142                       153    -11      178
  SINCE MAR 1    582                       568     14      534
  SINCE JUL 1   3434                      3307    127     3064

 COOLING
  YESTERDAY        4                         2      2        5
  MONTH TO DATE   26                        29     -3       28
  SINCE MAR 1     29                        36     -7       30
  SINCE JAN 1     29                        36     -7       30
..................................................................


WIND (MPH)
  HIGHEST WIND SPEED    23   HIGHEST WIND DIRECTION     S (170)
  HIGHEST GUST SPEED    29   HIGHEST GUST DIRECTION     S (160)
  AVERAGE WIND SPEED    11.1


SKY COVER
  POSSIBLE SUNSHINE  MM
  AVERAGE SKY COVER 0.2


WEATHER CONDITIONS
 THE FOLLOWING WEATHER WAS RECORDED YESTERDAY.
  NO SIGNIFICANT WEATHER WAS OBSERVED.


RELATIVE HUMIDITY (PERCENT)
 HIGHEST    89           700 AM
 LOWEST     17           500 PM
 AVERAGE    53

..........................................................


THE LUBBOCK CLIMATE NORMALS FOR TODAY
                         NORMAL    RECORD    YEAR
 MAXIMUM TEMPERATURE (F)   78        97      1989
 MINIMUM TEMPERATURE (F)   48        30      1928


SUNRISE AND SUNSET
APRIL 23 2014.........SUNRISE   707 AM CDT   SUNSET   824 PM CDT
APRIL 24 2014.........SUNRISE   706 AM CDT   SUNSET   825 PM CDT


-  INDICATES NEGATIVE NUMBERS.
R  INDICATES RECORD WAS SET OR TIED.
MM INDICATES DATA IS MISSING.
T  INDICATES TRACE AMOUNT.




$$





U.S. Dept. of Commerce
NOAA National Weather Service
1325 East West Highway
Silver Spring, MD 20910
E-mail: w-nws.webmaster@noaa.gov
Page last modified: May 16, 2007
NATIONAL WEATHER SERVICE: for Safety, for Work, for Fun - FOR LIFE