866
CDUS44 KLUB 280625
CLILBB


CLIMATE REPORT
NATIONAL WEATHER SERVICE LUBBOCK, TX
1225 AM CST FRI NOV 28 2014


...................................

...THE LUBBOCK CLIMATE SUMMARY FOR NOVEMBER 27 2014...

CLIMATE NORMAL PERIOD 1981 TO 2010
CLIMATE RECORD PERIOD 1911 TO 2014


WEATHER ITEM   OBSERVED TIME   RECORD YEAR NORMAL DEPARTURE LAST
                VALUE   (LST)  VALUE       VALUE  FROM      YEAR
                                                  NORMAL
..................................................................
TEMPERATURE (F)
 YESTERDAY
  MAXIMUM         59    412 PM  81    1949  59      0       52
  MINIMUM         28    730 AM  12    1976  31     -3       23
                                      1938
  AVERAGE         44                        45     -1       38

PRECIPITATION (IN)
  YESTERDAY        0.00          0.25 1923   0.02  -0.02     0.00
  MONTH TO DATE    2.95                      0.77   2.18     0.54
  SINCE SEP 1     10.27                      5.21   5.06     2.23
  SINCE JAN 1     22.17                     18.28   3.89    12.01

SNOWFALL (IN)
  YESTERDAY        0.0           1.2  1976   0.1   -0.1      0.0
  MONTH TO DATE    0.5                       0.8   -0.3      2.2
  SINCE SEP 1      0.5                       0.8   -0.3      2.2
  SINCE JUL 1      0.5                       0.8   -0.3      2.2
  SNOW DEPTH       0

DEGREE DAYS
 HEATING
  YESTERDAY       21                        20      1       27
  MONTH TO DATE  526                       398    128      436
  SINCE SEP 1    653                       580     73      599
  SINCE JUL 1    653                       580     73      599

 COOLING
  YESTERDAY        0                         0      0        0
  MONTH TO DATE    0                         0      0        3
  SINCE SEP 1    288                       275     13      395
  SINCE JAN 1   1917                      1801    116     2123
..................................................................


WIND (MPH)
  RESULTANT WIND SPEED   8   RESULTANT WIND DIRECTION   S (170)
  HIGHEST WIND SPEED    20   HIGHEST WIND DIRECTION     S (190)
  HIGHEST GUST SPEED    24   HIGHEST GUST DIRECTION     S (170)
  AVERAGE WIND SPEED    10.4


SKY COVER
  AVERAGE SKY COVER 0.1


WEATHER CONDITIONS
 THE FOLLOWING WEATHER WAS RECORDED YESTERDAY.
  NO SIGNIFICANT WEATHER WAS OBSERVED.


RELATIVE HUMIDITY (PERCENT)
 HIGHEST    72           400 AM
 LOWEST     33           400 PM
 AVERAGE    53

..........................................................


THE LUBBOCK CLIMATE NORMALS FOR TODAY
                         NORMAL    RECORD    YEAR
 MAXIMUM TEMPERATURE (F)   58        83      1949
 MINIMUM TEMPERATURE (F)   31         5      1976


SUNRISE AND SUNSET
NOVEMBER 28 2014......SUNRISE   731 AM CST   SUNSET   539 PM CST
NOVEMBER 29 2014......SUNRISE   732 AM CST   SUNSET   539 PM CST


-  INDICATES NEGATIVE NUMBERS.
R  INDICATES RECORD WAS SET OR TIED.
MM INDICATES DATA IS MISSING.
T  INDICATES TRACE AMOUNT.




$$





U.S. Dept. of Commerce
NOAA National Weather Service
1325 East West Highway
Silver Spring, MD 20910
E-mail: w-nws.webmaster@noaa.gov
Page last modified: May 16, 2007
NATIONAL WEATHER SERVICE: for Safety, for Work, for Fun - FOR LIFE