016
CDUS46 KLOX 260902
CLILAX


CLIMATE REPORT
NATIONAL WEATHER SERVICE LOS ANGELES/OXNARD CA
102 AM PST WED NOV 26 2014


...................................

...THE LOS ANGELES INTL AIRPORT CA CLIMATE SUMMARY FOR NOVEMBER 25 2014...

CLIMATE NORMAL PERIOD 1981 TO 2010
CLIMATE RECORD PERIOD 1944 TO 2014


WEATHER ITEM   OBSERVED TIME   RECORD YEAR NORMAL DEPARTURE LAST
                VALUE   (LST)  VALUE       VALUE  FROM      YEAR
                                                  NORMAL
..................................................................
TEMPERATURE (F)
 YESTERDAY
  MAXIMUM         78    101 PM  91    1977  67     11       69
  MINIMUM         55    529 AM  42    2010  51      4       50
                                      1946
  AVERAGE         67                        59      8       60

PRECIPITATION (IN)
  YESTERDAY        0.00          0.96 1961   0.04  -0.04     0.00
  MONTH TO DATE    0.20                      0.88  -0.68     0.38
  SINCE JUL 1      0.63                      1.73  -1.10     0.43
  SINCE JAN 1      4.04                     10.54  -6.50     3.04

SNOWFALL (IN)
  YESTERDAY        0.0
  MONTH TO DATE    0.0
  SINCE SEP 1      0.0
  SINCE JUL 1      0.0

DEGREE DAYS
 HEATING
  YESTERDAY        0                         6     -6        5
  MONTH TO DATE   37                       105    -68       48
  SINCE SEP 1     37                       145   -108       87
  SINCE JUL 1     37                       149   -112       88

 COOLING
  YESTERDAY        2                         0      2        0
  MONTH TO DATE   36                        18     18       39
  SINCE SEP 1    446                       203    243      271
  SINCE JAN 1   1164                       549    615      701
..................................................................


WIND (MPH)
  HIGHEST WIND SPEED    12   HIGHEST WIND DIRECTION     W (270)
  HIGHEST GUST SPEED    14   HIGHEST GUST DIRECTION     W (280)
  AVERAGE WIND SPEED     4.9


SKY COVER
  POSSIBLE SUNSHINE  MM
  AVERAGE SKY COVER 0.0


WEATHER CONDITIONS
 THE FOLLOWING WEATHER WAS RECORDED YESTERDAY.
  NO SIGNIFICANT WEATHER WAS OBSERVED.


RELATIVE HUMIDITY (PERCENT)
 HIGHEST    63           800 PM
 LOWEST      7          1200 PM
 AVERAGE    35

..........................................................


THE LOS ANGELES INTL AIRPORT CA CLIMATE NORMALS FOR TODAY
                         NORMAL    RECORD    YEAR
 MAXIMUM TEMPERATURE (F)   67        87      1956
 MINIMUM TEMPERATURE (F)   51        42      1984


SUNRISE AND SUNSET
NOVEMBER 26 2014......SUNRISE   636 AM PST   SUNSET   445 PM PST
NOVEMBER 27 2014......SUNRISE   637 AM PST   SUNSET   445 PM PST


-  INDICATES NEGATIVE NUMBERS.
R  INDICATES RECORD WAS SET OR TIED.
MM INDICATES DATA IS MISSING.
T  INDICATES TRACE AMOUNT.




$$





U.S. Dept. of Commerce
NOAA National Weather Service
1325 East West Highway
Silver Spring, MD 20910
E-mail: w-nws.webmaster@noaa.gov
Page last modified: May 16, 2007
NATIONAL WEATHER SERVICE: for Safety, for Work, for Fun - FOR LIFE