981
CDUS46 KLOX 300858
CLILAX


CLIMATE REPORT
NATIONAL WEATHER SERVICE LOS ANGELES/OXNARD CA
1258 AM PST FRI JAN 30 2015


...................................

...THE LOS ANGELES INTL AIRPORT CA CLIMATE SUMMARY FOR JANUARY 29 2015...

CLIMATE NORMAL PERIOD 1981 TO 2010
CLIMATE RECORD PERIOD 1944 TO 2015


WEATHER ITEM   OBSERVED TIME   RECORD YEAR NORMAL DEPARTURE LAST
                VALUE   (LST)  VALUE       VALUE  FROM      YEAR
                                                  NORMAL
..................................................................
TEMPERATURE (F)
 YESTERDAY
  MAXIMUM         73    158 PM  83    1962  65      8       62
  MINIMUM         59    705 AM  34    1979  49     10       52
  AVERAGE         66                        57      9       57

PRECIPITATION (IN)
  YESTERDAY        T             0.99 1951   0.09  -0.09     0.00
  MONTH TO DATE    1.21                      2.52  -1.31      T
  SINCE OCT 1      5.91                      6.24  -0.33     1.01
  SINCE JAN 1      1.21                      2.52  -1.31      T

SNOWFALL (IN)
  YESTERDAY        0.0
  MONTH TO DATE    0.0
  SINCE DEC 1      0.0
  SINCE JUL 1      0.0

DEGREE DAYS
 HEATING
  YESTERDAY        0                         8     -8        8
  MONTH TO DATE  154                       243    -89      111
  SINCE DEC 1    361                       503   -142      304
  SINCE JUL 1    403                       685   -282      404

 COOLING
  YESTERDAY        1                         0      1        0
  MONTH TO DATE    7                         0      7       16
  SINCE DEC 1      9                         1      8       32
  SINCE JAN 1      7                         0      7       16
..................................................................


WIND (MPH)
  HIGHEST WIND SPEED    10   HIGHEST WIND DIRECTION     W (270)
  HIGHEST GUST SPEED    15   HIGHEST GUST DIRECTION     N (350)
  AVERAGE WIND SPEED     3.9


SKY COVER
  POSSIBLE SUNSHINE  MM
  AVERAGE SKY COVER 0.8


WEATHER CONDITIONS
 THE FOLLOWING WEATHER WAS RECORDED YESTERDAY.
  LIGHT RAIN


RELATIVE HUMIDITY (PERCENT)
 HIGHEST    67           500 PM
 LOWEST     33           200 PM
 AVERAGE    50

..........................................................


THE LOS ANGELES INTL AIRPORT CA CLIMATE NORMALS FOR TODAY
                         NORMAL    RECORD    YEAR
 MAXIMUM TEMPERATURE (F)   65        83      1992
 MINIMUM TEMPERATURE (F)   49        36      1945


SUNRISE AND SUNSET
JANUARY 30 2015.......SUNRISE   652 AM PST   SUNSET   522 PM PST
JANUARY 31 2015.......SUNRISE   651 AM PST   SUNSET   523 PM PST


-  INDICATES NEGATIVE NUMBERS.
R  INDICATES RECORD WAS SET OR TIED.
MM INDICATES DATA IS MISSING.
T  INDICATES TRACE AMOUNT.




$$





U.S. Dept. of Commerce
NOAA National Weather Service
1325 East West Highway
Silver Spring, MD 20910
E-mail: w-nws.webmaster@noaa.gov
Page last modified: May 16, 2007
NATIONAL WEATHER SERVICE: for Safety, for Work, for Fun - FOR LIFE