822
CDUS46 KLOX 190207
CLILAX


CLIMATE REPORT
NATIONAL WEATHER SERVICE LOS ANGELES/OXNARD CA
606 PM PST THU DEC 18 2014


...................................

...THE LOS ANGELES AIRPORT CLIMATE SUMMARY FOR DECEMBER 18 2014...
VALID TODAY AS OF 500 PM LOCAL TIME.

CLIMATE NORMAL PERIOD 1981 TO 2010
CLIMATE RECORD PERIOD 1944 TO 2014


WEATHER ITEM   OBSERVED TIME   RECORD YEAR NORMAL DEPARTURE LAST
                VALUE   (LST)  VALUE       VALUE  FROM      YEAR
                                                  NORMAL
..................................................................
TEMPERATURE (F)
 TODAY
  MAXIMUM         61    309 PM  82    1985  64     -3       69
  MINIMUM         49    559 AM  40    1975  48      1       57
  AVERAGE         55                        56     -1       63

PRECIPITATION (IN)
  TODAY            T             2.23 1970   0.07  -0.07     0.00
  MONTH TO DATE    3.73                      1.03   2.70     0.26
  SINCE JUL 1      4.58                      2.99   1.59     1.00
  SINCE JAN 1      7.99                     11.80  -3.81     3.61

SNOWFALL (IN)
  TODAY           MM
  MONTH TO DATE    0.0
  SINCE DEC 1      0.0
  SINCE JUL 1      0.0

DEGREE DAYS
 HEATING
  TODAY           10                         9      1        2
  MONTH TO DATE   87                       147    -60      131
  SINCE DEC 1     87                       147    -60      131
  SINCE JUL 1    129                       329   -200      231

 COOLING
  TODAY            0                         0      0        0
  MONTH TO DATE    1                         0      1       12
  SINCE DEC 1      1                         0      1       12
  SINCE JAN 1   1175                       550    625      714
..................................................................


WIND (MPH)
  HIGHEST WIND SPEED     9   HIGHEST WIND DIRECTION     E (70)
  HIGHEST GUST SPEED    12   HIGHEST GUST DIRECTION    SW (210)
  AVERAGE WIND SPEED     3.5


SKY COVER
  POSSIBLE SUNSHINE  MM
  AVERAGE SKY COVER 0.7


WEATHER CONDITIONS
 THE FOLLOWING WEATHER WAS RECORDED TODAY.
  LIGHT RAIN


RELATIVE HUMIDITY (PERCENT)
 HIGHEST    80           500 AM
 LOWEST     64           200 PM
 AVERAGE    72

..........................................................


THE LOS ANGELES AIRPORT CLIMATE NORMALS FOR TOMORROW
                         NORMAL    RECORD    YEAR
 MAXIMUM TEMPERATURE (F)   64        83      1985
 MINIMUM TEMPERATURE (F)   48        35      1946


SUNRISE AND SUNSET
DECEMBER 18 2014......SUNRISE   653 AM PST   SUNSET   447 PM PST
DECEMBER 19 2014......SUNRISE   654 AM PST   SUNSET   448 PM PST


-  INDICATES NEGATIVE NUMBERS.
R  INDICATES RECORD WAS SET OR TIED.
MM INDICATES DATA IS MISSING.
T  INDICATES TRACE AMOUNT.




$$






U.S. Dept. of Commerce
NOAA National Weather Service
1325 East West Highway
Silver Spring, MD 20910
E-mail: w-nws.webmaster@noaa.gov
Page last modified: May 16, 2007
NATIONAL WEATHER SERVICE: for Safety, for Work, for Fun - FOR LIFE