544
CDUS46 KLOX 300915
CLILAX


CLIMATE REPORT
NATIONAL WEATHER SERVICE LOS ANGELES/OXNARD CA
215 AM PDT THU OCT 30 2014


...................................

...THE LOS ANGELES INTL AIRPORT CA CLIMATE SUMMARY FOR OCTOBER 29 2014...

CLIMATE NORMAL PERIOD 1981 TO 2010
CLIMATE RECORD PERIOD 1944 TO 2014


WEATHER ITEM   OBSERVED TIME   RECORD YEAR NORMAL DEPARTURE LAST
                VALUE   (LST)  VALUE       VALUE  FROM      YEAR
                                                  NORMAL
..................................................................
TEMPERATURE (F)
 YESTERDAY
  MAXIMUM         76   1200 PM  90    1958  72      4       65
  MINIMUM         63    100 AM  45    1971  57      6       54
  AVERAGE         70                        64      6       60

PRECIPITATION (IN)
  YESTERDAY        0.00          0.59 2000   0.03  -0.03     0.00
  MONTH TO DATE    0.00                      0.50  -0.50     0.02
  SINCE JUL 1      0.19                      0.79  -0.60     0.05
  SINCE JAN 1      3.60                      9.60  -6.00     2.66

SNOWFALL (IN)
  YESTERDAY        0.0
  MONTH TO DATE    0.0
  SINCE SEP 1      0.0
  SINCE JUL 1      0.0

DEGREE DAYS
 HEATING
  YESTERDAY        0                         2     -2        5
  MONTH TO DATE    0                        32    -32       34
  SINCE SEP 1      0                        37    -37       34
  SINCE JUL 1      0                        41    -41       35

 COOLING
  YESTERDAY        5                         1      4        0
  MONTH TO DATE  163                        64     99       71
  SINCE SEP 1    410                       186    224      232
  SINCE JAN 1   1128                       532    596      662
..................................................................


WIND (MPH)
  HIGHEST WIND SPEED     6   HIGHEST WIND DIRECTION    SW (240)
  HIGHEST GUST SPEED    MM   HIGHEST GUST DIRECTION    MM
  AVERAGE WIND SPEED     2.3


SKY COVER
  POSSIBLE SUNSHINE  MM
  AVERAGE SKY COVER 0.1


WEATHER CONDITIONS
 THE FOLLOWING WEATHER WAS RECORDED YESTERDAY.
  NO SIGNIFICANT WEATHER WAS OBSERVED.


RELATIVE HUMIDITY (PERCENT)
 HIGHEST    93           200 AM
 LOWEST     51          1000 AM
 AVERAGE    72

..........................................................


THE LOS ANGELES INTL AIRPORT CA CLIMATE NORMALS FOR TODAY
                         NORMAL    RECORD    YEAR
 MAXIMUM TEMPERATURE (F)   72        92      1962
 MINIMUM TEMPERATURE (F)   57        43      1971


SUNRISE AND SUNSET
OCTOBER 30 2014.......SUNRISE   711 AM PDT   SUNSET   603 PM PDT
OCTOBER 31 2014.......SUNRISE   712 AM PDT   SUNSET   602 PM PDT


-  INDICATES NEGATIVE NUMBERS.
R  INDICATES RECORD WAS SET OR TIED.
MM INDICATES DATA IS MISSING.
T  INDICATES TRACE AMOUNT.




$$





U.S. Dept. of Commerce
NOAA National Weather Service
1325 East West Highway
Silver Spring, MD 20910
E-mail: w-nws.webmaster@noaa.gov
Page last modified: May 16, 2007
NATIONAL WEATHER SERVICE: for Safety, for Work, for Fun - FOR LIFE