453
CDUS45 KVEF 250826
CLILAS


CLIMATE REPORT
NATIONAL WEATHER SERVICE LAS VEGAS, NV
126 AM PDT SAT OCT 25 2014


...................................

...THE LAS VEGAS NV CLIMATE SUMMARY FOR OCTOBER 24 2014...

CLIMATE NORMAL PERIOD 1981 TO 2010
CLIMATE RECORD PERIOD 1937 TO 2014


WEATHER ITEM   OBSERVED TIME   RECORD YEAR NORMAL DEPARTURE LAST
                VALUE   (LST)  VALUE       VALUE  FROM      YEAR
                                                  NORMAL
..................................................................
TEMPERATURE (F)
 YESTERDAY
  MAXIMUM         87    408 PM  92    1959  77     10       83
  MINIMUM         62    611 AM  36    1953  55      7       58
  AVERAGE         75                        66      9       71

PRECIPITATION (IN)
  YESTERDAY        0.00          1.05 1992   0.01  -0.01     0.00
  MONTH TO DATE    T                         0.19  -0.19      T
  SINCE OCT 1      T                         0.19  -0.19      T
  SINCE JAN 1      1.51                      3.25  -1.74     1.54

SNOWFALL (IN)
  YESTERDAY        0.0           0.0    MM   0.0    0.0      0.0
  MONTH TO DATE    0.0                       0.0    0.0      0.0
  SINCE SEP 1      0.0                       0.0    0.0      0.0
  SINCE JUL 1      0.0                       0.0    0.0      0.0
  SNOW DEPTH       0

DEGREE DAYS
 HEATING
  YESTERDAY        0                         2     -2        0
  MONTH TO DATE    0                        17    -17       19
  SINCE SEP 1      0                        18    -18       19
  SINCE JUL 1      0                        18    -18       19

 COOLING
  YESTERDAY       10                         3      7        6
  MONTH TO DATE  267                       161    106       83
  SINCE SEP 1    887                       689    198      569
  SINCE JAN 1   3912                      3538    374     3741
..................................................................


WIND (MPH)
  RESULTANT WIND SPEED   4   RESULTANT WIND DIRECTION   S (200)
  HIGHEST WIND SPEED    12   HIGHEST WIND DIRECTION    SW (220)
  HIGHEST GUST SPEED    14   HIGHEST GUST DIRECTION    SW (210)
  AVERAGE WIND SPEED     5.5


SKY COVER
  POSSIBLE SUNSHINE  MM
  AVERAGE SKY COVER 0.0


WEATHER CONDITIONS
 THE FOLLOWING WEATHER WAS RECORDED YESTERDAY.
  NO SIGNIFICANT WEATHER WAS OBSERVED.


RELATIVE HUMIDITY (PERCENT)
 HIGHEST    36           300 AM
 LOWEST     18           300 PM
 AVERAGE    27

..........................................................


THE LAS VEGAS NV CLIMATE NORMALS FOR TODAY
                         NORMAL    RECORD    YEAR
 MAXIMUM TEMPERATURE (F)   77        92      1937
 MINIMUM TEMPERATURE (F)   55        32      1945


SUNRISE AND SUNSET
OCTOBER 25 2014.......SUNRISE   657 AM PDT   SUNSET   552 PM PDT
OCTOBER 26 2014.......SUNRISE   658 AM PDT   SUNSET   551 PM PDT


-  INDICATES NEGATIVE NUMBERS.
R  INDICATES RECORD WAS SET OR TIED.
MM INDICATES DATA IS MISSING.
T  INDICATES TRACE AMOUNT.




$$





U.S. Dept. of Commerce
NOAA National Weather Service
1325 East West Highway
Silver Spring, MD 20910
E-mail: w-nws.webmaster@noaa.gov
Page last modified: May 16, 2007
NATIONAL WEATHER SERVICE: for Safety, for Work, for Fun - FOR LIFE