360
CDUS45 KCYS 280732
CLILAR


CLIMATE REPORT
NATIONAL WEATHER SERVICE CHEYENNE WY
1232 AM MST FRI NOV 28 2014


...................................

...THE LARAMIE WY AIRPORT CLIMATE SUMMARY FOR NOVEMBER 27 2014...

CLIMATE NORMAL PERIOD 1981 TO 2010
CLIMATE RECORD PERIOD 1948 TO 2014


WEATHER ITEM   OBSERVED TIME   RECORD YEAR NORMAL DEPARTURE LAST
                VALUE   (LST)  VALUE       VALUE  FROM      YEAR
                                                  NORMAL
..................................................................
TEMPERATURE (F)
 YESTERDAY
  MAXIMUM         50    217 PM  66    1950  35     15       51
  MINIMUM         32    219 AM -21    1976  13     19       18
  AVERAGE         41                        24     17       35

PRECIPITATION (IN)
  YESTERDAY        0.00          0.25 1960   0.02  -0.02     0.00
  MONTH TO DATE    0.42                      0.50  -0.08     0.46
  SINCE JAN 1     13.58                     10.56   3.02    11.92

DEGREE DAYS
 HEATING
  YESTERDAY       24                        41    -17       30
  MONTH TO DATE 1031                       945     86      894
  SINCE SEP 1   1875                      2016   -141     1964
  SINCE JUL 1   2054                      2188   -134     2035

 COOLING
  YESTERDAY        0                         0      0        0
  MONTH TO DATE    0                         0      0        0
  SINCE SEP 1      0                         1     -1       24
  SINCE JAN 1     67                        67      0      162
..................................................................


WIND (MPH)
  HIGHEST WIND SPEED    35   HIGHEST WIND DIRECTION     W (280)
  HIGHEST GUST SPEED    43   HIGHEST GUST DIRECTION     W (280)
  AVERAGE WIND SPEED    18.5


SKY COVER
  AVERAGE SKY COVER 0.1


WEATHER CONDITIONS
 THE FOLLOWING WEATHER WAS RECORDED YESTERDAY.
  NO SIGNIFICANT WEATHER WAS OBSERVED.


RELATIVE HUMIDITY (PERCENT)
 HIGHEST    64          1200 AM
 LOWEST     29          1000 AM
 AVERAGE    47

..........................................................


THE LARAMIE WY AIRPORT CLIMATE NORMALS FOR TODAY
                         NORMAL    RECORD    YEAR
 MAXIMUM TEMPERATURE (F)   35        59      1998
 MINIMUM TEMPERATURE (F)   13       -18      1987


SUNRISE AND SUNSET
NOVEMBER 28 2014......SUNRISE   706 AM MST   SUNSET   435 PM MST
NOVEMBER 29 2014......SUNRISE   707 AM MST   SUNSET   435 PM MST


-  INDICATES NEGATIVE NUMBERS.
R  INDICATES RECORD WAS SET OR TIED.
MM INDICATES DATA IS MISSING.
T  INDICATES TRACE AMOUNT.




$$





U.S. Dept. of Commerce
NOAA National Weather Service
1325 East West Highway
Silver Spring, MD 20910
E-mail: w-nws.webmaster@noaa.gov
Page last modified: May 16, 2007
NATIONAL WEATHER SERVICE: for Safety, for Work, for Fun - FOR LIFE