678
CDUS45 KCYS 160332
CLILAR


CLIMATE REPORT
NATIONAL WEATHER SERVICE CHEYENNE WY
932 PM MDT MON SEP 15 2014


...................................

...THE LARAMIE WY AIRPORT CLIMATE SUMMARY FOR SEPTEMBER 15 2014...
VALID TODAY AS OF 0900 PM LOCAL TIME.

CLIMATE NORMAL PERIOD 1981 TO 2010
CLIMATE RECORD PERIOD 1948 TO 2014


WEATHER ITEM   OBSERVED TIME   RECORD YEAR NORMAL DEPARTURE LAST
                VALUE   (LST)  VALUE       VALUE  FROM      YEAR
                                                  NORMAL
..................................................................
TEMPERATURE (F)
 TODAY
  MAXIMUM         75    144 PM  85    2000  69      6       56
  MINIMUM         34    539 AM  27    1999  38     -4       47
                                      1991
                                      1979
  AVERAGE         55                        54      1       52

PRECIPITATION (IN)
  TODAY            0.00          0.49 2009   0.04  -0.04     0.06
  MONTH TO DATE    0.61                      0.57   0.04     2.73
  SINCE JAN 1     11.40                      8.72   2.68     9.06

DEGREE DAYS
 HEATING
  TODAY           10                        11     -1       13
  MONTH TO DATE  163                       131     32       61
  SINCE SEP 1    163                       131     32       61
  SINCE JUL 1    342                       303     39      132

 COOLING
  TODAY            0                         0      0        0
  MONTH TO DATE    0                         0      0       24
  SINCE SEP 1      0                         0      0       24
  SINCE JAN 1     67                        66      1      162
..................................................................


WIND (MPH)
  HIGHEST WIND SPEED    17   HIGHEST WIND DIRECTION     S (160)
  HIGHEST GUST SPEED    22   HIGHEST GUST DIRECTION     S (160)
  AVERAGE WIND SPEED     7.0


SKY COVER
  AVERAGE SKY COVER 0.3


WEATHER CONDITIONS
 THE FOLLOWING WEATHER WAS RECORDED TODAY.
  FOG
  FOG W/VISIBILITY <= 1/4 MILE


RELATIVE HUMIDITY (PERCENT)
 HIGHEST   100           600 AM
 LOWEST     17           200 PM
 AVERAGE    59

..........................................................


THE LARAMIE WY AIRPORT CLIMATE NORMALS FOR TOMORROW
                         NORMAL    RECORD    YEAR
 MAXIMUM TEMPERATURE (F)   69        84      2000
 MINIMUM TEMPERATURE (F)   38        17      1965


SUNRISE AND SUNSET
SEPTEMBER 15 2014.....SUNRISE   643 AM MDT   SUNSET   712 PM MDT
SEPTEMBER 16 2014.....SUNRISE   644 AM MDT   SUNSET   710 PM MDT


-  INDICATES NEGATIVE NUMBERS.
R  INDICATES RECORD WAS SET OR TIED.
MM INDICATES DATA IS MISSING.
T  INDICATES TRACE AMOUNT.




$$





U.S. Dept. of Commerce
NOAA National Weather Service
1325 East West Highway
Silver Spring, MD 20910
E-mail: w-nws.webmaster@noaa.gov
Page last modified: May 16, 2007
NATIONAL WEATHER SERVICE: for Safety, for Work, for Fun - FOR LIFE