123
CDUS43 KGRR 230513
CLILAN


CLIMATE REPORT
NATIONAL WEATHER SERVICE GRAND RAPIDS, MI
112 AM EDT WED APR 23 2014


...................................

...THE LANSING MI CLIMATE SUMMARY FOR APRIL 22 2014...

CLIMATE NORMAL PERIOD 1981 TO 2010
CLIMATE RECORD PERIOD 1864 TO 2014


WEATHER ITEM   OBSERVED TIME   RECORD YEAR NORMAL DEPARTURE LAST
                VALUE   (LST)  VALUE       VALUE  FROM      YEAR
                                                  NORMAL
..................................................................
TEMPERATURE (F)
 YESTERDAY
  MAXIMUM         57    316 AM  86    1980  61     -4       62
  MINIMUM         35   1159 PM  21    1875  39     -4       33
  AVERAGE         46                        50     -4       48

PRECIPITATION (IN)
  YESTERDAY        T             1.47 1999   0.09  -0.09     0.00
  MONTH TO DATE    0.98                      2.24  -1.26     6.76
  SINCE MAR 1      2.67                      4.30  -1.63     7.72
  SINCE JAN 1      6.59                      7.42  -0.83    12.94

SNOWFALL (IN)
  YESTERDAY        0.0           5.0  1867   0.0    0.0      0.0
  MONTH TO DATE    0.7                       1.7   -1.0      0.5
  SINCE MAR 1     11.1                       8.7    2.4      5.7
  SINCE JUL 1     69.1                      50.9   18.2     30.2
  SNOW DEPTH       0

DEGREE DAYS
 HEATING
  YESTERDAY       19                        15      4       17
  MONTH TO DATE  411                       423    -12      516
  SINCE MAR 1   1621                      1352    269     1564
  SINCE JUL 1   7162                      6287    875     6242

 COOLING
  YESTERDAY        0                         0      0        0
  MONTH TO DATE    2                         0      2        0
  SINCE MAR 1      2                         1      1        0
  SINCE JAN 1      2                         1      1        0
..................................................................


WIND (MPH)
  RESULTANT WIND SPEED  14   RESULTANT WIND DIRECTION  NW (320)
  HIGHEST WIND SPEED    26   HIGHEST WIND DIRECTION    NW (310)
  HIGHEST GUST SPEED    35   HIGHEST GUST DIRECTION    NW (310)
  AVERAGE WIND SPEED    14.2


SKY COVER
  AVERAGE SKY COVER 0.8


WEATHER CONDITIONS
 THE FOLLOWING WEATHER WAS RECORDED YESTERDAY.
  LIGHT RAIN
  FOG


RELATIVE HUMIDITY (PERCENT)
 HIGHEST    93          1200 AM
 LOWEST     49           500 PM
 AVERAGE    71

..........................................................


THE LANSING MI CLIMATE NORMALS FOR TODAY
                         NORMAL    RECORD    YEAR
 MAXIMUM TEMPERATURE (F)   61        86      1960
                                             1925
 MINIMUM TEMPERATURE (F)   40        21      1868


SUNRISE AND SUNSET
APRIL 23 2014.........SUNRISE   644 AM EDT   SUNSET   830 PM EDT
APRIL 24 2014.........SUNRISE   643 AM EDT   SUNSET   831 PM EDT


-  INDICATES NEGATIVE NUMBERS.
R  INDICATES RECORD WAS SET OR TIED.
MM INDICATES DATA IS MISSING.
T  INDICATES TRACE AMOUNT.




$$






U.S. Dept. of Commerce
NOAA National Weather Service
1325 East West Highway
Silver Spring, MD 20910
E-mail: w-nws.webmaster@noaa.gov
Page last modified: May 16, 2007
NATIONAL WEATHER SERVICE: for Safety, for Work, for Fun - FOR LIFE