265
CDUS43 KIND 290531
CLILAF


CLIMATE REPORT
NATIONAL WEATHER SERVICE INDIANAPOLIS IN
130 AM EDT TUE JUL 29 2014


...................................

...THE LAFAYETTE IN CLIMATE SUMMARY FOR JULY 28 2014...

CLIMATE NORMAL PERIOD 1981 TO 2010
CLIMATE RECORD PERIOD 9999 TO 9999


WEATHER ITEM   OBSERVED TIME   NORMAL DEPARTURE LAST
                VALUE   (LST)  VALUE  FROM      YEAR
                                      NORMAL
......................................................
TEMPERATURE (F)
 YESTERDAY
  MAXIMUM         70    408 PM  84    -14       72
  MINIMUM         50   1159 PM  64    -14       48
  AVERAGE         60            74    -14       60

PRECIPITATION (IN)
  YESTERDAY        0.00          0.11  -0.11     0.00
  MONTH TO DATE    3.24          3.65  -0.41     2.43
  SINCE JUN 1      7.71          7.75  -0.04     6.70
  SINCE JAN 1     20.54         21.77  -1.23    25.32

DEGREE DAYS
 HEATING
  YESTERDAY        5             0      5        5
  MONTH TO DATE   17             0     17        7
  SINCE JUN 1     23            22      1       25
  SINCE JUL 1     17             0     17        7

 COOLING
  YESTERDAY        0             9     -9        0
  MONTH TO DATE  120           272   -152      219
  SINCE JUN 1    345           489   -144      397
  SINCE JAN 1    442           566   -124      498
......................................................


WIND (MPH)
  HIGHEST WIND SPEED    23   HIGHEST WIND DIRECTION     N (340)
  HIGHEST GUST SPEED    31   HIGHEST GUST DIRECTION     N (360)
  AVERAGE WIND SPEED    11.0


SKY COVER
  AVERAGE SKY COVER 0.4


WEATHER CONDITIONS
 THE FOLLOWING WEATHER WAS RECORDED YESTERDAY.
  NO SIGNIFICANT WEATHER WAS OBSERVED.


RELATIVE HUMIDITY (PERCENT)
 HIGHEST    86           600 AM
 LOWEST     45           500 PM
 AVERAGE    66

..........................................................


THE LAFAYETTE IN CLIMATE NORMALS FOR TODAY
                         NORMAL
 MAXIMUM TEMPERATURE (F)   84
 MINIMUM TEMPERATURE (F)   64


SUNRISE AND SUNSET
JULY 29 2014..........SUNRISE   642 AM EDT   SUNSET   906 PM EDT
JULY 30 2014..........SUNRISE   643 AM EDT   SUNSET   904 PM EDT


-  INDICATES NEGATIVE NUMBERS.
R  INDICATES RECORD WAS SET OR TIED.
MM INDICATES DATA IS MISSING.
T  INDICATES TRACE AMOUNT.




$$





U.S. Dept. of Commerce
NOAA National Weather Service
1325 East West Highway
Silver Spring, MD 20910
E-mail: w-nws.webmaster@noaa.gov
Page last modified: May 16, 2007
NATIONAL WEATHER SERVICE: for Safety, for Work, for Fun - FOR LIFE