472
CDUS43 KIND 310533
CLILAF


CLIMATE REPORT
NATIONAL WEATHER SERVICE INDIANAPOLIS IN
131 AM EDT FRI OCT 31 2014


...................................

...THE LAFAYETTE IN CLIMATE SUMMARY FOR OCTOBER 30 2014...

CLIMATE NORMAL PERIOD 1981 TO 2010
CLIMATE RECORD PERIOD 9999 TO 9999


WEATHER ITEM   OBSERVED TIME   NORMAL DEPARTURE LAST
                VALUE   (LST)  VALUE  FROM      YEAR
                                      NORMAL
......................................................
TEMPERATURE (F)
 YESTERDAY
  MAXIMUM         52    356 PM  60     -8       64
  MINIMUM         30    724 AM  40    -10       49
  AVERAGE         41            50     -9       57

PRECIPITATION (IN)
  YESTERDAY        T             0.09  -0.09     0.05
  MONTH TO DATE    5.54          2.80   2.74     2.51
  SINCE SEP 1     10.34          5.46   4.88     6.44
  SINCE JAN 1     35.66         31.01   4.65    34.07

DEGREE DAYS
 HEATING
  YESTERDAY       24            15      9        8
  MONTH TO DATE  370           332     38      344
  SINCE SEP 1    496           411     85      403
  SINCE JUL 1    520           417    103      423

 COOLING
  YESTERDAY        0             0      0        0
  MONTH TO DATE    7            13     -6       31
  SINCE SEP 1     67           126    -59      158
  SINCE JAN 1    743           978   -235      884
......................................................


WIND (MPH)
  HIGHEST WIND SPEED    10   HIGHEST WIND DIRECTION    SW (210)
  HIGHEST GUST SPEED    14   HIGHEST GUST DIRECTION     S (170)
  AVERAGE WIND SPEED     1.7


SKY COVER
  AVERAGE SKY COVER 0.4


WEATHER CONDITIONS
 THE FOLLOWING WEATHER WAS RECORDED YESTERDAY.
  LIGHT RAIN
  FOG


RELATIVE HUMIDITY (PERCENT)
 HIGHEST   100           200 AM
 LOWEST     50           200 PM
 AVERAGE    75

..........................................................


THE LAFAYETTE IN CLIMATE NORMALS FOR TODAY
                         NORMAL
 MAXIMUM TEMPERATURE (F)   59
 MINIMUM TEMPERATURE (F)   40


SUNRISE AND SUNSET
OCTOBER 31 2014.......SUNRISE   816 AM EDT   SUNSET   646 PM EDT
NOVEMBER  1 2014......SUNRISE   817 AM EDT   SUNSET   645 PM EDT


-  INDICATES NEGATIVE NUMBERS.
R  INDICATES RECORD WAS SET OR TIED.
MM INDICATES DATA IS MISSING.
T  INDICATES TRACE AMOUNT.




$$






U.S. Dept. of Commerce
NOAA National Weather Service
1325 East West Highway
Silver Spring, MD 20910
E-mail: w-nws.webmaster@noaa.gov
Page last modified: May 16, 2007
NATIONAL WEATHER SERVICE: for Safety, for Work, for Fun - FOR LIFE