930
CDUS43 KIND 210537
CLILAF


CLIMATE REPORT
NATIONAL WEATHER SERVICE INDIANAPOLIS IN
136 AM EDT TUE OCT 21 2014


...................................

...THE LAFAYETTE IN CLIMATE SUMMARY FOR OCTOBER 20 2014...

CLIMATE NORMAL PERIOD 1981 TO 2010
CLIMATE RECORD PERIOD 9999 TO 9999


WEATHER ITEM   OBSERVED TIME   NORMAL DEPARTURE LAST
                VALUE   (LST)  VALUE  FROM      YEAR
                                      NORMAL
......................................................
TEMPERATURE (F)
 YESTERDAY
  MAXIMUM         67    353 PM  64      3       64
  MINIMUM         47    340 AM  42      5       38
  AVERAGE         57            53      4       51

PRECIPITATION (IN)
  YESTERDAY        T             0.09  -0.09     0.00
  MONTH TO DATE    5.19          1.87   3.32     2.09
  SINCE SEP 1      9.99          4.53   5.46     6.02
  SINCE JAN 1     35.31         30.08   5.23    33.65

DEGREE DAYS
 HEATING
  YESTERDAY        8            12     -4       14
  MONTH TO DATE  228           192     36      148
  SINCE SEP 1    354           271     83      207
  SINCE JUL 1    378           277    101      227

 COOLING
  YESTERDAY        0             0      0        0
  MONTH TO DATE    7            13     -6       31
  SINCE SEP 1     67           126    -59      158
  SINCE JAN 1    743           978   -235      884
......................................................


WIND (MPH)
  HIGHEST WIND SPEED    17   HIGHEST WIND DIRECTION     N (360)
  HIGHEST GUST SPEED    22   HIGHEST GUST DIRECTION     N (10)
  AVERAGE WIND SPEED     8.1


SKY COVER
  AVERAGE SKY COVER 0.6


WEATHER CONDITIONS
 THE FOLLOWING WEATHER WAS RECORDED YESTERDAY.
  LIGHT RAIN
  HAZE


RELATIVE HUMIDITY (PERCENT)
 HIGHEST    86          1200 AM
 LOWEST     52           200 PM
 AVERAGE    69

..........................................................


THE LAFAYETTE IN CLIMATE NORMALS FOR TODAY
                         NORMAL
 MAXIMUM TEMPERATURE (F)   63
 MINIMUM TEMPERATURE (F)   42


SUNRISE AND SUNSET
OCTOBER 21 2014.......SUNRISE   805 AM EDT   SUNSET   659 PM EDT
OCTOBER 22 2014.......SUNRISE   806 AM EDT   SUNSET   658 PM EDT


-  INDICATES NEGATIVE NUMBERS.
R  INDICATES RECORD WAS SET OR TIED.
MM INDICATES DATA IS MISSING.
T  INDICATES TRACE AMOUNT.




$$





U.S. Dept. of Commerce
NOAA National Weather Service
1325 East West Highway
Silver Spring, MD 20910
E-mail: w-nws.webmaster@noaa.gov
Page last modified: May 16, 2007
NATIONAL WEATHER SERVICE: for Safety, for Work, for Fun - FOR LIFE