037
CDUS43 KIND 020534
CLILAF


CLIMATE REPORT
NATIONAL WEATHER SERVICE INDIANAPOLIS IN
132 AM EDT THU OCT 2 2014


...................................

...THE LAFAYETTE IN CLIMATE SUMMARY FOR OCTOBER 1 2014...

CLIMATE NORMAL PERIOD 1981 TO 2010
CLIMATE RECORD PERIOD 9999 TO 9999


WEATHER ITEM   OBSERVED TIME   NORMAL DEPARTURE LAST
                VALUE   (LST)  VALUE  FROM      YEAR
                                      NORMAL
......................................................
TEMPERATURE (F)
 YESTERDAY
  MAXIMUM         75    358 PM  71      4       78
  MINIMUM         43    555 AM  48     -5       59
  AVERAGE         59            60     -1       69

PRECIPITATION (IN)
  YESTERDAY        0.00          0.10  -0.10     0.00
  MONTH TO DATE    0.00          0.10  -0.10     0.00
  SINCE SEP 1      4.80          2.76   2.04     3.93
  SINCE JAN 1     30.12         28.31   1.81    31.56

DEGREE DAYS
 HEATING
  YESTERDAY        6             7     -1        0
  MONTH TO DATE    6             7     -1        0
  SINCE SEP 1    132            86     46       59
  SINCE JUL 1    156            92     64       79

 COOLING
  YESTERDAY        0             2     -2        4
  MONTH TO DATE    0             2     -2        4
  SINCE SEP 1     60           115    -55      131
  SINCE JAN 1    736           967   -231      857
......................................................


WIND (MPH)
  HIGHEST WIND SPEED    13   HIGHEST WIND DIRECTION     E (100)
  HIGHEST GUST SPEED    15   HIGHEST GUST DIRECTION     E (90)
  AVERAGE WIND SPEED     6.6


SKY COVER
  AVERAGE SKY COVER 0.1


WEATHER CONDITIONS
 THE FOLLOWING WEATHER WAS RECORDED YESTERDAY.
  NO SIGNIFICANT WEATHER WAS OBSERVED.


RELATIVE HUMIDITY (PERCENT)
 HIGHEST   100           500 AM
 LOWEST     53           300 PM
 AVERAGE    77

..........................................................


THE LAFAYETTE IN CLIMATE NORMALS FOR TODAY
                         NORMAL
 MAXIMUM TEMPERATURE (F)   71
 MINIMUM TEMPERATURE (F)   48


SUNRISE AND SUNSET
OCTOBER  2 2014.......SUNRISE   745 AM EDT   SUNSET   728 PM EDT
OCTOBER  3 2014.......SUNRISE   746 AM EDT   SUNSET   727 PM EDT


-  INDICATES NEGATIVE NUMBERS.
R  INDICATES RECORD WAS SET OR TIED.
MM INDICATES DATA IS MISSING.
T  INDICATES TRACE AMOUNT.




$$






U.S. Dept. of Commerce
NOAA National Weather Service
1325 East West Highway
Silver Spring, MD 20910
E-mail: w-nws.webmaster@noaa.gov
Page last modified: May 16, 2007
NATIONAL WEATHER SERVICE: for Safety, for Work, for Fun - FOR LIFE