988
CDUS43 KIND 250534
CLILAF


CLIMATE REPORT
NATIONAL WEATHER SERVICE INDIANAPOLIS IN
133 AM EDT FRI APR 25 2014


...................................

...THE LAFAYETTE IN CLIMATE SUMMARY FOR APRIL 24 2014...

CLIMATE NORMAL PERIOD 1981 TO 2010
CLIMATE RECORD PERIOD 9999 TO 9999


WEATHER ITEM   OBSERVED TIME   NORMAL DEPARTURE LAST
                VALUE   (LST)  VALUE  FROM      YEAR
                                      NORMAL
......................................................
TEMPERATURE (F)
 YESTERDAY
  MAXIMUM         65    419 PM  66     -1       48
  MINIMUM         48    604 AM  44      4       36
  AVERAGE         57            55      2       42

PRECIPITATION (IN)
  YESTERDAY        0.01          0.12  -0.11     0.29
  MONTH TO DATE    3.56          2.77   0.79     8.03
  SINCE MAR 1      5.06          5.44  -0.38     9.28
  SINCE JAN 1      8.40          9.06  -0.66    15.23

DEGREE DAYS
 HEATING
  YESTERDAY        8            11     -3       23
  MONTH TO DATE  370           348     22      390
  SINCE MAR 1   1358          1099    259     1358
  SINCE JUL 1   6320          5433    887     5693

 COOLING
  YESTERDAY        0             1     -1        0
  MONTH TO DATE    1             6     -5        1
  SINCE MAR 1      1             7     -6        1
  SINCE JAN 1      1             7     -6        1
......................................................


WIND (MPH)
  HIGHEST WIND SPEED    24   HIGHEST WIND DIRECTION    SE (120)
  HIGHEST GUST SPEED    30   HIGHEST GUST DIRECTION    SE (130)
  AVERAGE WIND SPEED    12.5


SKY COVER
  AVERAGE SKY COVER 0.4


WEATHER CONDITIONS
 THE FOLLOWING WEATHER WAS RECORDED YESTERDAY.
  LIGHT RAIN


RELATIVE HUMIDITY (PERCENT)
 HIGHEST    61           500 AM
 LOWEST     34           200 PM
 AVERAGE    48

..........................................................


THE LAFAYETTE IN CLIMATE NORMALS FOR TODAY
                         NORMAL
 MAXIMUM TEMPERATURE (F)   66
 MINIMUM TEMPERATURE (F)   44


SUNRISE AND SUNSET
APRIL 25 2014.........SUNRISE   655 AM EDT   SUNSET   837 PM EDT
APRIL 26 2014.........SUNRISE   654 AM EDT   SUNSET   838 PM EDT


-  INDICATES NEGATIVE NUMBERS.
R  INDICATES RECORD WAS SET OR TIED.
MM INDICATES DATA IS MISSING.
T  INDICATES TRACE AMOUNT.




$$





U.S. Dept. of Commerce
NOAA National Weather Service
1325 East West Highway
Silver Spring, MD 20910
E-mail: w-nws.webmaster@noaa.gov
Page last modified: May 16, 2007
NATIONAL WEATHER SERVICE: for Safety, for Work, for Fun - FOR LIFE