786
CDUS43 KGRR 222230
CLIJXN


CLIMATE REPORT
NATIONAL WEATHER SERVICE GRAND RAPIDS, MI
530 PM EST SAT NOV 22 2014


...................................

...THE JACKSON MI CLIMATE SUMMARY FOR NOVEMBER 22 2014...
VALID TODAY AS OF 0500 PM LOCAL TIME.

CLIMATE NORMAL PERIOD 1981 TO 2010
CLIMATE RECORD PERIOD 1944 TO 9999


WEATHER ITEM   OBSERVED TIME   RECORD YEAR NORMAL DEPARTURE LAST
                VALUE   (LST)  VALUE       VALUE  FROM      YEAR
                                                  NORMAL
..................................................................
TEMPERATURE (F)
 TODAY
  MAXIMUM         46    459 PM  MM      MM  45      1       45
  MINIMUM         23   1211 AM  MM      MM  30     -7       26
  AVERAGE         35                        37     -2       36

PRECIPITATION (IN)
  TODAY            0.03         MM      MM   0.08  -0.05     0.02
  MONTH TO DATE    0.57                      1.95  -1.38     1.49
  SINCE SEP 1      4.10                      8.06  -3.96     6.45
  SINCE JAN 1     27.11                     28.98  -1.87    31.00

DEGREE DAYS
 HEATING
  TODAY           30                        28      2       29
  MONTH TO DATE  696                       518    178      530
  SINCE SEP 1   1334                      1131    203     1104
  SINCE JUL 1   1376                      1166    210     1152

 COOLING
  TODAY            0                         0      0        0
  MONTH TO DATE    0                         0      0        0
  SINCE SEP 1     50                        63    -13       76
  SINCE JAN 1    496                       592    -96      616
..................................................................


WIND (MPH)
  RESULTANT WIND SPEED  11   RESULTANT WIND DIRECTION  SW (210)
  HIGHEST WIND SPEED    18   HIGHEST WIND DIRECTION    SW (210)
  HIGHEST GUST SPEED    24   HIGHEST GUST DIRECTION    SW (210)
  AVERAGE WIND SPEED    11.2



WEATHER CONDITIONS
 THE FOLLOWING WEATHER WAS RECORDED TODAY.
  LIGHT RAIN
  LT FREEZING RAIN
  FOG


RELATIVE HUMIDITY (PERCENT)
 HIGHEST    96           800 AM
 LOWEST     53           300 AM
 AVERAGE    75

..........................................................




SUNRISE AND SUNSET
NOVEMBER 22 2014......SUNRISE   737 AM EST   SUNSET   511 PM EST
NOVEMBER 23 2014......SUNRISE   738 AM EST   SUNSET   510 PM EST


-  INDICATES NEGATIVE NUMBERS.
R  INDICATES RECORD WAS SET OR TIED.
MM INDICATES DATA IS MISSING.
T  INDICATES TRACE AMOUNT.




$$





U.S. Dept. of Commerce
NOAA National Weather Service
1325 East West Highway
Silver Spring, MD 20910
E-mail: w-nws.webmaster@noaa.gov
Page last modified: May 16, 2007
NATIONAL WEATHER SERVICE: for Safety, for Work, for Fun - FOR LIFE