923
CDUS43 KGRR 260516
CLIJXN


CLIMATE REPORT
NATIONAL WEATHER SERVICE GRAND RAPIDS, MI
1214 AM EST WED NOV 26 2014


...................................

...THE JACKSON MI CLIMATE SUMMARY FOR NOVEMBER 25 2014...

CLIMATE NORMAL PERIOD 1981 TO 2010
CLIMATE RECORD PERIOD 1944 TO 9999


WEATHER ITEM   OBSERVED TIME   NORMAL DEPARTURE LAST
                VALUE   (LST)  VALUE  FROM      YEAR
                                      NORMAL
......................................................
TEMPERATURE (F)
 YESTERDAY
  MAXIMUM         31   1231 AM  43    -12       32
  MINIMUM         27   1159 PM  29     -2       18
  AVERAGE         29            36     -7       25

PRECIPITATION (IN)
  YESTERDAY        T             0.08  -0.08      T
  MONTH TO DATE    1.61          2.20  -0.59     1.49
  SINCE SEP 1      5.14          8.31  -3.17     6.45
  SINCE JAN 1     28.15         29.23  -1.08    31.00

DEGREE DAYS
 HEATING
  YESTERDAY       36            29      7       40
  MONTH TO DATE  766           604    162      660
  SINCE SEP 1   1404          1217    187     1234
  SINCE JUL 1   1446          1252    194     1282

 COOLING
  YESTERDAY        0             0      0        0
  MONTH TO DATE    0             0      0        0
  SINCE SEP 1     50            63    -13       76
  SINCE JAN 1    496           592    -96      616
......................................................


WIND (MPH)
  RESULTANT WIND SPEED  12   RESULTANT WIND DIRECTION  SW (240)
  HIGHEST WIND SPEED    23   HIGHEST WIND DIRECTION    SW (240)
  HIGHEST GUST SPEED    32   HIGHEST GUST DIRECTION     W (250)
  AVERAGE WIND SPEED    11.2


SKY COVER
  AVERAGE SKY COVER 1.0


WEATHER CONDITIONS
 THE FOLLOWING WEATHER WAS RECORDED YESTERDAY.
  LIGHT SNOW


RELATIVE HUMIDITY (PERCENT)
 HIGHEST    84           200 PM
 LOWEST     75          1000 AM
 AVERAGE    80

..........................................................


THE JACKSON MI CLIMATE NORMALS FOR TODAY
                         NORMAL
 MAXIMUM TEMPERATURE (F)   43
 MINIMUM TEMPERATURE (F)   28


SUNRISE AND SUNSET
NOVEMBER 26 2014......SUNRISE   742 AM EST   SUNSET   509 PM EST
NOVEMBER 27 2014......SUNRISE   743 AM EST   SUNSET   508 PM EST


-  INDICATES NEGATIVE NUMBERS.
R  INDICATES RECORD WAS SET OR TIED.
MM INDICATES DATA IS MISSING.
T  INDICATES TRACE AMOUNT.




$$

63





U.S. Dept. of Commerce
NOAA National Weather Service
1325 East West Highway
Silver Spring, MD 20910
E-mail: w-nws.webmaster@noaa.gov
Page last modified: May 16, 2007
NATIONAL WEATHER SERVICE: for Safety, for Work, for Fun - FOR LIFE