366
CDUS43 KGRR 251336
CLIJXN


CLIMATE REPORT
NATIONAL WEATHER SERVICE GRAND RAPIDS, MI
934 AM EDT SAT OCT 25 2014


...................................

...THE JACKSON MI CLIMATE SUMMARY FOR OCTOBER 25 2014...
VALID AS OF 0900 AM LOCAL TIME.

CLIMATE NORMAL PERIOD 1981 TO 2010
CLIMATE RECORD PERIOD 1944 TO 9999


WEATHER ITEM   OBSERVED TIME   RECORD YEAR NORMAL DEPARTURE LAST
                VALUE   (LST)  VALUE       VALUE  FROM      YEAR
                                                  NORMAL
..................................................................
TEMPERATURE (F)
 TODAY
  MAXIMUM         54    759 AM  MM      MM  57     -3       47
  MINIMUM         42    130 AM  MM      MM  38      4       30
  AVERAGE         48                        48      0       39

PRECIPITATION (IN)
  TODAY            0.00         MM      MM   0.08  -0.08     0.01
  MONTH TO DATE    1.10                      2.16  -1.06     1.05
  SINCE SEP 1      3.20                      5.64  -2.44     3.60
  SINCE JAN 1     26.21                     26.56  -0.35    28.15

DEGREE DAYS
 HEATING
  TODAY           17                        17      0       26
  MONTH TO DATE  374                       349     25      302
  SINCE SEP 1    537                       502     35      462

 COOLING
  TODAY            0                         0      0        0
  MONTH TO DATE    0                         3     -3       12
  SINCE SEP 1     50                        60    -10       76
..................................................................


WIND (MPH)
  HIGHEST WIND SPEED    12   HIGHEST WIND DIRECTION    SW (240)
  HIGHEST GUST SPEED    16   HIGHEST GUST DIRECTION     W (260)



WEATHER CONDITIONS
 THE FOLLOWING WEATHER WAS RECORDED TODAY.
  FOG


..........................................................




SUNRISE AND SUNSET
OCTOBER 25 2014.......SUNRISE   802 AM EDT   SUNSET   641 PM EDT
OCTOBER 26 2014.......SUNRISE   804 AM EDT   SUNSET   639 PM EDT


-  INDICATES NEGATIVE NUMBERS.
R  INDICATES RECORD WAS SET OR TIED.
MM INDICATES DATA IS MISSING.
T  INDICATES TRACE AMOUNT.




$$

JAM




U.S. Dept. of Commerce
NOAA National Weather Service
1325 East West Highway
Silver Spring, MD 20910
E-mail: w-nws.webmaster@noaa.gov
Page last modified: May 16, 2007
NATIONAL WEATHER SERVICE: for Safety, for Work, for Fun - FOR LIFE