008
CDUS41 KCTP 230617
CLIJST


CLIMATE REPORT
NATIONAL WEATHER SERVICE STATE COLLEGE PA
216 AM EDT THU OCT 23 2014


...................................

...THE JOHNSTOWN CLIMATE SUMMARY FOR OCTOBER 22 2014...

CLIMATE NORMAL PERIOD 1981 TO 2010
CLIMATE RECORD PERIOD 2000 TO 2014


WEATHER ITEM   OBSERVED TIME   RECORD YEAR NORMAL DEPARTURE LAST
                VALUE   (LST)  VALUE       VALUE  FROM      YEAR
                                                  NORMAL
..................................................................
TEMPERATURE (F)
 YESTERDAY
  MAXIMUM         46    435 AM  89    1979  56    -10       54
  MINIMUM         42   1159 PM  21    1940  40      2       36
  AVERAGE         44                        48     -4       45

PRECIPITATION (IN)
  YESTERDAY        0.10          2.32 1898   0.10   0.00     0.06
  MONTH TO DATE    2.64                      2.23   0.41     2.24
  SINCE SEP 1      3.84                      2.23   1.61     6.31
  SINCE JAN 1     29.74                     26.52   3.22    31.26

DEGREE DAYS
 HEATING
  YESTERDAY       21                        17      4       20
  MONTH TO DATE  269                       312    -43      215
  SINCE SEP 1    419                       492    -73      432
  SINCE JUL 1    502                       530    -28      503

 COOLING
  YESTERDAY        0                         0      0        0
  MONTH TO DATE    0                         0      0       16
  SINCE SEP 1     46                        22     24       47
  SINCE JAN 1    341                       382    -41      393
..................................................................


WIND (MPH)
  HIGHEST WIND SPEED    20   HIGHEST WIND DIRECTION     N (340)
  HIGHEST GUST SPEED    26   HIGHEST GUST DIRECTION    NW (330)
  AVERAGE WIND SPEED    11.8


SKY COVER
  POSSIBLE SUNSHINE  MM
  AVERAGE SKY COVER 1.0


WEATHER CONDITIONS
 THE FOLLOWING WEATHER WAS RECORDED YESTERDAY.
  RAIN
  LIGHT RAIN
  FOG
  FOG W/VISIBILITY <= 1/4 MILE


RELATIVE HUMIDITY (PERCENT)
 HIGHEST    96           800 AM
 LOWEST     82           700 PM
 AVERAGE    89

..........................................................


THE JOHNSTOWN CLIMATE NORMALS FOR TODAY
                         NORMAL    RECORD    YEAR
 MAXIMUM TEMPERATURE (F)   56        86      1947
 MINIMUM TEMPERATURE (F)   40        23      1944


SUNRISE AND SUNSET
OCTOBER 23 2014.......SUNRISE   735 AM EDT   SUNSET   624 PM EDT
OCTOBER 24 2014.......SUNRISE   736 AM EDT   SUNSET   623 PM EDT


-  INDICATES NEGATIVE NUMBERS.
R  INDICATES RECORD WAS SET OR TIED.
MM INDICATES DATA IS MISSING.
T  INDICATES TRACE AMOUNT.




$$





U.S. Dept. of Commerce
NOAA National Weather Service
1325 East West Highway
Silver Spring, MD 20910
E-mail: w-nws.webmaster@noaa.gov
Page last modified: May 16, 2007
NATIONAL WEATHER SERVICE: for Safety, for Work, for Fun - FOR LIFE