226
CDUS41 KCTP 280635
CLIJST


CLIMATE REPORT
NATIONAL WEATHER SERVICE STATE COLLEGE PA
235 AM EDT MON JUL 28 2014


...................................

...THE JOHNSTOWN CLIMATE SUMMARY FOR JULY 27 2014...

CLIMATE NORMAL PERIOD 1981 TO 2010
CLIMATE RECORD PERIOD 2000 TO 2014


WEATHER ITEM   OBSERVED TIME   RECORD YEAR NORMAL DEPARTURE LAST
                VALUE   (LST)  VALUE       VALUE  FROM      YEAR
                                                  NORMAL
..................................................................
TEMPERATURE (F)
 YESTERDAY
  MAXIMUM         79    235 PM  97    1894  79      0       71
  MINIMUM         63    543 AM  46    1920  60      3       59
  AVERAGE         71                        69      2       65

PRECIPITATION (IN)
  YESTERDAY        0.26          1.31 1906   0.13   0.13     0.07
  MONTH TO DATE    3.05                      3.29  -0.24     2.53
  SINCE JUN 1      7.89                      3.29   4.60     8.38
  SINCE JAN 1     21.45                     19.93   1.52    19.30

DEGREE DAYS
 HEATING
  YESTERDAY        0                         0      0        0
  MONTH TO DATE   25                         8     17       15
  SINCE JUN 1     65                        87    -22       78
  SINCE JUL 1     25                         8     17       15

 COOLING
  YESTERDAY        6                         5      1        0
  MONTH TO DATE  108                       130    -22      161
  SINCE JUN 1    192                       205    -13      230
  SINCE JAN 1    218                       223     -5      271
..................................................................


WIND (MPH)
  HIGHEST WIND SPEED    20   HIGHEST WIND DIRECTION    SW (230)
  HIGHEST GUST SPEED    26   HIGHEST GUST DIRECTION    SW (220)
  AVERAGE WIND SPEED     9.1


SKY COVER
  POSSIBLE SUNSHINE  MM
  AVERAGE SKY COVER 0.9


WEATHER CONDITIONS
 THE FOLLOWING WEATHER WAS RECORDED YESTERDAY.
  THUNDERSTORM
  RAIN
  LIGHT RAIN
  FOG
  HAZE


RELATIVE HUMIDITY (PERCENT)
 HIGHEST   100           400 AM
 LOWEST     62           200 PM
 AVERAGE    81

..........................................................


THE JOHNSTOWN CLIMATE NORMALS FOR TODAY
                         NORMAL    RECORD    YEAR
 MAXIMUM TEMPERATURE (F)   79       102      1930
 MINIMUM TEMPERATURE (F)   60        47      1962


SUNRISE AND SUNSET
JULY 28 2014..........SUNRISE   609 AM EDT   SUNSET   834 PM EDT
JULY 29 2014..........SUNRISE   610 AM EDT   SUNSET   833 PM EDT


-  INDICATES NEGATIVE NUMBERS.
R  INDICATES RECORD WAS SET OR TIED.
MM INDICATES DATA IS MISSING.
T  INDICATES TRACE AMOUNT.




$$





U.S. Dept. of Commerce
NOAA National Weather Service
1325 East West Highway
Silver Spring, MD 20910
E-mail: w-nws.webmaster@noaa.gov
Page last modified: May 16, 2007
NATIONAL WEATHER SERVICE: for Safety, for Work, for Fun - FOR LIFE