035
CDUS41 KCTP 220622
CLIJST


CLIMATE REPORT
NATIONAL WEATHER SERVICE STATE COLLEGE PA
221 AM EDT TUE JUL 22 2014


...................................

...THE JOHNSTOWN CLIMATE SUMMARY FOR JULY 21 2014...

CLIMATE NORMAL PERIOD 1981 TO 2010
CLIMATE RECORD PERIOD 2000 TO 2014


WEATHER ITEM   OBSERVED TIME   RECORD YEAR NORMAL DEPARTURE LAST
                VALUE   (LST)  VALUE       VALUE  FROM      YEAR
                                                  NORMAL
..................................................................
TEMPERATURE (F)
 YESTERDAY
  MAXIMUM         77    256 PM 101    1926  79     -2       79
  MINIMUM         63    506 AM  46    1929  60      3       64
  AVERAGE         70                        70      0       72

PRECIPITATION (IN)
  YESTERDAY        0.05          1.92 1912   0.13  -0.08      T
  MONTH TO DATE    2.62                      2.52   0.10     2.13
  SINCE JUN 1      7.46                      2.52   4.94     7.98
  SINCE JAN 1     21.02                     19.16   1.86    18.90

DEGREE DAYS
 HEATING
  YESTERDAY        0                         0      0        0
  MONTH TO DATE   21                         8     13        2
  SINCE JUN 1     61                        87    -26       65
  SINCE JUL 1     21                         8     13        2

 COOLING
  YESTERDAY        5                         5      0        7
  MONTH TO DATE   83                       100    -17      153
  SINCE JUN 1    167                       175     -8      222
  SINCE JAN 1    193                       193      0      263
..................................................................


WIND (MPH)
  HIGHEST WIND SPEED    15   HIGHEST WIND DIRECTION     N (20)
  HIGHEST GUST SPEED    18   HIGHEST GUST DIRECTION     N (20)
  AVERAGE WIND SPEED     5.9


SKY COVER
  POSSIBLE SUNSHINE  MM
  AVERAGE SKY COVER 0.8


WEATHER CONDITIONS
 THE FOLLOWING WEATHER WAS RECORDED YESTERDAY.
  RAIN
  LIGHT RAIN


RELATIVE HUMIDITY (PERCENT)
 HIGHEST    93           500 AM
 LOWEST     69           200 PM
 AVERAGE    81

..........................................................


THE JOHNSTOWN CLIMATE NORMALS FOR TODAY
                         NORMAL    RECORD    YEAR
 MAXIMUM TEMPERATURE (F)   79       101      1926
 MINIMUM TEMPERATURE (F)   60        47      1944


SUNRISE AND SUNSET
JULY 22 2014..........SUNRISE   604 AM EDT   SUNSET   839 PM EDT
JULY 23 2014..........SUNRISE   605 AM EDT   SUNSET   838 PM EDT


-  INDICATES NEGATIVE NUMBERS.
R  INDICATES RECORD WAS SET OR TIED.
MM INDICATES DATA IS MISSING.
T  INDICATES TRACE AMOUNT.




$$





U.S. Dept. of Commerce
NOAA National Weather Service
1325 East West Highway
Silver Spring, MD 20910
E-mail: w-nws.webmaster@noaa.gov
Page last modified: May 16, 2007
NATIONAL WEATHER SERVICE: for Safety, for Work, for Fun - FOR LIFE