324
CDUS41 KCTP 270719
CLIJST


CLIMATE REPORT
NATIONAL WEATHER SERVICE STATE COLLEGE PA
219 AM EST THU NOV 27 2014


...................................

...THE JOHNSTOWN CLIMATE SUMMARY FOR NOVEMBER 26 2014...

CLIMATE NORMAL PERIOD 1981 TO 2010
CLIMATE RECORD PERIOD 2000 TO 2014


WEATHER ITEM   OBSERVED TIME   RECORD YEAR NORMAL DEPARTURE LAST
                VALUE   (LST)  VALUE       VALUE  FROM      YEAR
                                                  NORMAL
..................................................................
TEMPERATURE (F)
 YESTERDAY
  MAXIMUM         32    221 PM  71    1908  41     -9       32
  MINIMUM         29   1159 PM   8    1950  29      0       27
  AVERAGE         31                        35     -4       30

PRECIPITATION (IN)
  YESTERDAY        0.26          2.09 1985   0.13   0.13     1.07
  MONTH TO DATE    1.54                      3.17  -1.63     2.32
  SINCE SEP 1      5.65                      6.23  -0.58     9.02
  SINCE JAN 1     31.55                     30.52   1.03    33.97

DEGREE DAYS
 HEATING
  YESTERDAY       34                        30      4       35
  MONTH TO DATE  737                       640     97      750
  SINCE SEP 1   1292                      1295     -3     1388
  SINCE JUL 1   1375                      1333     42     1459

 COOLING
  YESTERDAY        0                         0      0        0
  MONTH TO DATE    0                         0      0        0
  SINCE SEP 1     46                        22     24       47
  SINCE JAN 1    341                       382    -41      393
..................................................................


WIND (MPH)
  HIGHEST WIND SPEED    10   HIGHEST WIND DIRECTION    NW (300)
  HIGHEST GUST SPEED    13   HIGHEST GUST DIRECTION     W (290)
  AVERAGE WIND SPEED     4.6


SKY COVER
  POSSIBLE SUNSHINE  MM
  AVERAGE SKY COVER 0.8


WEATHER CONDITIONS
 THE FOLLOWING WEATHER WAS RECORDED YESTERDAY.
  HEAVY SNOW
  SNOW
  LIGHT SNOW
  FOG
  FOG W/VISIBILITY <= 1/4 MILE


RELATIVE HUMIDITY (PERCENT)
 HIGHEST    92           900 AM
 LOWEST     72          1200 AM
 AVERAGE    82

..........................................................


THE JOHNSTOWN CLIMATE NORMALS FOR TODAY
                         NORMAL    RECORD    YEAR
 MAXIMUM TEMPERATURE (F)   40        76      1990
 MINIMUM TEMPERATURE (F)   29        10      1932


SUNRISE AND SUNSET
NOVEMBER 27 2014......SUNRISE   715 AM EST   SUNSET   451 PM EST
NOVEMBER 28 2014......SUNRISE   716 AM EST   SUNSET   451 PM EST


-  INDICATES NEGATIVE NUMBERS.
R  INDICATES RECORD WAS SET OR TIED.
MM INDICATES DATA IS MISSING.
T  INDICATES TRACE AMOUNT.




$$





U.S. Dept. of Commerce
NOAA National Weather Service
1325 East West Highway
Silver Spring, MD 20910
E-mail: w-nws.webmaster@noaa.gov
Page last modified: May 16, 2007
NATIONAL WEATHER SERVICE: for Safety, for Work, for Fun - FOR LIFE