513
CDUS41 KCTP 020639
CLIJST


CLIMATE REPORT
NATIONAL WEATHER SERVICE STATE COLLEGE PA
239 AM EDT TUE SEP 2 2014


...................................

...THE JOHNSTOWN CLIMATE SUMMARY FOR SEPTEMBER 1 2014...

CLIMATE NORMAL PERIOD 1981 TO 2010
CLIMATE RECORD PERIOD 2000 TO 2014


WEATHER ITEM   OBSERVED TIME   RECORD YEAR NORMAL DEPARTURE LAST
                VALUE   (LST)  VALUE       VALUE  FROM      YEAR
                                                  NORMAL
..................................................................
TEMPERATURE (F)
 YESTERDAY
  MAXIMUM         79    348 PM  98    1932  73      6       75
  MINIMUM         66    559 AM  42    1968  57      9       63
  AVERAGE         73                        65      8       69

PRECIPITATION (IN)
  YESTERDAY        0.07          0.95 1916   0.11  -0.04     0.73
  MONTH TO DATE    0.07                      0.11  -0.04     0.73
  SINCE SEP 1      0.07                      0.11  -0.04     0.73
  SINCE JAN 1     25.97                     24.40   1.57    25.68

DEGREE DAYS
 HEATING
  YESTERDAY        0                         2     -2        0
  MONTH TO DATE    0                         2     -2        0
  SINCE SEP 1      0                         2     -2        0
  SINCE JUL 1     83                        44     39       71

 COOLING
  YESTERDAY        8                         2      6        4
  MONTH TO DATE    8                         2      6        4
  SINCE SEP 1      8                         2      6        4
  SINCE JAN 1    303                       362    -59      350
..................................................................


WIND (MPH)
  HIGHEST WIND SPEED    17   HIGHEST WIND DIRECTION    SW (240)
  HIGHEST GUST SPEED    22   HIGHEST GUST DIRECTION    SW (230)
  AVERAGE WIND SPEED     7.9


SKY COVER
  POSSIBLE SUNSHINE  MM
  AVERAGE SKY COVER 0.8


WEATHER CONDITIONS
 THE FOLLOWING WEATHER WAS RECORDED YESTERDAY.
  RAIN
  LIGHT RAIN
  FOG
  HAZE


RELATIVE HUMIDITY (PERCENT)
 HIGHEST    97          1100 AM
 LOWEST     62           400 PM
 AVERAGE    80

..........................................................


THE JOHNSTOWN CLIMATE NORMALS FOR TODAY
                         NORMAL    RECORD    YEAR
 MAXIMUM TEMPERATURE (F)   73       100      1953
 MINIMUM TEMPERATURE (F)   57        42      1949


SUNRISE AND SUNSET
SEPTEMBER  2 2014.....SUNRISE   644 AM EDT   SUNSET   745 PM EDT
SEPTEMBER  3 2014.....SUNRISE   645 AM EDT   SUNSET   744 PM EDT


-  INDICATES NEGATIVE NUMBERS.
R  INDICATES RECORD WAS SET OR TIED.
MM INDICATES DATA IS MISSING.
T  INDICATES TRACE AMOUNT.




$$





U.S. Dept. of Commerce
NOAA National Weather Service
1325 East West Highway
Silver Spring, MD 20910
E-mail: w-nws.webmaster@noaa.gov
Page last modified: May 16, 2007
NATIONAL WEATHER SERVICE: for Safety, for Work, for Fun - FOR LIFE