609
CDAK47 PAJK 310031
CLIJNU
AKZ025-311200-
CLIMATE REPORT
NATIONAL WEATHER SERVICE JUNEAU, AK
430 PM AKDT SAT AUG 30 2014

...................................

...THE JUNEAU CLIMATE SUMMARY FOR AUGUST 30 2014...
VALID TODAY AS OF 0300 PM LOCAL TIME.

CLIMATE NORMAL PERIOD 1981 TO 2010
CLIMATE RECORD PERIOD 1943 TO 2014

WEATHER ITEM   OBSERVED TIME   RECORD YEAR NORMAL DEPARTURE LAST
                VALUE   (LST)  VALUE       VALUE  FROM      YEAR
                                                  NORMAL
..................................................................
TEMPERATURE (F)
 TODAY
  MAXIMUM         56    259 PM  75    1949  60     -4       57
  MINIMUM         50    551 AM  35    1960  47      3       46
  AVERAGE         53                        53      0       52

PRECIPITATION (IN)
  TODAY            0.02          1.82 1987   0.23  -0.21     0.14
  MONTH TO DATE    7.93                      5.49   2.44     3.89
  SINCE JUN 1     23.58                     13.33  10.25    11.53
  SINCE JAN 1     43.50                     32.93  10.57    39.90

DEGREE DAYS
 HEATING
  TODAY           12                        12      0       13
  MONTH TO DATE  233                       273    -40      204
  SINCE JUN 1    813                       839    -26      640
  SINCE JUL 1    463                       524    -61      426

 COOLING
  TODAY            0                         0      0        0
  MONTH TO DATE    0                         0      0        0
  SINCE JUN 1      0                         2     -2        9
  SINCE JAN 1      0                         2     -2        9
..................................................................

WIND (MPH)
  HIGHEST WIND SPEED    17   HIGHEST WIND DIRECTION     E (90)
  HIGHEST GUST SPEED    20   HIGHEST GUST DIRECTION     E (90)
  AVERAGE WIND SPEED     7.3

SKY COVER
  POSSIBLE SUNSHINE  MM
  AVERAGE SKY COVER 0.9

WEATHER CONDITIONS
 THE FOLLOWING WEATHER WAS RECORDED TODAY.
  LIGHT RAIN
  FOG

RELATIVE HUMIDITY (PERCENT)
 HIGHEST    96           100 AM
 LOWEST     89           600 AM
 AVERAGE    93
..........................................................

THE JUNEAU CLIMATE NORMALS FOR TOMORROW
                         NORMAL    RECORD    YEAR
 MAXIMUM TEMPERATURE (F)   60        74      1963
 MINIMUM TEMPERATURE (F)   47        34      1973

SUNRISE AND SUNSET
AUGUST 30 2014........SUNRISE   553 AM AKDT  SUNSET   803 PM AKDT
AUGUST 31 2014........SUNRISE   555 AM AKDT  SUNSET   800 PM AKDT

-  INDICATES NEGATIVE NUMBERS.
R  INDICATES RECORD WAS SET OR TIED.
MM INDICATES DATA IS MISSING.
T  INDICATES TRACE AMOUNT.

$$
&&
----------------------------
AMOUNT OF DAYLIGHT TODAY  (HOUR:MIN)........14:09
GAIN/LOSS SINCE YESTERDAY (HOUR:MIN:SEC)....-0:04:59





U.S. Dept. of Commerce
NOAA National Weather Service
1325 East West Highway
Silver Spring, MD 20910
E-mail: w-nws.webmaster@noaa.gov
Page last modified: May 16, 2007
NATIONAL WEATHER SERVICE: for Safety, for Work, for Fun - FOR LIFE