794
CDAK47 PAJK 021130
CLIJNU
AKZ025-022300-
CLIMATE REPORT
NATIONAL WEATHER SERVICE JUNEAU, AK
330 AM AKDT TUE SEP 2 2014


...................................

...THE JUNEAU CLIMATE SUMMARY FOR SEPTEMBER 1 2014...

CLIMATE NORMAL PERIOD 1981 TO 2010
CLIMATE RECORD PERIOD 1943 TO 2014


WEATHER ITEM   OBSERVED TIME   RECORD YEAR NORMAL DEPARTURE LAST
                VALUE   (LST)  VALUE       VALUE  FROM      YEAR
                                                  NORMAL
..................................................................
TEMPERATURE (F)
 YESTERDAY
  MAXIMUM         56    240 PM  70    1974  60     -4       57
  MINIMUM         45   1011 PM  35    1962  46     -1       54
  AVERAGE         51                        53     -2       56

PRECIPITATION (IN)
  YESTERDAY        0.77          1.89 2006   0.25   0.52     1.30
  MONTH TO DATE    0.77                      0.25   0.52     1.30
  SINCE SEP 1      0.77                      0.25   0.52     1.30
  SINCE JAN 1     44.87                     33.42  11.45    42.21

DEGREE DAYS
 HEATING
  YESTERDAY       14                        12      2        9
  MONTH TO DATE   14                        12      2        9
  SINCE SEP 1     14                        12      2        9
  SINCE JUL 1    490                       547    -57      444

 COOLING
  YESTERDAY        0                         0      0        0
  MONTH TO DATE    0                         0      0        0
  SINCE SEP 1      0                         0      0        0
  SINCE JAN 1      0                         2     -2        9
..................................................................


WIND (MPH)
  HIGHEST WIND SPEED    16   HIGHEST WIND DIRECTION     E (100)
  HIGHEST GUST SPEED    18   HIGHEST GUST DIRECTION     E (80)
  AVERAGE WIND SPEED     6.3


SKY COVER
  POSSIBLE SUNSHINE  MM
  AVERAGE SKY COVER 0.9


WEATHER CONDITIONS
 THE FOLLOWING WEATHER WAS RECORDED YESTERDAY.
  HEAVY RAIN
  RAIN
  LIGHT RAIN
  FOG
  FOG W/VISIBILITY <= 1/4 MILE


RELATIVE HUMIDITY (PERCENT)
 HIGHEST   100           800 AM
 LOWEST     83           400 PM
 AVERAGE    92

..........................................................


THE JUNEAU CLIMATE NORMALS FOR TODAY
                         NORMAL    RECORD    YEAR
 MAXIMUM TEMPERATURE (F)   59        69      2013
                                             1974
 MINIMUM TEMPERATURE (F)   46        30      1981


SUNRISE AND SUNSET
SEPTEMBER  2 2014.....SUNRISE   600 AM AKDT  SUNSET   754 PM AKDT
SEPTEMBER  3 2014.....SUNRISE   602 AM AKDT  SUNSET   752 PM AKDT


-  INDICATES NEGATIVE NUMBERS.
R  INDICATES RECORD WAS SET OR TIED.
MM INDICATES DATA IS MISSING.
T  INDICATES TRACE AMOUNT.




$$


&&
----------------------------
AMOUNT OF DAYLIGHT TODAY  (HOUR:MIN)........13:54
GAIN/LOSS SINCE YESTERDAY (HOUR:MIN:SEC)....-0:05:00





U.S. Dept. of Commerce
NOAA National Weather Service
1325 East West Highway
Silver Spring, MD 20910
E-mail: w-nws.webmaster@noaa.gov
Page last modified: May 16, 2007
NATIONAL WEATHER SERVICE: for Safety, for Work, for Fun - FOR LIFE