989
CDAK47 PAJK 301129
CLIJNU
AKZ025-302300-
CLIMATE REPORT
NATIONAL WEATHER SERVICE JUNEAU, AK
328 AM AKDT TUE SEP 30 2014


...................................

...THE JUNEAU CLIMATE SUMMARY FOR SEPTEMBER 29 2014...

CLIMATE NORMAL PERIOD 1981 TO 2010
CLIMATE RECORD PERIOD 1943 TO 2014


WEATHER ITEM   OBSERVED TIME   RECORD YEAR NORMAL DEPARTURE LAST
                VALUE   (LST)  VALUE       VALUE  FROM      YEAR
                                                  NORMAL
..................................................................
TEMPERATURE (F)
 YESTERDAY
  MAXIMUM         56    217 PM  62    2003  52      4       52
  MINIMUM         48    715 AM  25    1971  43      5       39
  AVERAGE         52                        47      5       46

PRECIPITATION (IN)
  YESTERDAY        0.13          1.52 1970   0.30  -0.17      T
  MONTH TO DATE    8.59                      8.33   0.26     7.52
  SINCE SEP 1      8.59                      8.33   0.26     7.52
  SINCE JAN 1     52.69                     41.50  11.19    48.43

DEGREE DAYS
 HEATING
  YESTERDAY       13                        18     -5       19
  MONTH TO DATE  371                       430    -59      371
  SINCE SEP 1    371                       430    -59      371
  SINCE JUL 1    847                       965   -118      806

 COOLING
  YESTERDAY        0                         0      0        0
  MONTH TO DATE    0                         0      0        0
  SINCE SEP 1      0                         0      0        0
  SINCE JAN 1      0                         2     -2        9
..................................................................


WIND (MPH)
  HIGHEST WIND SPEED    20   HIGHEST WIND DIRECTION    SE (120)
  HIGHEST GUST SPEED    25   HIGHEST GUST DIRECTION    SE (120)
  AVERAGE WIND SPEED     5.4


SKY COVER
  POSSIBLE SUNSHINE  MM
  AVERAGE SKY COVER 0.9


WEATHER CONDITIONS
 THE FOLLOWING WEATHER WAS RECORDED YESTERDAY.
  LIGHT RAIN
  FOG


RELATIVE HUMIDITY (PERCENT)
 HIGHEST   100           600 AM
 LOWEST     77           200 PM
 AVERAGE    89

..........................................................


THE JUNEAU CLIMATE NORMALS FOR TODAY
                         NORMAL    RECORD    YEAR
 MAXIMUM TEMPERATURE (F)   52        62      2008
 MINIMUM TEMPERATURE (F)   42        28      1996


SUNRISE AND SUNSET
SEPTEMBER 30 2014.....SUNRISE   701 AM AKDT  SUNSET   634 PM AKDT
OCTOBER  1 2014.......SUNRISE   703 AM AKDT  SUNSET   632 PM AKDT


-  INDICATES NEGATIVE NUMBERS.
R  INDICATES RECORD WAS SET OR TIED.
MM INDICATES DATA IS MISSING.
T  INDICATES TRACE AMOUNT.




$$


&&
----------------------------
AMOUNT OF DAYLIGHT TODAY  (HOUR:MIN)........11:33
GAIN/LOSS SINCE YESTERDAY (HOUR:MIN:SEC)....-0:05:03





U.S. Dept. of Commerce
NOAA National Weather Service
1325 East West Highway
Silver Spring, MD 20910
E-mail: w-nws.webmaster@noaa.gov
Page last modified: May 16, 2007
NATIONAL WEATHER SERVICE: for Safety, for Work, for Fun - FOR LIFE