924
CDAK47 PAJK 261342
CLIJNU
AKZ025-270100-
CLIMATE REPORT
NATIONAL WEATHER SERVICE JUNEAU, AK
439 AM AKST WED NOV 26 2014

...................................

...THE JUNEAU CLIMATE SUMMARY FOR NOVEMBER 25 2014...

CLIMATE NORMAL PERIOD 1981 TO 2010
CLIMATE RECORD PERIOD 1943 TO 2014


WEATHER ITEM   OBSERVED TIME   RECORD YEAR NORMAL DEPARTURE LAST
                VALUE   (LST)  VALUE       VALUE  FROM      YEAR
                                                  NORMAL
..................................................................
TEMPERATURE (F)
 YESTERDAY
  MAXIMUM         42   1246 PM  49    1956  36      6       38
  MINIMUM         37   1118 PM  -3    1985  28      9       23
  AVERAGE         40                        32      8       31

PRECIPITATION (IN)
  YESTERDAY        0.05          2.10 1993   0.20  -0.15     0.14
  MONTH TO DATE    3.77                      4.99  -1.22     5.43
  SINCE SEP 1     20.54                     22.26  -1.72    23.15
  SINCE JAN 1     64.73                     55.43   9.30    64.06

SNOWFALL (IN)
  YESTERDAY        0.0           5.8  1970   0.6   -0.6      0.6
  MONTH TO DATE    T                        10.2  -10.2     14.1
  SINCE SEP 1      T                        11.0  -11.0     14.1
  SINCE JUL 1      T                        11.0  -11.0     14.1
  SNOW DEPTH       0

DEGREE DAYS
 HEATING
  YESTERDAY       25                        33     -8       34
  MONTH TO DATE  696                       778    -82      876
  SINCE SEP 1   1734                      1928   -194     1884
  SINCE JUL 1   2210                      2463   -253     2319
..................................................................


WIND (MPH)
  HIGHEST WIND SPEED     9   HIGHEST WIND DIRECTION     E (80)
  HIGHEST GUST SPEED    11   HIGHEST GUST DIRECTION    NE (60)
  AVERAGE WIND SPEED     3.0


SKY COVER
  POSSIBLE SUNSHINE  MM
  AVERAGE SKY COVER 1.0


WEATHER CONDITIONS
 THE FOLLOWING WEATHER WAS RECORDED YESTERDAY.
  LIGHT RAIN
  FOG


RELATIVE HUMIDITY (PERCENT)
 HIGHEST   100           800 AM
 LOWEST     92          1200 AM
 AVERAGE    96

..........................................................


THE JUNEAU CLIMATE NORMALS FOR TODAY
                         NORMAL    RECORD    YEAR
 MAXIMUM TEMPERATURE (F)   36        54      2002
 MINIMUM TEMPERATURE (F)   27        -3      1985


SUNRISE AND SUNSET
NOVEMBER 26 2014......SUNRISE   811 AM AKST  SUNSET   320 PM AKST
NOVEMBER 27 2014......SUNRISE   813 AM AKST  SUNSET   318 PM AKST


-  INDICATES NEGATIVE NUMBERS.
R  INDICATES RECORD WAS SET OR TIED.
MM INDICATES DATA IS MISSING.
T  INDICATES TRACE AMOUNT.


$$


&&
----------------------------
AMOUNT OF DAYLIGHT TODAY  (HOUR:MIN)........ 7:08
GAIN/LOSS SINCE YESTERDAY (HOUR:MIN:SEC)....-0:03:27





U.S. Dept. of Commerce
NOAA National Weather Service
1325 East West Highway
Silver Spring, MD 20910
E-mail: w-nws.webmaster@noaa.gov
Page last modified: May 16, 2007
NATIONAL WEATHER SERVICE: for Safety, for Work, for Fun - FOR LIFE