531
CDAK47 PAJK 011134
CLIJNU
AKZ025-012300-
CLIMATE REPORT
NATIONAL WEATHER SERVICE JUNEAU, AK
329 AM AKDT FRI AUG 1 2014


...................................

...THE JUNEAU CLIMATE SUMMARY FOR JULY 31 2014...

CLIMATE NORMAL PERIOD 1981 TO 2010
CLIMATE RECORD PERIOD 1943 TO 2014


WEATHER ITEM   OBSERVED TIME   RECORD YEAR NORMAL DEPARTURE LAST
                VALUE   (LST)  VALUE       VALUE  FROM      YEAR
                                                  NORMAL
..................................................................
TEMPERATURE (F)
 YESTERDAY
  MAXIMUM         70    557 PM  84    1976  64      6       75
  MINIMUM         45    444 AM  39    1972  51     -6       53
  AVERAGE         58                        58      0       64

PRECIPITATION (IN)
  YESTERDAY        0.00          0.84 1949   0.16  -0.16     0.00
  MONTH TO DATE    8.26                      4.60   3.66     4.45
  SINCE JUN 1     15.65                      7.84   7.81     7.64
  SINCE JAN 1     35.57                     27.44   8.13    36.01

DEGREE DAYS
 HEATING
  YESTERDAY        7                         7      0        1
  MONTH TO DATE  230                       251    -21      222
  SINCE JUN 1    580                       566     14      436
  SINCE JUL 1    230                       251    -21      222

 COOLING
  YESTERDAY        0                         0      0        0
  MONTH TO DATE    0                         1     -1        2
  SINCE JUN 1      0                         2     -2        9
  SINCE JAN 1      0                         2     -2        9
..................................................................


WIND (MPH)
  HIGHEST WIND SPEED    13   HIGHEST WIND DIRECTION    SW (240)
  HIGHEST GUST SPEED    18   HIGHEST GUST DIRECTION    NW (300)
  AVERAGE WIND SPEED     4.1


SKY COVER
  POSSIBLE SUNSHINE  MM
  AVERAGE SKY COVER 0.3


WEATHER CONDITIONS
 THE FOLLOWING WEATHER WAS RECORDED YESTERDAY.
  FOG
  FOG W/VISIBILITY <= 1/4 MILE


RELATIVE HUMIDITY (PERCENT)
 HIGHEST   100           200 AM
 LOWEST     47           400 PM
 AVERAGE    74

..........................................................


THE JUNEAU CLIMATE NORMALS FOR TODAY
                         NORMAL    RECORD    YEAR
 MAXIMUM TEMPERATURE (F)   64        82      1976
 MINIMUM TEMPERATURE (F)   51        39      1973


SUNRISE AND SUNSET
AUGUST  1 2014........SUNRISE   450 AM AKDT  SUNSET   918 PM AKDT
AUGUST  2 2014........SUNRISE   452 AM AKDT  SUNSET   916 PM AKDT


-  INDICATES NEGATIVE NUMBERS.
R  INDICATES RECORD WAS SET OR TIED.
MM INDICATES DATA IS MISSING.
T  INDICATES TRACE AMOUNT.


$$


&&
----------------------------
AMOUNT OF DAYLIGHT TODAY  (HOUR:MIN)........16:28
GAIN/LOSS SINCE YESTERDAY (HOUR:MIN:SEC)....-0:04:22





U.S. Dept. of Commerce
NOAA National Weather Service
1325 East West Highway
Silver Spring, MD 20910
E-mail: w-nws.webmaster@noaa.gov
Page last modified: May 16, 2007
NATIONAL WEATHER SERVICE: for Safety, for Work, for Fun - FOR LIFE