755
CDAK47 PAJK 010047
CLIJNU
AKZ025-011200-
CLIMATE REPORT
NATIONAL WEATHER SERVICE JUNEAU, AK
446 PM AKDT FRI OCT 31 2014


...................................

...THE JUNEAU CLIMATE SUMMARY FOR OCTOBER 31 2014...
VALID TODAY AS OF 0300 PM LOCAL TIME.

CLIMATE NORMAL PERIOD 1981 TO 2010
CLIMATE RECORD PERIOD 1943 TO 2014


WEATHER ITEM   OBSERVED TIME   RECORD YEAR NORMAL DEPARTURE LAST
                VALUE   (LST)  VALUE       VALUE  FROM      YEAR
                                                  NORMAL
..................................................................
TEMPERATURE (F)
 TODAY
  MAXIMUM         42    225 PM  54    1970  42      0       46
  MINIMUM         40   1209 AM  15    1984  33      7       41
  AVERAGE         41                        37      4       44

PRECIPITATION (IN)
  TODAY            0.28          0.98 1969   0.24   0.04     0.03
  MONTH TO DATE    7.34                      8.63  -1.29    10.19
  SINCE SEP 1     16.65                     17.27  -0.62    17.72
  SINCE JAN 1     60.84                     50.44  10.40    58.63

SNOWFALL (IN)
  TODAY            0.0           4.5  1975   0.1   -0.1      0.0
  MONTH TO DATE    0.0                       0.8   -0.8       T
  SINCE SEP 1      T                         0.8   -0.8       T
  SINCE JUL 1      T                         0.8   -0.8       T

DEGREE DAYS
 HEATING
  TODAY           24                        28     -4       21
  MONTH TO DATE  648                       700    -52      621
  SINCE SEP 1   1039                      1150   -111     1008
  SINCE JUL 1   1515                      1685   -170     1443

 COOLING
  TODAY            0                         0      0        0
  MONTH TO DATE    0                         0      0        0
  SINCE SEP 1      0                         0      0        0
  SINCE JAN 1      0                         2     -2        9
..................................................................


WIND (MPH)
  HIGHEST WIND SPEED    24   HIGHEST WIND DIRECTION     E (110)
  HIGHEST GUST SPEED    30   HIGHEST GUST DIRECTION     E (110)
  AVERAGE WIND SPEED    16.6


SKY COVER
  POSSIBLE SUNSHINE  MM
  AVERAGE SKY COVER 1.0


WEATHER CONDITIONS
 THE FOLLOWING WEATHER WAS RECORDED TODAY.
  RAIN
  LIGHT RAIN
  FOG


RELATIVE HUMIDITY (PERCENT)
 HIGHEST    93          1200 AM
 LOWEST     82           600 AM
 AVERAGE    88

..........................................................


THE JUNEAU CLIMATE NORMALS FOR TOMORROW
                         NORMAL    RECORD    YEAR
 MAXIMUM TEMPERATURE (F)   42        53      1949
 MINIMUM TEMPERATURE (F)   32        16      1991


SUNRISE AND SUNSET
OCTOBER 31 2014.......SUNRISE   812 AM AKDT  SUNSET   511 PM AKDT
NOVEMBER  1 2014......SUNRISE   814 AM AKDT  SUNSET   509 PM AKDT


-  INDICATES NEGATIVE NUMBERS.
R  INDICATES RECORD WAS SET OR TIED.
MM INDICATES DATA IS MISSING.
T  INDICATES TRACE AMOUNT.




$$


&&
----------------------------
AMOUNT OF DAYLIGHT TODAY  (HOUR:MIN)........ 8:59
GAIN/LOSS SINCE YESTERDAY (HOUR:MIN:SEC)....-0:04:48





U.S. Dept. of Commerce
NOAA National Weather Service
1325 East West Highway
Silver Spring, MD 20910
E-mail: w-nws.webmaster@noaa.gov
Page last modified: May 16, 2007
NATIONAL WEATHER SERVICE: for Safety, for Work, for Fun - FOR LIFE