112
CDAK47 PAJK 230058
CLIJNU
AKZ025-231200-
CLIMATE REPORT
NATIONAL WEATHER SERVICE JUNEAU, AK
456 PM AKDT TUE APR 22 2014


...................................

...THE JUNEAU CLIMATE SUMMARY FOR APRIL 22 2014...
VALID TODAY AS OF 0300 PM LOCAL TIME.

CLIMATE NORMAL PERIOD 1981 TO 2010
CLIMATE RECORD PERIOD 1943 TO 2014


WEATHER ITEM   OBSERVED TIME   RECORD YEAR NORMAL DEPARTURE LAST
                VALUE   (LST)  VALUE       VALUE  FROM      YEAR
                                                  NORMAL
..................................................................
TEMPERATURE (F)
 TODAY
  MAXIMUM         55    259 PM  64    1979  50      5       40
  MINIMUM         30    433 AM  25    1954  35     -5       33
  AVERAGE         43                        42      1       37

PRECIPITATION (IN)
  TODAY            0.00          1.11 1999   0.09  -0.09     0.15
  MONTH TO DATE    2.25                      2.16   0.09     2.73
  SINCE MAR 1      5.70                      5.94  -0.24     5.09
  SINCE JAN 1     17.83                     15.42   2.41    19.40

SNOWFALL (IN)
  TODAY            0.0           0.3  1986   0.0    0.0      0.0
  MONTH TO DATE    0.3                       1.0   -0.7      6.0
  SINCE MAR 1      6.3                      12.6   -6.3     15.4
  SINCE JUL 1     97.1                      86.6   10.5     78.8

DEGREE DAYS
 HEATING
  TODAY           22                        23     -1       28
  MONTH TO DATE  549                       556     -7      624
  SINCE MAR 1   1581                      1523     58     1710
  SINCE JUL 1   7222                      7360   -138     7781

 COOLING
  TODAY            0                         0      0        0
  MONTH TO DATE    0                         0      0        0
  SINCE MAR 1      0                         0      0        0
  SINCE JAN 1      0                         0      0        0
..................................................................


WIND (MPH)
  HIGHEST WIND SPEED    15   HIGHEST WIND DIRECTION    SW (240)
  HIGHEST GUST SPEED    18   HIGHEST GUST DIRECTION    SW (230)
  AVERAGE WIND SPEED     6.4


SKY COVER
  AVERAGE SKY COVER 0.5


WEATHER CONDITIONS
 THE FOLLOWING WEATHER WAS RECORDED TODAY.
  HAZE


RELATIVE HUMIDITY (PERCENT)
 HIGHEST    92           200 AM
 LOWEST     46           200 PM
 AVERAGE    69

..........................................................


THE JUNEAU CLIMATE NORMALS FOR TOMORROW
                         NORMAL    RECORD    YEAR
 MAXIMUM TEMPERATURE (F)   51        65      2005
                                             1994
 MINIMUM TEMPERATURE (F)   35        25      1954


SUNRISE AND SUNSET
APRIL 22 2014.........SUNRISE   527 AM AKDT  SUNSET   828 PM AKDT
APRIL 23 2014.........SUNRISE   524 AM AKDT  SUNSET   830 PM AKDT


-  INDICATES NEGATIVE NUMBERS.
R  INDICATES RECORD WAS SET OR TIED.
MM INDICATES DATA IS MISSING.
T  INDICATES TRACE AMOUNT.




$$


&&
----------------------------
AMOUNT OF DAYLIGHT TODAY  (HOUR:MIN)........15:01
GAIN/LOSS SINCE YESTERDAY (HOUR:MIN:SEC)....+0:04:57





U.S. Dept. of Commerce
NOAA National Weather Service
1325 East West Highway
Silver Spring, MD 20910
E-mail: w-nws.webmaster@noaa.gov
Page last modified: May 16, 2007
NATIONAL WEATHER SERVICE: for Safety, for Work, for Fun - FOR LIFE